000
CXUS54 KMEG 010900
CF6JBR
PRELIMINARY LOCAL CLIMATOLOGICAL DATA (WS FORM: F-6)
STATION: JONESBORO
MONTH: SEPTEMBER
YEAR: 2021
LATITUDE: 35 49 N
LONGITUDE: 90 39 W
TEMPERATURE IN F: :PCPN: SNOW: WIND :SUNSHINE: SKY :PK WND
================================================================================
1 2 3 4 5 6A 6B 7 8 9 10 11 12 13 14 15 16 17 18
12Z AVG MX 2MIN
DY MAX MIN AVG DEP HDD CDD WTR SNW DPTH SPD SPD DIR MIN PSBL S-S WX SPD DR
================================================================================
1 91 70 81 4 0 16 0.00 M M 7.3 15 20 M M 3 22 360
2 87 67 77 0 0 12 0.00 M M 8.2 14 60 M M 0 8 17 70
3 89 62 76 -1 0 11 0.00 M M 4.4 10 150 M M 0 8 14 140
4 89 65 77 0 0 12 0.00 M M 7.8 17 220 M M 1 24 190
5 83 66 75 -1 0 10 0.42 M M 6.5 15 230 M M 6 1 20 220
6 87 60 74 -2 0 9 0.00 M M 2.4 13 70 M M 0 18 60
7 88 58 73 -3 0 8 0.00 M M 2.3 10 180 M M 0 13 200
8 88 63 76 0 0 11 0.00 M M 8.1 18 20 M M 2 25 20
9 87 60 74 -1 0 9 0.00 M M 6.0 18 10 M M 0 23 20
10 88 56 72 -3 0 7 0.00 M M 3.8 13 240 M M 0 15 240
11 87 60 74 -1 0 9 0.00 M M 7.1 17 220 M M 0 22 220
12 88 61 75 1 0 10 0.00 M M 4.7 15 230 M M 0 19 220
13 92 66 79 5 0 14 0.00 M M 6.8 20 220 M M 2 1 24 210
14 92 69 81 7 0 16 0.00 M M 7.4 22 200 M M 4 8 25 200
15 89 71 80 6 0 15 0.01 M M 6.2 16 50 M M 3 3 20 50
16 89 68 79 6 0 14 0.00 M M 6.7 16 60 M M 6 12 21 60
17 85 69 77 4 0 12 0.06 M M 5.7 13 30 M M 7 18 19 360
18 83 70 77 4 0 12 1.10 M M 5.8 20 50 M M 6 13 26 50
19 83 70 77 5 0 12 0.00 M M 4.6 10 60 M M 6 12 60
20 89 69 79 7 0 14 0.00 M M 6.3 16 150 M M 5 1 21 150
21 80 61 71 -1 0 6 0.22 M M 7.7 17 310 M M 6 13 26 80
22 78 55 67 -4 0 2 0.00 M M 7.8 20 310 M M 1 26 300
23 78 52 65 -6 0 0 0.00 M M 2.9 12 320 M M 0 15 330
24 81 49 65 -6 0 0 0.00 M M 3.8 15 220 M M 0 19 240
25 82 54 68 -2 0 3 0.00 M M 4.7 15 50 M M 0 19 40
26 87 50 69 -1 0 4 0.00 M M 4.5 13 200 M M 0 17 180
27 88 56 72 2 0 7 0.00 M M 6.6 18 230 M M 0 8 23 230
28 90 59 75 6 0 10 0.00 M M 3.7 12 220 M M 1 8 16 190
29 88 64 76 7 0 11 T M M 4.7 10 150 M M 4 1 15 150
30 79 69 74 6 0 9 0.94 M M 6.7 18 130 M M 9 13 23 120
================================================================================
SM 2585 1869 0 285 2.75 M 171.2 M 72
================================================================================
AV 86.2 62.3 5.7 FASTST M M 2 MAX(MPH)
MISC ----> 22 200 # 26 50
================================================================================
NOTES:
# LAST OF SEVERAL OCCURRENCES
COLUMN 17 PEAK WIND IN M.P.H.
PRELIMINARY LOCAL CLIMATOLOGICAL DATA (WS FORM: F-6) , PAGE 2
STATION: JONESBORO
MONTH: SEPTEMBER
YEAR: 2021
LATITUDE: 35 49 N
LONGITUDE: 90 39 W
[TEMPERATURE DATA] [PRECIPITATION DATA] SYMBOLS USED IN COLUMN 16
AVERAGE MONTHLY: 74.2 TOTAL FOR MONTH: 2.75 1 = FOG OR MIST
DPTR FM NORMAL: 1.0 DPTR FM NORMAL: -0.55 2 = FOG REDUCING VISIBILITY
HIGHEST: 92 ON 14,13 GRTST 24HR 1.10 ON 18-18 TO 1/4 MILE OR LESS
LOWEST: 49 ON 24 3 = THUNDER
SNOW, ICE PELLETS, HAIL 4 = ICE PELLETS
TOTAL MONTH: M 5 = HAIL
GRTST 24HR M ON M 6 = FREEZING RAIN OR DRIZZLE
GRTST DEPTH: M ON M 7 = DUSTSTORM OR SANDSTORM:
VSBY 1/2 MILE OR LESS
8 = SMOKE OR HAZE
[NO. OF DAYS WITH] [WEATHER - DAYS WITH] 9 = BLOWING SNOW
X = TORNADO
MAX 32 OR BELOW: 0 0.01 INCH OR MORE: 6
MAX 90 OR ABOVE: 4 0.10 INCH OR MORE: 4
MIN 32 OR BELOW: 0 0.50 INCH OR MORE: 2
MIN 0 OR BELOW: 0 1.00 INCH OR MORE: 1
[HDD (BASE 65) ]
TOTAL THIS MO. 0 CLEAR (SCALE 0-3) 20
DPTR FM NORMAL -13 PTCLDY (SCALE 4-7) 9
TOTAL FM JUL 1 0 CLOUDY (SCALE 8-10) 1
DPTR FM NORMAL -11
[CDD (BASE 65) ]
TOTAL THIS MO. 285
DPTR FM NORMAL 25 [PRESSURE DATA]
TOTAL FM JAN 1 1898 HIGHEST SLP 30.20 ON 22
DPTR FM NORMAL -22 LOWEST SLP 29.73 ON 1
[REMARKS]
#FINAL-09-21#