000
CXUS55 KGGW 010910
CF6JDN
PRELIMINARY LOCAL CLIMATOLOGICAL DATA (WS FORM: F-6)
STATION: JORDAN ASOS MT
MONTH: FEBRUARY
YEAR: 2022
LATITUDE: 47 19 N
LONGITUDE: 106 50 W
TEMPERATURE IN F: :PCPN: SNOW: WIND :SUNSHINE: SKY :PK WND
================================================================================
1 2 3 4 5 6A 6B 7 8 9 10 11 12 13 14 15 16 17 18
12Z AVG MX 2MIN
DY MAX MIN AVG DEP HDD CDD WTR SNW DPTH SPD SPD DIR MIN PSBL S-S WX SPD DR
================================================================================
1 12 2 7 -12 58 0 0.01 M M 12.7 31 320 M M 0 40 320
2 7 -9 -1 -20 66 0 0.01 M M 6.4 16 360 M M 0 M M
3 29 -3 13 -6 52 0 0.00 M M 8.4 15 360 M M 0 M M
4 46 3 25 5 40 0 0.00 M M 7.8 13 220 M M 0 31 280
5 50 25 38 18 27 0 0.03 M M 15.6 29 330 M M 0 58 290
6 52 32 42 22 23 0 0.00 M M 11.1 20 280 M M 0 31 270
7 59 32 46 26 19 0 0.00 M M 11.6 23 320 M M 0 37 320
8 50 28 39 19 26 0 0.00 M M 11.3 23 290 M M 0 32 290
9 53 30 42 21 23 0 0.00 M M 10.7 28 320 M M 0 34 320
10 62 39 51 30 14 0 0.01 M M 18.6 33 340 M M 0 43 350
11 39 24 32 11 33 0 0.00 M M 16.7 31 340 M M 0 41 310
12 43 23 33 12 32 0 0.00 M M 10.6 26 340 M M 0 35 320
13 53 25 39 17 26 0 0.00 M M 9.5 24 310 M M 0 31 310
14 49 29 39 17 26 0 0.00 M M 9.7 18 110 M M 0 23 120
15 36 26 31 9 34 0 0.03 M M 10.2 25 320 M M 0 31 320
16 30 11 21 -1 44 0 0.05 M M 7.8 17 10 M M 0 24 40
17 44 14 29 6 36 0 0.00 M M 11.6 29 280 M M 0 46 300
18 41 18 30 7 35 0 0.01 M M 11.8 28 350 M M 0 39 350
19 60 19 40 17 25 0 0.00 M M 13.7 30 280 M M 0 48 290
20 46 3 25 1 40 0 0.09 M M 12.7 24 290 M M 0 34 280
21 3 -3 0 -24 65 0 0.14 M M 12.0 18 50 M M 0 23 50
22 1 -23 -11 -35 76 0 0.00 M M 3.3 10 350 M M 0 12 80
23 4 -26 -11 -36 76 0 0.00 M M 5.1 14 140 M M 0 17 130
24 13 -17 -2 -27 67 0 0.00 M M 2.6 10 280 M M 0 12 280
25 30 -14 8 -18 57 0 0.00 M M 7.1 17 260 M M 0 21 260
26 42 9 26 0 39 0 0.00 M M 10.0 20 270 M M 0 25 270
27 51 18 35 9 30 0 0.00 M M 8.0 17 250 M M 0 26 240
28 58 33 46 19 19 0 0.00 M M 6.4 17 330 M M 0 25 260
================================================================================
SM 1063 348 1108 0 0.38 M 283.1 M 0
================================================================================
AV 38.0 12.4 10.1 FASTST M M 0 MAX(MPH)
MISC ----> 33 340 58 290
================================================================================
NOTES:
# LAST OF SEVERAL OCCURRENCES
COLUMN 17 PEAK WIND IN M.P.H.
PRELIMINARY LOCAL CLIMATOLOGICAL DATA (WS FORM: F-6) , PAGE 2
STATION: JORDAN ASOS MT
MONTH: FEBRUARY
YEAR: 2022
LATITUDE: 47 19 N
LONGITUDE: 106 50 W
[TEMPERATURE DATA] [PRECIPITATION DATA] SYMBOLS USED IN COLUMN 16
AVERAGE MONTHLY: 25.2 TOTAL FOR MONTH: 0.38 1 = FOG OR MIST
DPTR FM NORMAL: 2.8 DPTR FM NORMAL: -0.05 2 = FOG REDUCING VISIBILITY
HIGHEST: 62 ON 10 GRTST 24HR 0.14 ON 20-21 TO 1/4 MILE OR LESS
LOWEST: -26 ON 23 3 = THUNDER
SNOW, ICE PELLETS, HAIL 4 = ICE PELLETS
TOTAL MONTH: M 5 = HAIL
GRTST 24HR M ON M 6 = FREEZING RAIN OR DRIZZLE
GRTST DEPTH: M ON M 7 = DUSTSTORM OR SANDSTORM:
VSBY 1/2 MILE OR LESS
8 = SMOKE OR HAZE
[NO. OF DAYS WITH] [WEATHER - DAYS WITH] 9 = BLOWING SNOW
X = TORNADO
MAX 32 OR BELOW: 9 0.01 INCH OR MORE: 9
MAX 90 OR ABOVE: 0 0.10 INCH OR MORE: 1
MIN 32 OR BELOW: 26 0.50 INCH OR MORE: 0
MIN 0 OR BELOW: 7 1.00 INCH OR MORE: 0
[HDD (BASE 65) ]
TOTAL THIS MO. 1108 CLEAR (SCALE 0-3) 28
DPTR FM NORMAL -86 PTCLDY (SCALE 4-7) 0
TOTAL FM JUL 1 5196 CLOUDY (SCALE 8-10) 0
DPTR FM NORMAL -757
[CDD (BASE 65) ]
TOTAL THIS MO. 0
DPTR FM NORMAL 0 [PRESSURE DATA]
TOTAL FM JAN 1 0 HIGHEST SLP M ON M
DPTR FM NORMAL 0 LOWEST SLP 29.47 ON 19
[REMARKS]
#FINAL-02-22#