000
CXUS55 KBOI 011002
CF6JER
PRELIMINARY LOCAL CLIMATOLOGICAL DATA (WS FORM: F-6)
STATION: JEROME ID
MONTH: MAY
YEAR: 2023
LATITUDE: 42 43 N
LONGITUDE: 114 27 W
TEMPERATURE IN F: :PCPN: SNOW: WIND :SUNSHINE: SKY :PK WND
================================================================================
1 2 3 4 5 6A 6B 7 8 9 10 11 12 13 14 15 16 17 18
12Z AVG MX 2MIN
DY MAX MIN AVG DEP HDD CDD WTR SNW DPTH SPD SPD DIR MIN PSBL S-S WX SPD DR
================================================================================
1 86 56 71 19 0 6 0.00 M M 17.8 28 160 M M 0 37 140
2 78 55 67 15 0 2 0.00 M M 13.2 25 120 M M 0 31 120
3 79 50 65 12 0 0 0.00 M M 14.7 30 170 M M 0 42 180
4 64 45 55 2 10 0 0.07 M M 13.3 28 160 M M 5 38 35 180
5 61 43 52 -2 13 0 0.10 M M 11.1 23 180 M M 9 3 32 180
6 58 43 51 -3 14 0 T M M 8.6 24 190 M M 6 36 200
7 58 39 49 -5 16 0 0.05 M M 8.1 22 310 M M 6 12 30 300
8 57 36 47 -7 18 0 0.05 M M 12.3 23 100 M M 4 28 120
9 57 36 47 -8 18 0 0.07 M M 7.5 23 280 M M 3 13 30 270
10 66 39 53 -2 12 0 0.00 M M 6.5 16 270 M M 1 24 290
11 69 41 55 -1 10 0 0.00 M M 9.1 18 290 M M 1 23 300
12 74 42 58 2 7 0 T M M 5.0 17 60 M M 2 22 70
13 74 46 60 4 5 0 T M M 16.7 30 80 M M 4 8 41 80
14 72 53 63 7 2 0 T M M 19.1 29 70 M M 6 40 60
15 79 50 65 8 0 0 0.02 M M 10.0 21 320 M M 2 31 180
16 79 48 64 7 1 0 0.00 M M 7.9 22 170 M M 0 30 170
17 75 48 62 5 3 0 T M M 6.2 17 320 M M 1 23 330
18 79 48 64 6 1 0 0.00 M M 6.3 17 60 M M 0 23 60
19 84 53 69 11 0 4 T M M 10.6 20 90 M M 0 8 25 80
20 86 53 70 12 0 5 T M M 9.2 21 30 M M 0 24 40
21 87 55 71 13 0 6 T M M 10.4 28 270 M M 0 3 37 260
22 77 54 66 7 0 1 T M M 11.8 25 270 M M 1 32 260
23 73 51 62 3 3 0 T M M 5.0 16 150 M M 4 3 20 160
24 70 48 59 0 6 0 0.27 M M 7.7 23 240 M M 5 1 32 220
25 73 47 60 0 5 0 0.03 M M 7.4 30 260 M M 2 3 38 260
26 71 47 59 -1 6 0 T M M 8.6 21 230 M M 2 3 28 190
27 71 50 61 1 4 0 T M M 9.6 29 250 M M 5 39 250
28 74 47 61 1 4 0 0.00 M M 7.7 16 280 M M 1 22 230
29 78 48 63 3 2 0 0.00 M M 6.8 22 190 M M 0 32 190
30 81 50 66 5 0 1 T M M 8.5 28 230 M M 2 3 37 230
31 80 52 66 5 0 1 0.00 M M 9.9 33 270 M M 0 8 44 270
================================================================================
SM 2270 1473 160 26 0.66 M 306.6 M 72
================================================================================
AV 73.2 47.5 9.9 FASTST M M 2 MAX(MPH)
MISC ----> 33 270 44 270
================================================================================
NOTES:
# LAST OF SEVERAL OCCURRENCES
COLUMN 17 PEAK WIND IN M.P.H.
PRELIMINARY LOCAL CLIMATOLOGICAL DATA (WS FORM: F-6) , PAGE 2
STATION: JEROME ID
MONTH: MAY
YEAR: 2023
LATITUDE: 42 43 N
LONGITUDE: 114 27 W
[TEMPERATURE DATA] [PRECIPITATION DATA] SYMBOLS USED IN COLUMN 16
AVERAGE MONTHLY: 60.4 TOTAL FOR MONTH: 0.66 1 = FOG OR MIST
DPTR FM NORMAL: 3.6 DPTR FM NORMAL: -0.78 2 = FOG REDUCING VISIBILITY
HIGHEST: 87 ON 21 GRTST 24HR 0.29 ON 24-25 TO 1/4 MILE OR LESS
LOWEST: 36 ON 9, 8 3 = THUNDER
SNOW, ICE PELLETS, HAIL 4 = ICE PELLETS
TOTAL MONTH: M 5 = HAIL
GRTST 24HR M ON M 6 = FREEZING RAIN OR DRIZZLE
GRTST DEPTH: M ON M 7 = DUSTSTORM OR SANDSTORM:
VSBY 1/2 MILE OR LESS
8 = SMOKE OR HAZE
[NO. OF DAYS WITH] [WEATHER - DAYS WITH] 9 = BLOWING SNOW
X = TORNADO
MAX 32 OR BELOW: 0 0.01 INCH OR MORE: 8
MAX 90 OR ABOVE: 0 0.10 INCH OR MORE: 2
MIN 32 OR BELOW: 0 0.50 INCH OR MORE: 0
MIN 0 OR BELOW: 0 1.00 INCH OR MORE: 0
[HDD (BASE 65) ]
TOTAL THIS MO. 160 CLEAR (SCALE 0-3) 20
DPTR FM NORMAL -112 PTCLDY (SCALE 4-7) 10
TOTAL FM JUL 1 6538 CLOUDY (SCALE 8-10) 1
DPTR FM NORMAL 553
[CDD (BASE 65) ]
TOTAL THIS MO. 26
DPTR FM NORMAL 6 [PRESSURE DATA]
TOTAL FM JAN 1 29 HIGHEST SLP 30.22 ON 15
DPTR FM NORMAL 8 LOWEST SLP 29.40 ON 1
[REMARKS]
#FINAL-05-23#