000
CXUS55 KBOI 011002
CF6JER
PRELIMINARY LOCAL CLIMATOLOGICAL DATA (WS FORM: F-6)
STATION: JEROME ID
MONTH: DECEMBER
YEAR: 2021
LATITUDE: 42 43 N
LONGITUDE: 114 27 W
TEMPERATURE IN F: :PCPN: SNOW: WIND :SUNSHINE: SKY :PK WND
================================================================================
1 2 3 4 5 6A 6B 7 8 9 10 11 12 13 14 15 16 17 18
12Z AVG MX 2MIN
DY MAX MIN AVG DEP HDD CDD WTR SNW DPTH SPD SPD DIR MIN PSBL S-S WX SPD DR
================================================================================
1 57 32 45 13 20 0 0.00 M M 6.4 16 80 M M 0 19 70
2 58 34 46 14 19 0 0.00 M M 9.7 18 70 M M 0 24 60
3 54 33 44 12 21 0 0.00 M M 3.5 15 70 M M 0 18 70
4 55 31 43 12 22 0 0.00 M M 8.4 17 110 M M 0 21 110
5 48 30 39 8 26 0 0.00 M M 20.6 36 260 M M 0 46 260
6 39 28 34 3 31 0 T M M 5.1 13 270 M M 7 17 270
7 46 31 39 9 26 0 0.00 M M 6.2 16 270 M M 6 1 19 290
8 44 28 36 6 29 0 T M M 10.8 18 260 M M 5 126 24 260
9 36 23 30 0 35 0 0.00 M M 17.5 32 280 M M 4 42 270
10 35 21 28 -2 37 0 T M M 15.0 28 280 M M 4 1 36 270
11 41 25 33 3 32 0 0.00 M M 8.3 16 200 M M 7 22 190
12 46 32 39 10 26 0 0.05 M M 8.7 17 180 M M 10 1 25 190
13 50 37 44 15 21 0 0.01 M M 13.3 32 170 M M 9 43 160
14 48 25 37 8 28 0 0.03 M M 19.3 33 180 M M 6 12 58 180
15 30 20 25 -4 40 0 T M M 14.3 29 270 M M 5 1 39 280
16 31 26 29 0 36 0 0.21 M M 6.4 17 260 M M 9 1 21 250
17 33 19 26 -3 39 0 0.00 M M 14.1 25 270 M M 5 32 260
18 29 13 21 -7 44 0 0.00 M M 18.8 23 60 M M 5 1 29 50
19 33 19 26 -2 39 0 T M M 19.6 24 60 M M 3 31 50
20 46 25 36 8 29 0 0.00 M M 7.6 17 70 M M 1 8 22 70
21 40 21 31 3 34 0 0.00 M M 9.6 18 60 M M 0 22 60
22 38 23 31 3 34 0 T M M 12.3 20 70 M M 6 24 70
23 43 31 37 9 28 0 0.24 M M 9.0 18 240 M M 9 1 27 200
24 40 29 35 7 30 0 0.05 M M 10.3 30 250 M M 10 128 40 250
25 36 29 33 5 32 0 0.11 M M 9.7 25 250 M M 10 1 32 240
26 37 24 31 3 34 0 0.03 M M 17.0 39 270 M M 8 128 47 270
27 30 13 22 -6 43 0 0.16 M M 9.0 24 210 M M 10 1 34 200
28 19 13 16 -12 49 0 T M M 6.9 14 250 M M 8 18 17 260
29 27 18 23 -5 42 0 0.05 M M 9.1 17 260 M M 10 12 22 260
30 28 13 21 -7 44 0 0.10 M M 5.7 14 240 M M 9 128 17 250
31 26 12 19 -9 46 0 0.01 M M 14.6 25 270 M M 5 128 33 270
================================================================================
SM 1223 758 1016 0 1.05 M 346.8 M 171
================================================================================
AV 39.5 24.5 11.2 FASTST M M 6 MAX(MPH)
MISC ----> 39 270 58 180
================================================================================
NOTES:
# LAST OF SEVERAL OCCURRENCES
COLUMN 17 PEAK WIND IN M.P.H.
PRELIMINARY LOCAL CLIMATOLOGICAL DATA (WS FORM: F-6) , PAGE 2
STATION: JEROME ID
MONTH: DECEMBER
YEAR: 2021
LATITUDE: 42 43 N
LONGITUDE: 114 27 W
[TEMPERATURE DATA] [PRECIPITATION DATA] SYMBOLS USED IN COLUMN 16
AVERAGE MONTHLY: 32.0 TOTAL FOR MONTH: 1.05 1 = FOG OR MIST
DPTR FM NORMAL: 2.7 DPTR FM NORMAL: -0.26 2 = FOG REDUCING VISIBILITY
HIGHEST: 58 ON 2 GRTST 24HR 0.26 ON 23-24 TO 1/4 MILE OR LESS
LOWEST: 12 ON 31 3 = THUNDER
SNOW, ICE PELLETS, HAIL 4 = ICE PELLETS
TOTAL MONTH: M 5 = HAIL
GRTST 24HR M ON M 6 = FREEZING RAIN OR DRIZZLE
GRTST DEPTH: M ON M 7 = DUSTSTORM OR SANDSTORM:
VSBY 1/2 MILE OR LESS
8 = SMOKE OR HAZE
[NO. OF DAYS WITH] [WEATHER - DAYS WITH] 9 = BLOWING SNOW
X = TORNADO
MAX 32 OR BELOW: 8 0.01 INCH OR MORE: 12
MAX 90 OR ABOVE: 0 0.10 INCH OR MORE: 5
MIN 32 OR BELOW: 28 0.50 INCH OR MORE: 0
MIN 0 OR BELOW: 0 1.00 INCH OR MORE: 0
[HDD (BASE 65) ]
TOTAL THIS MO. 1016 CLEAR (SCALE 0-3) 8
DPTR FM NORMAL -92 PTCLDY (SCALE 4-7) 13
TOTAL FM JUL 1 2188 CLOUDY (SCALE 8-10) 10
DPTR FM NORMAL -308
[CDD (BASE 65) ]
TOTAL THIS MO. 0
DPTR FM NORMAL 0 [PRESSURE DATA]
TOTAL FM JAN 1 990 HIGHEST SLP 30.47 ON 18
DPTR FM NORMAL 275 LOWEST SLP 29.38 ON 26
[REMARKS]
#FINAL-12-21#