000
CXUS51 KOKX 010910
CF6JFK
PRELIMINARY LOCAL CLIMATOLOGICAL DATA (WS FORM: F-6)
STATION: KENNEDY NY
MONTH: OCTOBER
YEAR: 2023
LATITUDE: 40 39 N
LONGITUDE: 73 47 W
TEMPERATURE IN F: :PCPN: SNOW: WIND :SUNSHINE: SKY :PK WND
================================================================================
1 2 3 4 5 6A 6B 7 8 9 10 11 12 13 14 15 16 17 18
12Z AVG MX 2MIN
DY MAX MIN AVG DEP HDD CDD WTR SNW DPTH SPD SPD DIR MIN PSBL S-S WX SPD DR
================================================================================
1 77 59 68 5 0 3 0.00 0.0 0 10.5 18 30 M M 3 22 20
2 78 61 70 8 0 5 0.00 0.0 0 8.1 17 30 M M 2 22 30
3 75 56 66 4 0 1 0.00 0.0 0 5.7 13 200 M M 2 14 190
4 78 61 70 8 0 5 0.00 0.0 0 6.0 12 180 M M 1 18 13 240
5 74 57 66 5 0 1 0.00 0.0 0 6.1 14 130 M M 4 12 17 140
6 72 64 68 7 0 3 T 0.0 0 8.1 14 90 M M 10 12 17 90
7 67 54 61 0 4 0 1.88 0.0 0 12.7 24 300 M M 9 1 33 300
8 61 50 56 -4 9 0 0.00 0.0 0 18.2 24 270 M M 5 32 270
9 62 49 56 -4 9 0 T 0.0 0 13.4 21 250 M M 4 25 250
10 64 51 58 -1 7 0 0.00 0.0 0 6.6 16 250 M M 7 19 240
11 69 51 60 1 5 0 0.00 0.0 0 4.6 14 240 M M 5 17 230
12 68 51 60 1 5 0 0.00 0.0 0 4.9 12 350 M M 3 12 14 350
13 65 50 58 0 7 0 0.00 0.0 0 7.9 18 330 M M 3 23 320
14 55 50 53 -5 12 0 0.80 0.0 0 8.3 16 30 M M 9 1 19 40
15 62 50 56 -2 9 0 0.01 0.0 0 15.3 26 360 M M 7 33 350
16 66 47 57 0 8 0 T 0.0 0 10.8 20 330 M M 4 8 25 330
17 65 49 57 0 8 0 0.00 0.0 0 5.3 13 350 M M 7 16 360
18 65 50 58 2 7 0 0.00 0.0 0 4.9 10 200 M M 7 12 220
19 64 50 57 1 8 0 0.00 0.0 0 10.4 21 180 M M 5 24 170
20 64 60 62 6 3 0 0.67 0.0 0 12.0 23 170 M M 9 1 29 180
21 66 57 62 7 3 0 0.12 0.0 0 13.6 29 300 M M 8 1 38 300
22 61 47 54 -1 11 0 0.00 0.0 0 19.6 32 320 M M 7 40 320
23 62 44 53 -2 12 0 0.00 0.0 0 12.0 24 310 M M 2 31 320
24 63 43 53 -1 12 0 0.00 0.0 M 7.7 15 230 M M 3 19 240
25 70 49 60 6 5 0 0.00 0.0 0 9.2 17 230 M M 5 19 230
26 74 52 63 9 2 0 0.00 0.0 0 6.8 12 240 M M 6 16 150
27 71 55 63 10 2 0 0.00 0.0 0 8.3 14 250 M M 6 18 230
28 81 58 70 17 0 5 0.00 0.0 0 10.1 17 360 M M 3 21 280
29 64 52 58 6 7 0 0.17 0.0 0 10.2 17 60 M M 10 1 21 30
30 62 50 56 4 9 0 0.40 0.0 0 10.4 24 310 M M 10 12 30 310
31 53 45 49 -3 16 0 0.00 0.0 0 8.9 18 330 M M 8 23 320
================================================================================
SM 2078 1622 180 23 4.05 0.0 296.6 M 174
================================================================================
AV 67.0 52.3 9.6 FASTST M M 6 MAX(MPH)
MISC ----> 32 320 40 320
================================================================================
NOTES:
# LAST OF SEVERAL OCCURRENCES
COLUMN 17 PEAK WIND IN M.P.H.
PRELIMINARY LOCAL CLIMATOLOGICAL DATA (WS FORM: F-6) , PAGE 2
STATION: KENNEDY NY
MONTH: OCTOBER
YEAR: 2023
LATITUDE: 40 39 N
LONGITUDE: 73 47 W
[TEMPERATURE DATA] [PRECIPITATION DATA] SYMBOLS USED IN COLUMN 16
AVERAGE MONTHLY: 59.7 TOTAL FOR MONTH: 4.05 1 = FOG OR MIST
DPTR FM NORMAL: 2.5 DPTR FM NORMAL: 0.33 2 = FOG REDUCING VISIBILITY
HIGHEST: 81 ON 28 GRTST 24HR 1.88 ON 7- 7 TO 1/4 MILE OR LESS
LOWEST: 43 ON 24 3 = THUNDER
SNOW, ICE PELLETS, HAIL 4 = ICE PELLETS
TOTAL MONTH: 0.0 INCH 5 = HAIL
GRTST 24HR 0.0 6 = FREEZING RAIN OR DRIZZLE
GRTST DEPTH: 0 7 = DUSTSTORM OR SANDSTORM:
VSBY 1/2 MILE OR LESS
8 = SMOKE OR HAZE
[NO. OF DAYS WITH] [WEATHER - DAYS WITH] 9 = BLOWING SNOW
X = TORNADO
MAX 32 OR BELOW: 0 0.01 INCH OR MORE: 7
MAX 90 OR ABOVE: 0 0.10 INCH OR MORE: 6
MIN 32 OR BELOW: 0 0.50 INCH OR MORE: 3
MIN 0 OR BELOW: 0 1.00 INCH OR MORE: 1
[HDD (BASE 65) ]
TOTAL THIS MO. 180 CLEAR (SCALE 0-3) 5
DPTR FM NORMAL -75 PTCLDY (SCALE 4-7) 19
TOTAL FM JUL 1 217 CLOUDY (SCALE 8-10) 7
DPTR FM NORMAL -72
[CDD (BASE 65) ]
TOTAL THIS MO. 23
DPTR FM NORMAL 8 [PRESSURE DATA]
TOTAL FM JAN 1 1058 HIGHEST SLP M ON M
DPTR FM NORMAL 42 LOWEST SLP 29.24 ON 21
[REMARKS]
#FINAL-10-23#