000
CXUS53 KBIS 051858
CF6JMS
PRELIMINARY LOCAL CLIMATOLOGICAL DATA (WS FORM: F-6)
STATION: JAMESTOWN ND
MONTH: MARCH
YEAR: 2023
LATITUDE: 46 55 N
LONGITUDE: 98 40 W
TEMPERATURE IN F: :PCPN: SNOW: WIND :SUNSHINE: SKY :PK WND
================================================================================
1 2 3 4 5 6A 6B 7 8 9 10 11 12 13 14 15 16 17 18
12Z AVG MX 2MIN
DY MAX MIN AVG DEP HDD CDD WTR SNW DPTH SPD SPD DIR MIN PSBL S-S WX SPD DR
================================================================================
1 20 -14 3 -17 62 0 T M M 17.4 33 40 M M 6 18 43 30
2 18 -13 3 -17 62 0 T M M 10.7 22 180 M M 4 26 180
3 37 13 25 5 40 0 0.00 M M 10.8 20 290 M M 1 26 300
4 35 6 21 0 44 0 0.00 M M 7.4 18 250 M M 0 1 23 250
5 31 3 17 -4 48 0 0.18 M M 8.3 22 30 M M 7 128 27 20
6 19 -3 8 -14 57 0 T M M 17.0 26 10 M M 2 1 35 10
7 12 -1 6 -16 59 0 0.16 M M 11.3 17 20 M M 7 1 21 20
8 19 5 12 -11 53 0 0.00 M M 11.6 16 360 M M 10 18 19 360
9 24 16 20 -3 45 0 0.16 M M 13.9 21 40 M M 10 18 25 40
10 29 20 25 1 40 0 T M M 12.9 24 120 M M 10 18 32 110
11 30 11 21 -3 44 0 0.06 M M 14.7 28 120 M M 10 128 38 120
12 21 4 13 -12 52 0 0.00 M M 21.6 31 360 M M 5 18 39 360
13 19 -8 6 -20 59 0 0.00 M M 6.3 15 180 M M 1 8 19 180
14 32 3 18 -8 47 0 0.00 M M 14.9 31 180 M M 3 18 39 180
15 30 10 20 -6 45 0 T M M 14.4 32 20 M M 7 18 38 10
16 28 10 19 -8 46 0 0.00 M M 19.2 29 360 M M 5 18 36 360
17 10 2 6 -22 59 0 0.00 M M 21.2 31 320 M M 9 18 41 330
18 16 0 8 -20 57 0 0.00 M M 15.3 24 330 M M 1 8 32 340
19 30 6 18 -11 47 0 0.00 M M 11.4 21 230 M M 0 28 240
20 22 0 11 -18 54 0 0.00 M M 8.7 14 330 M M 0 17 80
21 24 -1 12 -18 53 0 0.40 M M 10.8 20 60 M M 7 12 24 20
22 28 -3 13 -17 52 0 0.00 M M 11.9 20 310 M M 7 1 25 320
23 29 -5 12 -19 53 0 T M M 7.2 13 190 M M 2 128 17 190
24 32 3 18 -13 47 0 0.00 M M 7.2 16 150 M M 3 128 20 150
25 28 3 16 -16 49 0 0.00 M M 9.5 18 350 M M 6 128 23 350
26 26 -2 12 -20 53 0 0.00 M M 7.0 14 290 M M 2 18 16 300
27 18 -2 8 -24 57 0 T M M 6.9 14 340 M M 7 18 16 340
28 22 -3 10 -23 55 0 0.01 M M 12.4 25 320 M M 4 18 32 320
29 22 -5 9 -25 56 0 0.00 M M 8.8 18 210 M M 0 24 200
30 29 -6 12 -22 53 0 0.00 M M 9.1 20 40 M M 7 24 50
31 30 16 23 -11 42 0 0.00 M M 20.8 32 10 M M 8 8 42 10
================================================================================
SM 770 65 1590 0 0.97 M 380.6 M 151
================================================================================
AV 24.8 2.1 12.3 FASTST M M 5 MAX(MPH)
MISC ----> 33 40 43 30
================================================================================
NOTES:
# LAST OF SEVERAL OCCURRENCES
COLUMN 17 PEAK WIND IN M.P.H.
PRELIMINARY LOCAL CLIMATOLOGICAL DATA (WS FORM: F-6) , PAGE 2
STATION: JAMESTOWN ND
MONTH: MARCH
YEAR: 2023
LATITUDE: 46 55 N
LONGITUDE: 98 40 W
[TEMPERATURE DATA] [PRECIPITATION DATA] SYMBOLS USED IN COLUMN 16
AVERAGE MONTHLY: 13.5 TOTAL FOR MONTH: 0.97 1 = FOG OR MIST
DPTR FM NORMAL: -13.5 DPTR FM NORMAL: 0.28 2 = FOG REDUCING VISIBILITY
HIGHEST: 37 ON 3 GRTST 24HR 0.40 ON 21-21 TO 1/4 MILE OR LESS
LOWEST: -14 ON 1 3 = THUNDER
SNOW, ICE PELLETS, HAIL 4 = ICE PELLETS
TOTAL MONTH: M 5 = HAIL
GRTST 24HR M ON M 6 = FREEZING RAIN OR DRIZZLE
GRTST DEPTH: M ON M 7 = DUSTSTORM OR SANDSTORM:
VSBY 1/2 MILE OR LESS
8 = SMOKE OR HAZE
[NO. OF DAYS WITH] [WEATHER - DAYS WITH] 9 = BLOWING SNOW
X = TORNADO
MAX 32 OR BELOW: 29 0.01 INCH OR MORE: 6
MAX 90 OR ABOVE: 0 0.10 INCH OR MORE: 4
MIN 32 OR BELOW: 31 0.50 INCH OR MORE: 0
MIN 0 OR BELOW: 15 1.00 INCH OR MORE: 0
[HDD (BASE 65) ]
TOTAL THIS MO. 1590 CLEAR (SCALE 0-3) 12
DPTR FM NORMAL 412 PTCLDY (SCALE 4-7) 14
TOTAL FM JUL 1 8302 CLOUDY (SCALE 8-10) 5
DPTR FM NORMAL 417
[CDD (BASE 65) ]
TOTAL THIS MO. 0
DPTR FM NORMAL 0 [PRESSURE DATA]
TOTAL FM JAN 1 0 HIGHEST SLP 30.67 ON 7
DPTR FM NORMAL 0 LOWEST SLP 29.58 ON 3
[REMARKS]
#FINAL-03-23#
PRECIPITATION DATA WAS TAKEN FROM COOP SITE LOCATED AT JAMESTOWN STATE HOSPITAL ON 3/5, 3/7, 3/9 AND 3/21