000
CXUS53 KBIS 251414
CF6JMS
PRELIMINARY LOCAL CLIMATOLOGICAL DATA (WS FORM: F-6)
STATION: JAMESTOWN ND
MONTH: SEPTEMBER
YEAR: 2023
LATITUDE: 46 55 N
LONGITUDE: 98 40 W
TEMPERATURE IN F: :PCPN: SNOW: WIND :SUNSHINE: SKY :PK WND
================================================================================
1 2 3 4 5 6A 6B 7 8 9 10 11 12 13 14 15 16 17 18
12Z AVG MX 2MIN
DY MAX MIN AVG DEP HDD CDD WTR SNW DPTH SPD SPD DIR MIN PSBL S-S WX SPD DR
================================================================================
1 90 57 74 10 0 9 0.00 M M 6.0 15 320 M M 0 19 300
2 92 57 75 11 0 10 0.00 M M 6.0 18 180 M M 0 1 25 180
3 92 61 77 14 0 12 0.00 M M 6.2 10 150 M M 0 15 40
4 95 63 79 16 0 14 0.20 M M 7.9 33 270 M M 1 13 45 270
5 67 54 61 -2 4 0 0.43 M M 12.7 24 340 M M 9 138 38 340
6 69 45 57 -5 8 0 0.00 M M 5.2 12 350 M M 1 18 16 340
7 72 44 58 -4 7 0 0.00 M M 7.8 21 190 M M 1 18 26 190
8 76 51 64 2 1 0 0.02 M M 7.0 16 350 M M 1 18 23 350
9 68 48 58 -3 7 0 0.01 M M 4.1 14 10 M M 4 1 20 20
10 74 44 59 -2 6 0 0.00 M M 1.3 9 110 M M 0 1 13 50
11 64 44 54 -6 11 0 0.09 M M 3.8 12 10 M M 5 12 19 50
12 66 39 53 -7 12 0 0.00 M M 5.5 10 120 M M 3 12 16 150
13 75 39 57 -3 8 0 0.00 M M 11.4 22 140 M M 1 31 130
14 78 50 64 5 1 0 0.03 M M 7.4 17 320 M M 2 24 300
15 70 48 59 0 6 0 0.00 M M 9.0 20 320 M M 3 18 29 300
16 66 43 55 -3 10 0 0.00 M M 4.7 13 350 M M 5 18 20 350
17 74 38 56 -2 9 0 0.00 M M 6.8 15 170 M M 1 12 24 190
18 82 51 67 9 0 2 0.00 M M 11.2 24 180 M M 0 30 170
19 89 47 68 11 0 3 0.00 M M 4.1 12 310 M M 0 18 16 300
20 79 49 64 7 1 0 T M M 7.9 17 40 M M 0 8 28 30
21 65 58 62 6 3 0 1.27 M M 9.0 21 300 M M 10 138 27 300
22 67 58 63 7 2 0 0.09 M M 6.8 12 100 M M 10 1 18 110
23 64 57 61 6 4 0 1.31 M M 5.5 13 100 M M 9 1 23 40
24 71 56 64 9 1 0 0.09 M M 3.2 13 60 M M 9 12 19 70
25 69 54 62 8 3 0 T M M 5.6 12 20 M M 9 12 18 350
26 67 54 61 7 4 0 0.00 M M 4.9 10 140 M M 8 12 16 70
27 71 54 63 9 2 0 0.00 M M 11.4 20 130 M M 6 1 26 140
28 76 54 65 12 0 0 0.00 M M 12.4 26 180 M M 2 38 170
29 74 48 61 8 4 0 0.06 M M 6.5 16 320 M M 2 22 320
30 71 44 58 6 7 0 0.00 M M 7.5 18 130 M M 4 12 24 110
================================================================================
SM 2233 1509 121 50 3.60 M 208.8 M 106
================================================================================
AV 74.4 50.3 7.0 FASTST M M 4 MAX(MPH)
MISC ----> 33 270 45 270
================================================================================
NOTES:
# LAST OF SEVERAL OCCURRENCES
COLUMN 17 PEAK WIND IN M.P.H.
PRELIMINARY LOCAL CLIMATOLOGICAL DATA (WS FORM: F-6) , PAGE 2
STATION: JAMESTOWN ND
MONTH: SEPTEMBER
YEAR: 2023
LATITUDE: 46 55 N
LONGITUDE: 98 40 W
[TEMPERATURE DATA] [PRECIPITATION DATA] SYMBOLS USED IN COLUMN 16
AVERAGE MONTHLY: 62.4 TOTAL FOR MONTH: 3.60 1 = FOG OR MIST
DPTR FM NORMAL: 4.0 DPTR FM NORMAL: 1.54 2 = FOG REDUCING VISIBILITY
HIGHEST: 95 ON 4 GRTST 24HR 1.31 ON 23-23 TO 1/4 MILE OR LESS
LOWEST: 38 ON 17 3 = THUNDER
SNOW, ICE PELLETS, HAIL 4 = ICE PELLETS
TOTAL MONTH: M 5 = HAIL
GRTST 24HR M ON M 6 = FREEZING RAIN OR DRIZZLE
GRTST DEPTH: M ON M 7 = DUSTSTORM OR SANDSTORM:
VSBY 1/2 MILE OR LESS
8 = SMOKE OR HAZE
[NO. OF DAYS WITH] [WEATHER - DAYS WITH] 9 = BLOWING SNOW
X = TORNADO
MAX 32 OR BELOW: 0 0.01 INCH OR MORE: 11
MAX 90 OR ABOVE: 4 0.10 INCH OR MORE: 4
MIN 32 OR BELOW: 0 0.50 INCH OR MORE: 2
MIN 0 OR BELOW: 0 1.00 INCH OR MORE: 2
[HDD (BASE 65) ]
TOTAL THIS MO. 121 CLEAR (SCALE 0-3) 17
DPTR FM NORMAL -110 PTCLDY (SCALE 4-7) 6
TOTAL FM JUL 1 175 CLOUDY (SCALE 8-10) 7
DPTR FM NORMAL -121
[CDD (BASE 65) ]
TOTAL THIS MO. 50
DPTR FM NORMAL 17 [PRESSURE DATA]
TOTAL FM JAN 1 604 HIGHEST SLP 30.36 ON 10
DPTR FM NORMAL 185 LOWEST SLP 29.44 ON 4
[REMARKS]
#FINAL-09-23#