000
CXUS51 KCTP 010800
CF6JST
PRELIMINARY LOCAL CLIMATOLOGICAL DATA (WS FORM: F-6)
STATION: JOHNSTOWN
MONTH: SEPTEMBER
YEAR: 2020
LATITUDE: 40 18 N
LONGITUDE: 78 50 W
TEMPERATURE IN F: :PCPN: SNOW: WIND :SUNSHINE: SKY :PK WND
================================================================================
1 2 3 4 5 6A 6B 7 8 9 10 11 12 13 14 15 16 17 18
12Z AVG MX 2MIN
DY MAX MIN AVG DEP HDD CDD WTR SNW DPTH SPD SPD DIR MIN PSBL S-S WX SPD DR
================================================================================
1 70 61 66 1 0 1 T M M 9.1 16 160 M M 10 1 22 160
2 77 66 72 7 0 7 0.37 M M 9.9 18 240 M M 10 1 32 240
3 72 64 68 3 0 3 0.60 M M 5.3 15 240 M M 9 12 21 230
4 73 57 65 1 0 0 T M M 8.8 17 310 M M 5 23 300
5 72 50 61 -3 4 0 0.00 M M 7.9 16 290 M M 0 24 320
6 74 58 66 2 0 1 0.00 M M 7.9 16 260 M M 1 20 260
7 77 59 68 5 0 3 0.00 M M 7.3 15 170 M M 0 19 180
8 82 61 72 9 0 7 0.00 M M 4.2 14 160 M M 1 18 170
9 77 62 70 8 0 5 0.00 M M 5.6 12 170 M M 1 15 160
10 79 63 71 9 0 6 0.00 M M 3.5 12 350 M M 7 16 350
11 72 59 66 4 0 1 0.00 M M 6.0 12 340 M M 8 18 14 360
12 64 55 60 -1 5 0 0.00 M M 9.1 18 160 M M 7 12 26 180
13 69 59 64 3 1 0 0.11 M M 8.0 15 160 M M 9 1 20 160
14 67 48 58 -3 7 0 0.00 M M 8.8 16 340 M M 3 22 340
15 63 42 53 -7 12 0 0.00 M M 4.7 13 160 M M 0 18 170
16 68 45 57 -3 8 0 0.00 M M 6.8 14 170 M M 0 17 170
17 70 54 62 3 3 0 0.00 M M 5.3 9 330 M M 1 1 12 340
18 63 43 53 -6 12 0 0.00 M M 9.8 17 340 M M 7 1 24 350
19 58 36 47 -12 18 0 0.00 M M 4.4 12 80 M M 0 16 40
20 61 37 49 -9 16 0 0.00 M M 4.6 12 90 M M 0 17 90
21 61 39 50 -8 15 0 0.00 M M 5.6 13 100 M M 0 18 80
22 64 37 51 -6 14 0 0.00 M M 6.9 16 300 M M 0 19 300
23 71 49 60 3 5 0 0.00 M M 8.8 17 280 M M 0 23 270
24 70 55 63 6 2 0 0.00 M M 6.3 10 230 M M 0 14 220
25 72 53 63 7 2 0 0.00 M M 3.8 13 160 M M 0 1 16 160
26 68 54 61 5 4 0 0.00 M M 4.6 29 320 M M 7 1 33 320
27 75 55 65 10 0 0 0.00 M M 5.9 12 190 M M 4 16 240
28 73 57 65 10 0 0 0.00 M M 9.1 18 170 M M 5 1 26 160
29 65 48 57 2 8 0 0.93 M M 6.1 21 290 M M 10 12 28 280
30 61 47 54 0 11 0 0.08 M M 13.1 23 240 M M 8 1 32 230
================================================================================
SM 2088 1573 147 34 2.09 M 207.2 M 113
================================================================================
AV 69.6 52.4 6.9 FASTST M M 4 MAX(MPH)
MISC ----> 29 320 33 320
================================================================================
NOTES:
# LAST OF SEVERAL OCCURRENCES
COLUMN 17 PEAK WIND IN M.P.H.
PRELIMINARY LOCAL CLIMATOLOGICAL DATA (WS FORM: F-6) , PAGE 2
STATION: JOHNSTOWN
MONTH: SEPTEMBER
YEAR: 2020
LATITUDE: 40 18 N
LONGITUDE: 78 50 W
[TEMPERATURE DATA] [PRECIPITATION DATA] SYMBOLS USED IN COLUMN 16
AVERAGE MONTHLY: 61.0 TOTAL FOR MONTH: 2.09 1 = FOG OR MIST
DPTR FM NORMAL: 1.2 DPTR FM NORMAL: -1.33 2 = FOG REDUCING VISIBILITY
HIGHEST: 82 ON 8 GRTST 24HR 1.00 ON 29-30 TO 1/4 MILE OR LESS
LOWEST: 36 ON 19 3 = THUNDER
SNOW, ICE PELLETS, HAIL 4 = ICE PELLETS
TOTAL MONTH: M 5 = HAIL
GRTST 24HR M ON M 6 = FREEZING RAIN OR DRIZZLE
GRTST DEPTH: M ON M 7 = DUSTSTORM OR SANDSTORM:
VSBY 1/2 MILE OR LESS
8 = SMOKE OR HAZE
[NO. OF DAYS WITH] [WEATHER - DAYS WITH] 9 = BLOWING SNOW
X = TORNADO
MAX 32 OR BELOW: 0 0.01 INCH OR MORE: 5
MAX 90 OR ABOVE: 0 0.10 INCH OR MORE: 4
MIN 32 OR BELOW: 0 0.50 INCH OR MORE: 2
MIN 0 OR BELOW: 0 1.00 INCH OR MORE: 0
[HDD (BASE 65) ]
TOTAL THIS MO. 147 CLEAR (SCALE 0-3) 16
DPTR FM NORMAL -33 PTCLDY (SCALE 4-7) 8
TOTAL FM JUL 1 150 CLOUDY (SCALE 8-10) 6
DPTR FM NORMAL -72
[CDD (BASE 65) ]
TOTAL THIS MO. 34
DPTR FM NORMAL 9 [PRESSURE DATA]
TOTAL FM JAN 1 641 HIGHEST SLP 30.58 ON 21
DPTR FM NORMAL 256 LOWEST SLP 29.68 ON 30
[REMARKS]
#FINAL-09-20#