000
CXUS54 KFWD 010142
CF6JWY
PRELIMINARY LOCAL CLIMATOLOGICAL DATA (WS FORM: F-6)
STATION: WAXAHACHIE
MONTH: DECEMBER
YEAR: 2020
LATITUDE: 32 27 N
LONGITUDE: 96 54 W
TEMPERATURE IN F: :PCPN: SNOW: WIND :SUNSHINE: SKY :PK WND
================================================================================
1 2 3 4 5 6A 6B 7 8 9 10 11 12 13 14 15 16 17 18
12Z AVG MX 2MIN
DY MAX MIN AVG DEP HDD CDD WTR SNW DPTH SPD SPD DIR MIN PSBL S-S WX SPD DR
================================================================================
1 56 27 42 -7 23 0 0.00 M M 7.9 17 160 M M 0 25 160
2 56 39 48 -1 17 0 0.00 M M 5.7 13 300 M M 5 18 280
3 46 32 39 -10 26 0 0.00 M M 7.2 14 300 M M 8 18 300
4 56 31 44 -4 21 0 0.00 M M 2.8 9 340 M M 1 1 M M
5 63 30 47 -1 18 0 0.00 M M 1.9 6 220 M M 3 M M
6 59 44 52 4 13 0 M M M 7.6 15 340 M M 3 21 320
7 62 37 50 3 15 0 0.00 M M 4.0 9 330 M M 0 16 340
8 71 43 57 10 8 0 0.00 M M 3.8 9 300 M M 1 M M
9 79 41 60 13 5 0 0.00 M M 3.5 9 250 M M 0 10 250
10 77 42 60 13 5 0 0.00 M M 6.9 18 180 M M 1 25 180
11 68 44 56 10 9 0 0.10 M M 7.8 15 170 M M 5 21 170
12 55 37 46 0 19 0 0.00 M M 3.3 13 340 M M 1 M M
13 42 36 39 -7 26 0 0.57 M M 11.7 26 350 M M 10 32 350
14 49 33 41 -5 24 0 0.00 M M 4.6 12 320 M M 3 18 350
15 43 34 39 -7 26 0 0.01 M M 1.8 8 110 M M 9 1 21 0
16 44 29 37 -8 28 0 M M M 6.8 15 340 M M 5 18 300
17 61 26 44 -1 21 0 0.00 M M 4.2 8 170 M M 0 M M
18 62 34 48 3 17 0 M M M 7.9 16 170 M M 5 1 25 180
19 59 36 48 3 17 0 0.00 M M 2.7 13 300 M M 7 1 23 300
20 64 33 49 4 16 0 0.00 M M 2.3 12 320 M M 0 16 320
21 72 36 54 9 11 0 0.00 M M 2.3 9 230 M M 1 16 220
22 70 42 56 11 9 0 0.00 M M 9.1 21 160 M M 2 1 26 160
23 73 36 55 10 10 0 0.00 M M 17.3 31 350 M M 4 41 330
24 54 27 41 -3 24 0 0.00 M M 11.6 23 340 M M 0 33 340
25 60 29 45 1 20 0 0.00 M M 3.6 9 190 M M 0 M M
26 69 34 52 8 13 0 0.00 M M 7.3 21 180 M M 0 28 180
27 74 45 60 16 5 0 0.00 M M 9.9 22 200 M M 0 33 200
28 59 42 51 7 14 0 M M M 6.4 10 50 M M 6 17 50
29 69 54 62 18 3 0 0.02 M M 10.3 21 160 M M 9 1 28 160
30 61 38 50 6 15 0 0.32 M M 10.9 24 350 M M 10 1 35 350
31 40 36 38 -6 27 0 1.84 M M 12.2 29 10 M M 10 1 39 10
================================================================================
SM 1873 1127 505 0 2.86 M 205.2 M 109
================================================================================
AV 60.4 36.4 6.6 FASTST M M 4 MAX(MPH)
MISC ----> 31 350 41 330
================================================================================
NOTES:
# LAST OF SEVERAL OCCURRENCES
COLUMN 17 PEAK WIND IN M.P.H.
PRELIMINARY LOCAL CLIMATOLOGICAL DATA (WS FORM: F-6) , PAGE 2
STATION: WAXAHACHIE
MONTH: DECEMBER
YEAR: 2020
LATITUDE: 32 27 N
LONGITUDE: 96 54 W
[TEMPERATURE DATA] [PRECIPITATION DATA] SYMBOLS USED IN COLUMN 16
AVERAGE MONTHLY: 48.4 TOTAL FOR MONTH: 2.86 1 = FOG OR MIST
DPTR FM NORMAL: 2.5 DPTR FM NORMAL: -0.24 2 = FOG REDUCING VISIBILITY
HIGHEST: 79 ON 9 GRTST 24HR 1.84 ON 31-31 TO 1/4 MILE OR LESS
LOWEST: 26 ON 17 3 = THUNDER
SNOW, ICE PELLETS, HAIL 4 = ICE PELLETS
TOTAL MONTH: M 5 = HAIL
GRTST 24HR M ON M 6 = FREEZING RAIN OR DRIZZLE
GRTST DEPTH: M ON M 7 = DUSTSTORM OR SANDSTORM:
VSBY 1/2 MILE OR LESS
8 = SMOKE OR HAZE
[NO. OF DAYS WITH] [WEATHER - DAYS WITH] 9 = BLOWING SNOW
X = TORNADO
MAX 32 OR BELOW: 0 0.01 INCH OR MORE: 6
MAX 90 OR ABOVE: 0 0.10 INCH OR MORE: 4
MIN 32 OR BELOW: 8 0.50 INCH OR MORE: 2
MIN 0 OR BELOW: 0 1.00 INCH OR MORE: 1
[HDD (BASE 65) ]
TOTAL THIS MO. 505 CLEAR (SCALE 0-3) 16
DPTR FM NORMAL -89 PTCLDY (SCALE 4-7) 10
TOTAL FM JUL 1 827 CLOUDY (SCALE 8-10) 5
DPTR FM NORMAL -165
[CDD (BASE 65) ]
TOTAL THIS MO. 0
DPTR FM NORMAL -2 [PRESSURE DATA]
TOTAL FM JAN 1 2510 HIGHEST SLP M ON M
DPTR FM NORMAL 77 LOWEST SLP M ON M
[REMARKS]
#FINAL-12-20#