000
CXUS53 KIND 011542
CLMLAF
CLIMATE REPORT
NATIONAL WEATHER SERVICE INDIANAPOLIS IN
1142 AM EDT SUN OCT 01 2023
...................................
...THE LAFAYETTE IN CLIMATE SUMMARY FOR THE MONTH OF SEPTEMBER 2023...
CLIMATE NORMAL PERIOD 1991 TO 2020
CLIMATE RECORD PERIOD 9999 TO 9999
WEATHER OBSERVED NORMAL DEPART LAST YEAR`S
VALUE DATE(S) VALUE FROM VALUE DATE(S)
NORMAL
................................................................
TEMPERATURE (F)
HIGHEST 91 09/05 91 09/20
09/21
LOWEST 44 09/13 37 09/29
AVG. MAXIMUM 79.8 77.2 2.6 77.3
AVG. MINIMUM 55.1 53.9 1.2 54.8
MEAN 67.5 65.5 2.0 66.1
DAYS MAX >= 90 3 2.6 0.4 2
DAYS MAX <= 32 0 0.0 0.0 0
DAYS MIN <= 32 0 0.1 -0.1 0
DAYS MIN <= 0 0 0.0 0.0 0
PRECIPITATION (INCHES)
TOTALS 0.59R 2.59 -2.00 1.11
DAILY AVG. 0.02 0.09 -0.07 0.04
DAYS >= .01 7 9.4 -2.4 5
DAYS >= .10 1 4.8 -3.8 3
DAYS >= .50 0 1.8 -1.8 1
DAYS >= 1.00 0 0.6 -0.6 0
GREATEST
24 HR. TOTAL 0.30 09/06 TO 09/06
DEGREE DAYS
HEATING TOTAL 23 83 -60 91
SINCE 7/1 25 94 -69 MM
COOLING TOTAL 104 100 4 129
SINCE 1/1 863 867 -4 MM
................................................................
WIND (MPH)
AVERAGE WIND SPEED 4.8
HIGHEST WIND SPEED/DIRECTION 23/290 DATE 09/06
HIGHEST GUST SPEED/DIRECTION 32/300 DATE 09/06
SKY COVER
AVERAGE SKY COVER 0.29
AVERAGE RH (PERCENT) 70
WEATHER CONDITIONS. NUMBER OF DAYS WITH
THUNDERSTORM 4 MIXED PRECIP 0
HEAVY RAIN 0 RAIN 10
LIGHT RAIN 9 FREEZING RAIN 0
LT FREEZING RAIN 0 HAIL 0
HEAVY SNOW 0 SNOW 0
LIGHT SNOW 0 SLEET 0
FOG 18 FOG W/VIS <= 1/4 MILE 4
HAZE 3
- INDICATES NEGATIVE NUMBERS.
R INDICATES RECORD WAS SET OR TIED.
MM INDICATES DATA IS MISSING.
T INDICATES TRACE AMOUNT.
$$