000
CXUS53 KGRR 011010
CF6LAN
PRELIMINARY LOCAL CLIMATOLOGICAL DATA (WS FORM: F-6)
STATION: LANSING
MONTH: JANUARY
YEAR: 2021
LATITUDE: 42 46 N
LONGITUDE: 84 36 W
TEMPERATURE IN F: :PCPN: SNOW: WIND :SUNSHINE: SKY :PK WND
================================================================================
1 2 3 4 5 6A 6B 7 8 9 10 11 12 13 14 15 16 17 18
12Z AVG MX 2MIN
DY MAX MIN AVG DEP HDD CDD WTR SNW DPTH SPD SPD DIR MIN PSBL S-S WX SPD DR
================================================================================
1 32 15 24 0 41 0 0.23 2.8 0 8.0 21 80 M M 5 16 27 70
2 32 26 29 5 36 0 0.19 2.1 4 4.3 12 150 M M 10 1 16 320
3 35 30 33 9 32 0 0.08 0.3 4 4.1 10 250 M M 10 1 14 250
4 33 29 31 7 34 0 0.00 0.0 3 7.4 13 210 M M 10 1 16 180
5 34 30 32 8 33 0 0.01 0.2 3 6.1 12 310 M M 10 1 14 310
6 37 31 34 10 31 0 0.00 0.0 4 5.0 9 330 M M 10 14 340
7 36 27 32 8 33 0 0.01 0.2 4 7.1 14 40 M M 9 1 19 40
8 28 13 21 -3 44 0 0.00 0.0 3 6.4 15 30 M M 7 20 10
9 36 11 24 0 41 0 0.00 0.0 3 1.3 7 350 M M 0 1 8 340
10 33 13 23 -1 42 0 0.00 0.0 3 1.2 7 200 M M 6 18 9 200
11 29 24 27 4 38 0 0.00 0.0 3 11.4 22 250 M M 10 18 29 240
12 33 26 30 7 35 0 0.00 0.0 3 10.2 17 220 M M 10 18 26 220
13 41 30 36 13 29 0 T 0.0 3 10.1 18 230 M M 3 18 23 240
14 41 28 35 12 30 0 0.04 0.0 2 7.6 18 230 M M 4 1 27 230
15 38 26 32 9 33 0 0.35 1.2 0 5.4 15 130 M M 8 12 21 120
16 34 25 30 7 35 0 0.01 T 1 7.8 13 250 M M 9 1 18 240
17 34 29 32 9 33 0 0.12 M M 4.7 10 270 M M 10 1 14 270
18 32 27 30 7 35 0 0.01 0.6 1 9.3 16 230 M M 10 1 22 240
19 29 21 25 2 40 0 0.07 1.9 3 11.3 22 270 M M 10 18 29 260
20 28 14 21 -2 44 0 T 0.2 5 11.5 23 220 M M 6 1 32 200
21 40 28 34 11 31 0 0.00 0.0 4 15.7 29 250 M M 5 42 260
22 34 17 26 3 39 0 0.01 0.1 3 11.9 22 290 M M 10 1 30 290
23 29 8 19 -4 46 0 0.00 0.0 3 4.0 15 230 M M 2 18 230
24 27 16 22 -1 43 0 0.05 1.1 3 6.8 16 150 M M 10 18 21 140
25 31 24 28 5 37 0 T T 3 5.1 16 50 M M 10 24 50
26 30 21 26 3 39 0 0.27 3.6 5 12.3 22 40 M M 10 12 30 50
27 25 3 14 -9 51 0 T T 6 5.1 14 350 M M 7 18 18 20
28 22 15 19 -4 46 0 T 0.1 6 8.0 15 300 M M 10 21 300
29 25 2 14 -9 51 0 0.00 0.0 6 1.4 7 310 M M 0 11 10
30 28 8 18 -6 47 0 T T 5 8.9 17 100 M M 7 25 110
31 28 25 27 3 38 0 0.11 2.1 7 15.2 23 30 M M 10 18 31 10
================================================================================
SM 994 642 1187 0 1.56 16.5 234.6 M 238
================================================================================
AV 32.1 20.7 7.6 FASTST M M 8 MAX(MPH)
MISC ----> 29 250 42 260
================================================================================
NOTES:
# LAST OF SEVERAL OCCURRENCES
COLUMN 17 PEAK WIND IN M.P.H.
PRELIMINARY LOCAL CLIMATOLOGICAL DATA (WS FORM: F-6) , PAGE 2
STATION: LANSING
MONTH: JANUARY
YEAR: 2021
LATITUDE: 42 46 N
LONGITUDE: 84 36 W
[TEMPERATURE DATA] [PRECIPITATION DATA] SYMBOLS USED IN COLUMN 16
AVERAGE MONTHLY: 26.4 TOTAL FOR MONTH: 1.56 1 = FOG OR MIST
DPTR FM NORMAL: 3.0 DPTR FM NORMAL: -0.09 2 = FOG REDUCING VISIBILITY
HIGHEST: 41 ON 14,13 GRTST 24HR 0.41 ON 1- 2 TO 1/4 MILE OR LESS
LOWEST: 2 ON 29 3 = THUNDER
SNOW, ICE PELLETS, HAIL 4 = ICE PELLETS
TOTAL MONTH: 16.5 INCHES 5 = HAIL
GRTST 24HR 3.6 ON 26-26 6 = FREEZING RAIN OR DRIZZLE
GRTST DEPTH: 7 ON 31 7 = DUSTSTORM OR SANDSTORM:
VSBY 1/2 MILE OR LESS
8 = SMOKE OR HAZE
[NO. OF DAYS WITH] [WEATHER - DAYS WITH] 9 = BLOWING SNOW
X = TORNADO
MAX 32 OR BELOW: 16 0.01 INCH OR MORE: 15
MAX 90 OR ABOVE: 0 0.10 INCH OR MORE: 6
MIN 32 OR BELOW: 31 0.50 INCH OR MORE: 0
MIN 0 OR BELOW: 0 1.00 INCH OR MORE: 0
[HDD (BASE 65) ]
TOTAL THIS MO. 1187 CLEAR (SCALE 0-3) 3
DPTR FM NORMAL -101 PTCLDY (SCALE 4-7) 10
TOTAL FM JUL 1 3512 CLOUDY (SCALE 8-10) 18
DPTR FM NORMAL -332
[CDD (BASE 65) ]
TOTAL THIS MO. 0
DPTR FM NORMAL 0 [PRESSURE DATA]
TOTAL FM JAN 1 0 HIGHEST SLP 30.63 ON 28
DPTR FM NORMAL 0 LOWEST SLP 29.50 ON 15
[REMARKS]
#FINAL-01-21#