000
CXUS55 KVEF 070600
CF6LAS
PRELIMINARY LOCAL CLIMATOLOGICAL DATA (WS FORM: F-6)
STATION: LAS VEGAS NV
MONTH: JANUARY
YEAR: 2024
LATITUDE: 36 4 N
LONGITUDE: 115 10 W
TEMPERATURE IN F: :PCPN: SNOW: WIND :SUNSHINE: SKY :PK WND
================================================================================
1 2 3 4 5 6A 6B 7 8 9 10 11 12 13 14 15 16 17 18
12Z AVG MX 2MIN
DY MAX MIN AVG DEP HDD CDD WTR SNW DPTH SPD SPD DIR MIN PSBL S-S WX SPD DR
================================================================================
1 62 43 53 5 12 0 0.00 0.0 0 4.1 10 50 M M 3 14 20
2 61 41 51 3 14 0 0.00 0.0 0 3.1 8 70 M M 4 10 80
3 54 42 48 0 17 0 0.04 T 0 7.8 28 10 M M 8 5 40 350
4 59 43 51 3 14 0 0.00 0.0 0 11.9 26 340 M M 4 39 350
5 58 40 49 1 16 0 0.00 0.0 0 7.3 28 340 M M 4 37 330
6 55 37 46 -2 19 0 0.00 0.0 0 8.6 26 230 M M 7 78 41 230
7 51 41 46 -2 19 0 T 0.0 0 18.5 35 320 M M 5 47 320
8 50 36 43 -6 22 0 0.00 0.0 0 11.7 23 340 M M 2 31 330
9 48 33 41 -8 24 0 0.00 0.0 0 3.9 9 20 M M 5 12 60
10 51 31 41 -8 24 0 0.00 0.0 0 4.9 21 210 M M 2 37 220
11 49 36 43 -6 22 0 T 0.0 0 13.1 30 340 M M 4 47 320
12 47 32 40 -9 25 0 0.00 0.0 0 3.5 8 200 M M 7 12 40
13 52 32 42 -7 23 0 0.00 0.0 0 2.9 10 360 M M 5 12 10
14 57 35 46 -3 19 0 0.00 0.0 0 3.7 10 70 M M 3 13 80
15 57 39 48 -1 17 0 0.00 0.0 0 2.7 8 230 M M 6 11 230
16 59 38 49 -1 16 0 0.00 0.0 0 3.7 8 280 M M 4 10 90
17 57 41 49 -1 16 0 0.00 0.0 0 2.6 8 30 M M 8 12 30
18 62 40 51 1 14 0 0.00 0.0 0 2.9 8 60 M M 7 13 30
19 62 46 54 4 11 0 0.00 0.0 0 2.7 7 330 M M 9 11 340
20 59 48 54 4 11 0 0.01 0.0 0 3.2 10 200 M M 9 15 200
21 58 49 54 4 11 0 0.07 0.0 0 4.8 13 30 M M 9 17 20
22 54 49 52 2 13 0 0.14 0.0 0 3.4 10 100 M M 10 1 14 110
23 58 49 54 4 11 0 T 0.0 0 5.5 14 50 M M 8 1 18 60
24 59 43 51 1 14 0 0.00 0.0 0 4.1 9 80 M M 7 12 100
25 64 46 55 5 10 0 0.00 0.0 0 5.4 20 360 M M 5 27 340
26 60 44 52 2 13 0 0.00 0.0 0 6.8 17 360 M M 4 24 60
27 64 41 53 2 12 0 0.00 0.0 0 3.9 12 60 M M 3 15 50
28 70 46 58 7 7 0 0.00 0.0 0 4.9 15 40 M M 8 19 50
29 72 48 60 9 5 0 0.00 0.0 0 3.7 14 30 M M 4 20 30
30 72 49 61 10 4 0 0.00 0.0 0 2.5 9 40 M M 1 14 50
31 65 47 56 5 9 0 0.00 0.0 0 3.3 9 160 M M 5 15 160
================================================================================
SM 1806 1285 464 0 0.26 T 171.1 M 170
================================================================================
AV 58.3 41.5 5.5 FASTST M M 5 MAX(MPH)
MISC ----> 35 320 # 47 320
================================================================================
NOTES:
# LAST OF SEVERAL OCCURRENCES
COLUMN 17 PEAK WIND IN M.P.H.
PRELIMINARY LOCAL CLIMATOLOGICAL DATA (WS FORM: F-6) , PAGE 2
STATION: LAS VEGAS NV
MONTH: JANUARY
YEAR: 2024
LATITUDE: 36 4 N
LONGITUDE: 115 10 W
[TEMPERATURE DATA] [PRECIPITATION DATA] SYMBOLS USED IN COLUMN 16
AVERAGE MONTHLY: 49.9 TOTAL FOR MONTH: 0.26 1 = FOG OR MIST
DPTR FM NORMAL: 0.4 DPTR FM NORMAL: -0.30 2 = FOG REDUCING VISIBILITY
HIGHEST: 72 ON 30,29 GRTST 24HR 0.14 ON 20-21 TO 1/4 MILE OR LESS
LOWEST: 31 ON 10 3 = THUNDER
SNOW, ICE PELLETS, HAIL 4 = ICE PELLETS
TOTAL MONTH: T 5 = HAIL
GRTST 24HR T ON 3- 3 6 = FREEZING RAIN OR DRIZZLE
GRTST DEPTH: 0 7 = DUSTSTORM OR SANDSTORM:
VSBY 1/2 MILE OR LESS
8 = SMOKE OR HAZE
[NO. OF DAYS WITH] [WEATHER - DAYS WITH] 9 = BLOWING SNOW
X = TORNADO
MAX 32 OR BELOW: 0 0.01 INCH OR MORE: 4
MAX 90 OR ABOVE: 0 0.10 INCH OR MORE: 1
MIN 32 OR BELOW: 3 0.50 INCH OR MORE: 0
MIN 0 OR BELOW: 0 1.00 INCH OR MORE: 0
[HDD (BASE 65) ]
TOTAL THIS MO. 464 CLEAR (SCALE 0-3) 6
DPTR FM NORMAL -16 PTCLDY (SCALE 4-7) 20
TOTAL FM JUL 1 1043 CLOUDY (SCALE 8-10) 5
DPTR FM NORMAL -239
[CDD (BASE 65) ]
TOTAL THIS MO. 0
DPTR FM NORMAL 0 [PRESSURE DATA]
TOTAL FM JAN 1 0 HIGHEST SLP 30.44 ON 27
DPTR FM NORMAL 0 LOWEST SLP 29.56 ON 11
[REMARKS]
#FINAL-01-24#