000
CXUS54 KLUB 010730
CF6LBB
PRELIMINARY LOCAL CLIMATOLOGICAL DATA (WS FORM: F-6)
STATION: LUBBOCK
MONTH: JULY
YEAR: 2023
LATITUDE: 33 39 N
LONGITUDE: 101 49 W
TEMPERATURE IN F: :PCPN: SNOW: WIND :SUNSHINE: SKY :PK WND
================================================================================
1 2 3 4 5 6A 6B 7 8 9 10 11 12 13 14 15 16 17 18
12Z AVG MX 2MIN
DY MAX MIN AVG DEP HDD CDD WTR SNW DPTH SPD SPD DIR MIN PSBL S-S WX SPD DR
================================================================================
1 79 65 72 -8 0 7 0.09 0.0 0 10.9 20 50 M M 7 13 27 40
2 90 64 77 -3 0 12 T 0.0 0 8.6 39 310 M M 4 52 340
3 92 64 78 -3 0 13 0.00 0.0 0 6.8 22 160 M M 6 28 150
4 96 66 81 0 0 16 0.00 0.0 0 9.3 17 170 M M 2 25 180
5 96 75 86 5 0 21 0.00 0.0 0 14.3 23 130 M M 2 31 120
6 91 68 80 -1 0 15 0.02 0.0 0 14.3 36 360 M M 5 38 51 350
7 96 71 84 3 0 19 0.08 0.0 0 15.6 37 210 M M 5 38 50 220
8 94 69 82 1 0 17 0.02 0.0 0 10.4 25 180 M M 7 3 33 180
9 89 68 79 -2 0 14 0.00 0.0 0 11.0 22 90 M M 4 32 120
10 100 68 84 3 0 19 T 0.0 0 9.9 30 230 M M 5 3 40 240
11 103 74 89 8 0 24 0.25 0.0 0 12.4 26 180 M M 4 38 34 220
12 110 78 94 13 0 29 0.00 0.0 0 14.2 25 130 M M 4 32 130
13 106 78 92 11 0 27 T 0.0 0 11.6 41 320 M M 5 38 55 360
14 101 75 88 7 0 23 0.00 0.0 0 12.4 20 170 M M 6 26 80
15 91 73 82 1 0 17 0.13 0.0 0 10.4 22 110 M M 7 138 27 110
16 97 65 81 0 0 16 0.56 0.0 0 8.0 32 330 M M 5 13 46 320
17 102 72 87 6 0 22 0.00 0.0 0 11.5 22 180 M M 1 28 170
18 106 80 93 12 0 28 0.00 0.0 0 18.8 26 220 M M 1 46 190
19 106 80 93 12 0 28 0.00 0.0 0 16.7 26 200 M M 3 35 180
20 100 74 87 5 0 22 0.00 0.0 0 8.0 20 110 M M 5 28 140
21 94 74 84 2 0 19 T 0.0 0 11.6 24 70 M M 4 32 70
22 93 70 82 0 0 17 0.00 0.0 0 7.1 15 90 M M 5 3 19 90
23 99 72 86 4 0 21 0.01 0.0 0 7.8 18 230 M M 4 3 23 220
24 103 74 89 7 0 24 0.00 0.0 0 12.0 23 210 M M 1 30 210
25 102 79 91 9 0 26 0.00 0.0 0 16.5 26 170 M M 4 36 160
26 100 75 88 6 0 23 0.00 0.0 0 13.5 22 170 M M 4 30 170
27 100 72 86 4 0 21 0.00 0.0 0 10.2 21 190 M M 3 28 180
28 99 74 87 5 0 22 0.00 0.0 0 9.3 21 220 M M 4 26 220
29 99 72 86 4 0 21 0.00 0.0 0 8.0 17 240 M M 3 22 150
30 98 72 85 3 0 20 0.00 0.0 0 8.2 17 170 M M 2 25 170
31 99 72 86 4 0 21 0.00 0.0 0 8.6 21 180 M M 3 31 170
================================================================================
SM 3031 2233 0 624 1.16 0.0 347.9 M 125
================================================================================
AV 97.8 72.0 11.2 FASTST M M 4 MAX(MPH)
MISC ----> 41 320 55 360
================================================================================
NOTES:
# LAST OF SEVERAL OCCURRENCES
COLUMN 17 PEAK WIND IN M.P.H.
PRELIMINARY LOCAL CLIMATOLOGICAL DATA (WS FORM: F-6) , PAGE 2
STATION: LUBBOCK
MONTH: JULY
YEAR: 2023
LATITUDE: 33 39 N
LONGITUDE: 101 49 W
[TEMPERATURE DATA] [PRECIPITATION DATA] SYMBOLS USED IN COLUMN 16
AVERAGE MONTHLY: 84.9 TOTAL FOR MONTH: 1.16 1 = FOG OR MIST
DPTR FM NORMAL: 3.7 DPTR FM NORMAL: -0.80 2 = FOG REDUCING VISIBILITY
HIGHEST: 110 ON 12 GRTST 24HR 0.69 ON 15-16 TO 1/4 MILE OR LESS
LOWEST: 64 ON 3, 2 3 = THUNDER
SNOW, ICE PELLETS, HAIL 4 = ICE PELLETS
TOTAL MONTH: 0.0 INCH 5 = HAIL
GRTST 24HR 0.0 6 = FREEZING RAIN OR DRIZZLE
GRTST DEPTH: 0 7 = DUSTSTORM OR SANDSTORM:
VSBY 1/2 MILE OR LESS
8 = SMOKE OR HAZE
[NO. OF DAYS WITH] [WEATHER - DAYS WITH] 9 = BLOWING SNOW
X = TORNADO
MAX 32 OR BELOW: 0 0.01 INCH OR MORE: 8
MAX 90 OR ABOVE: 29 0.10 INCH OR MORE: 3
MIN 32 OR BELOW: 0 0.50 INCH OR MORE: 1
MIN 0 OR BELOW: 0 1.00 INCH OR MORE: 0
[HDD (BASE 65) ]
TOTAL THIS MO. 0 CLEAR (SCALE 0-3) 10
DPTR FM NORMAL 0 PTCLDY (SCALE 4-7) 21
TOTAL FM JUL 1 0 CLOUDY (SCALE 8-10) 0
DPTR FM NORMAL 0
[CDD (BASE 65) ]
TOTAL THIS MO. 624
DPTR FM NORMAL 122 [PRESSURE DATA]
TOTAL FM JAN 1 1278 HIGHEST SLP M ON M
DPTR FM NORMAL 94 LOWEST SLP 29.61 ON 12
[REMARKS]
#FINAL-07-23#