021
CXUS54 KHGX 011524
CF6LBX
PRELIMINARY LOCAL CLIMATOLOGICAL DATA (WS FORM: F-6)
STATION: ANGLETON/LAKE_JACKS
MONTH: DECEMBER
YEAR: 2020
LATITUDE: 29 6 N
LONGITUDE: 95 28 W
TEMPERATURE IN F: :PCPN: SNOW: WIND :SUNSHINE: SKY :PK WND
================================================================================
1 2 3 4 5 6A 6B 7 8 9 10 11 12 13 14 15 16 17 18
12Z AVG MX 2MIN
DY MAX MIN AVG DEP HDD CDD WTR SNW DPTH SPD SPD DIR MIN PSBL S-S WX SPD DR
================================================================================
1 68 28 48 -10 17 0 0.00 0.0 0 6.7 18 160 M M 3 26 160
2 72 55 64 6 1 0 1.42 0.0 0 9.8 21 150 M M 10 123 28 140
3 56 45 51 -7 14 0 0.03 0.0 0 11.5 20 350 M M 8 28 340
4 58 39 49 -8 16 0 0.00 0.0 0 4.5 16 350 M M 2 21 350
5 55 36 46 -11 19 0 0.05 0.0 0 4.1 10 20 M M 6 1 14 60
6 64 44 54 -3 11 0 0.07 0.0 0 2.9 14 340 M M 3 1 18 320
7 67 37 52 -5 13 0 0.00 0.0 0 3.3 14 360 M M 0 17 350
8 75 35 55 -1 10 0 0.00 0.0 M 2.8 12 170 M M 0 12 330
9 79 42 61 5 4 0 0.00 0.0 M 3.7 12 220 M M 1 12 15 210
10 78 45 62 6 3 0 0.00 0.0 M 7.1 21 180 M M 4 12 27 180
11 79 62 71 15 0 6 0.11 0.0 M 10.9 24 170 M M 6 18 30 170
12 73 59 66 10 0 1 0.00 0.0 0 4.9 12 10 M M 7 12 14 10
13 78 45 62 6 3 0 0.80 0.0 0 14.5 29 340 M M 9 138 42 340
14 49 42 46 -9 19 0 0.00 0.0 0 9.1 24 340 M M 9 8 36 330
15 56 45 51 -4 14 0 0.17 0.0 0 8.7 16 40 M M 9 18 23 50
16 55 36 46 -9 19 0 0.00 0.0 0 8.7 18 340 M M 1 1 29 350
17 59 31 45 -10 20 0 0.00 0.0 0 4.2 12 30 M M 0 1 16 10
18 66 36 51 -4 14 0 T 0.0 0 5.6 17 150 M M 7 1 22 140
19 74 54 64 9 1 0 1.46 0.0 0 7.6 22 170 M M 9 12 29 160
20 68 44 56 1 9 0 0.00 0.0 0 2.6 10 350 M M 3 12 14 10
21 70 41 56 2 9 0 0.00 0.0 0 2.6 10 170 M M 4 12 14 180
22 72 44 58 4 7 0 0.00 0.0 0 5.7 15 120 M M 5 12 19 120
23 79 58 69 15 0 4 0.64 0.0 0 12.7 26 340 M M 8 1 33 340
24 58 34 46 -8 19 0 0.00 0.0 0 12.2 28 350 M M 1 40 340
25 67 38 53 -1 12 0 0.00 0.0 M 3.7 13 180 M M 0 14 170
26 71 39 55 1 10 0 0.00 0.0 0 5.7 16 180 M M 0 21 170
27 73 51 62 8 3 0 0.00 0.0 0 10.6 24 170 M M 5 29 190
28 77 56 67 13 0 2 0.00 0.0 0 7.6 16 170 M M 4 1 20 110
29 75 61 68 14 0 3 0.00 0.0 0 13.3 28 140 M M 7 35 140
30 80 62 71 17 0 6 0.13 0.0 0 13.8 25 170 M M 7 1 33 180
31 71 43 57 3 8 0 0.79 0.0 0 9.8 18 150 M M 9 13 23 150
================================================================================
SM 2122 1387 275 22 5.67 0.0 230.9 M 147
================================================================================
AV 68.5 44.7 7.4 FASTST M M 5 MAX(MPH)
MISC ----> 29 340 42 340
================================================================================
NOTES:
# LAST OF SEVERAL OCCURRENCES
COLUMN 17 PEAK WIND IN M.P.H.
PRELIMINARY LOCAL CLIMATOLOGICAL DATA (WS FORM: F-6) , PAGE 2
STATION: ANGLETON/LAKE_JACKS
MONTH: DECEMBER
YEAR: 2020
LATITUDE: 29 6 N
LONGITUDE: 95 28 W
[TEMPERATURE DATA] [PRECIPITATION DATA] SYMBOLS USED IN COLUMN 16
AVERAGE MONTHLY: 56.6 TOTAL FOR MONTH: 5.67 1 = FOG OR MIST
DPTR FM NORMAL: 1.3 DPTR FM NORMAL: 1.90 2 = FOG REDUCING VISIBILITY
HIGHEST: 80 ON 30 GRTST 24HR 1.46 ON 19-19 TO 1/4 MILE OR LESS
LOWEST: 28 ON 1 3 = THUNDER
SNOW, ICE PELLETS, HAIL 4 = ICE PELLETS
TOTAL MONTH: 0.0 INCH 5 = HAIL
GRTST 24HR 0.0 6 = FREEZING RAIN OR DRIZZLE
GRTST DEPTH: 0 7 = DUSTSTORM OR SANDSTORM:
VSBY 1/2 MILE OR LESS
8 = SMOKE OR HAZE
[NO. OF DAYS WITH] [WEATHER - DAYS WITH] 9 = BLOWING SNOW
X = TORNADO
MAX 32 OR BELOW: 0 0.01 INCH OR MORE: 11
MAX 90 OR ABOVE: 0 0.10 INCH OR MORE: 8
MIN 32 OR BELOW: 2 0.50 INCH OR MORE: 5
MIN 0 OR BELOW: 0 1.00 INCH OR MORE: 2
[HDD (BASE 65) ]
TOTAL THIS MO. 275 CLEAR (SCALE 0-3) 11
DPTR FM NORMAL -51 PTCLDY (SCALE 4-7) 13
TOTAL FM JUL 1 373 CLOUDY (SCALE 8-10) 7
DPTR FM NORMAL -129
[CDD (BASE 65) ]
TOTAL THIS MO. 22
DPTR FM NORMAL -5 [PRESSURE DATA]
TOTAL FM JAN 1 3361 HIGHEST SLP 30.39 ON 24
DPTR FM NORMAL 519 LOWEST SLP 29.58 ON 31
[REMARKS]
#FINAL-12-20#