000
CXUS52 KMLB 010736
CF6LEE
PRELIMINARY LOCAL CLIMATOLOGICAL DATA (WS FORM: F-6)
STATION: LEESBURG
MONTH: JANUARY
YEAR: 2021
LATITUDE: 28 49 N
LONGITUDE: 81 49 W
TEMPERATURE IN F: :PCPN: SNOW: WIND :SUNSHINE: SKY :PK WND
================================================================================
1 2 3 4 5 6A 6B 7 8 9 10 11 12 13 14 15 16 17 18
12Z AVG MX 2MIN
DY MAX MIN AVG DEP HDD CDD WTR SNW DPTH SPD SPD DIR MIN PSBL S-S WX SPD DR
================================================================================
1 82 64 73 15 0 8 0.00 0.0 0 8.4 18 170 M M 1 1 23 170
2 82 65 74 16 0 9 0.00 0.0 0 7.5 14 200 M M 3 19 200
3 71 52 62 4 3 0 0.03 0.0 0 6.6 15 310 M M 9 21 320
4 67 44 56 -2 9 0 0.00 0.0 0 5.0 14 10 M M 0 16 10
5 70 42 56 -2 9 0 0.00 0.0 0 6.9 21 270 M M 1 27 260
6 67 44 56 -2 9 0 0.00 0.0 0 5.0 10 40 M M 0 15 40
7 71 50 61 3 4 0 0.02 0.0 0 8.0 20 200 M M 3 1 25 210
8 63 49 56 -2 9 0 T 0.0 0 8.5 21 270 M M 6 1 29 280
9 56 40 48 -10 17 0 0.00 0.0 0 8.4 15 260 M M 5 20 270
10 59 38 49 -9 16 0 0.00 0.0 0 5.9 12 10 M M 1 M M
11 74 47 61 3 4 0 0.00 0.0 0 4.6 14 160 M M 3 1 18 160
12 65 54 60 2 5 0 0.00 0.0 0 6.9 15 290 M M 7 21 290
13 55 50 53 -5 12 0 T 0.0 0 6.0 12 280 M M 9 17 300
14 65 43 54 -4 11 0 0.00 0.0 0 2.9 9 340 M M 1 1 14 280
15 73 42 58 0 7 0 0.08 0.0 0 7.2 16 280 M M 4 1 25 280
16 61 43 52 -6 13 0 0.00 0.0 0 6.9 21 270 M M 2 29 290
17 59 41 50 -8 15 0 0.00 0.0 0 2.8 9 240 M M 1 1 13 140
18 67 43 55 -3 10 0 0.00 0.0 0 5.3 14 340 M M 0 17 300
19 69 38 54 -4 11 0 0.00 0.0 0 3.6 12 30 M M 0 15 30
20 73 43 58 0 7 0 0.00 0.0 0 3.1 10 290 M M 0 1 16 290
21 76 48 62 4 3 0 0.00 0.0 0 5.2 15 290 M M 1 21 270
22 78 59 69 10 0 4 0.00 0.0 0 6.7 16 280 M M 6 22 260
23 65 58 62 3 3 0 0.06 0.0 0 5.4 12 60 M M 9 18 15 60
24 78 57 68 9 0 3 T 0.0 0 3.7 9 60 M M 6 14 50
25 81 63 72 13 0 7 0.00 0.0 0 4.6 14 180 M M 6 12 19 170
26 79 61 70 11 0 5 0.00 0.0 0 5.6 12 180 M M 2 18 15 180
27 82 58 70 11 0 5 0.88 0.0 0 6.4 17 230 M M 6 12 27 230
28 69 46 58 -1 7 0 0.00 0.0 0 10.0 20 350 M M 2 26 330
29 65 42 54 -6 11 0 0.00 0.0 0 5.4 12 360 M M 0 20 40
30 71 44 58 -2 7 0 0.00 0.0 0 5.6 12 110 M M 1 15 110
31 79 56 68 8 0 3 0.05 0.0 0 9.3 18 220 M M 5 27 220
================================================================================
SM 2172 1524 202 44 1.12 0.0 187.4 M 100
================================================================================
AV 70.1 49.2 6.0 FASTST M M 3 MAX(MPH)
MISC ----> # 21 270 # 29 280
================================================================================
NOTES:
# LAST OF SEVERAL OCCURRENCES
COLUMN 17 PEAK WIND IN M.P.H.
PRELIMINARY LOCAL CLIMATOLOGICAL DATA (WS FORM: F-6) , PAGE 2
STATION: LEESBURG
MONTH: JANUARY
YEAR: 2021
LATITUDE: 28 49 N
LONGITUDE: 81 49 W
[TEMPERATURE DATA] [PRECIPITATION DATA] SYMBOLS USED IN COLUMN 16
AVERAGE MONTHLY: 59.6 TOTAL FOR MONTH: 1.12 1 = FOG OR MIST
DPTR FM NORMAL: 1.2 DPTR FM NORMAL: -1.62 2 = FOG REDUCING VISIBILITY
HIGHEST: 82 ON 27, 2 GRTST 24HR 0.88 ON 27-27 TO 1/4 MILE OR LESS
LOWEST: 38 ON 19,10 3 = THUNDER
SNOW, ICE PELLETS, HAIL 4 = ICE PELLETS
TOTAL MONTH: 0.0 INCH 5 = HAIL
GRTST 24HR 0.0 6 = FREEZING RAIN OR DRIZZLE
GRTST DEPTH: 0 7 = DUSTSTORM OR SANDSTORM:
VSBY 1/2 MILE OR LESS
8 = SMOKE OR HAZE
[NO. OF DAYS WITH] [WEATHER - DAYS WITH] 9 = BLOWING SNOW
X = TORNADO
MAX 32 OR BELOW: 0 0.01 INCH OR MORE: 6
MAX 90 OR ABOVE: 0 0.10 INCH OR MORE: 1
MIN 32 OR BELOW: 0 0.50 INCH OR MORE: 1
MIN 0 OR BELOW: 0 1.00 INCH OR MORE: 0
[HDD (BASE 65) ]
TOTAL THIS MO. 202 CLEAR (SCALE 0-3) 19
DPTR FM NORMAL -31 PTCLDY (SCALE 4-7) 9
TOTAL FM JUL 1 426 CLOUDY (SCALE 8-10) 3
DPTR FM NORMAL -49
[CDD (BASE 65) ]
TOTAL THIS MO. 44
DPTR FM NORMAL 16 [PRESSURE DATA]
TOTAL FM JAN 1 44 HIGHEST SLP 30.40 ON 19
DPTR FM NORMAL 16 LOWEST SLP 29.76 ON 15
[REMARKS]
#FINAL-01-21#