000
CXUS51 KOKX 010910
CF6LGA
PRELIMINARY LOCAL CLIMATOLOGICAL DATA (WS FORM: F-6)
STATION: LAGUARDIA NY
MONTH: MAY
YEAR: 2021
LATITUDE: 40 46 N
LONGITUDE: 73 54 W
TEMPERATURE IN F: :PCPN: SNOW: WIND :SUNSHINE: SKY :PK WND
================================================================================
1 2 3 4 5 6A 6B 7 8 9 10 11 12 13 14 15 16 17 18
12Z AVG MX 2MIN
DY MAX MIN AVG DEP HDD CDD WTR SNW DPTH SPD SPD DIR MIN PSBL S-S WX SPD DR
================================================================================
1 65 44 55 -4 10 0 0.00 0.0 0 16.6 38 300 M M 5 47 300
2 83 58 71 11 0 6 T 0.0 M 11.2 24 50 M M 7 27 50
3 62 52 57 -3 8 0 0.33 0.0 0 8.3 17 50 M M 10 1 20 40
4 69 51 60 0 5 0 0.30 0.0 0 8.5 21 120 M M 9 1 25 140
5 61 51 56 -4 9 0 0.29 0.0 0 9.9 26 310 M M 9 18 33 320
6 66 52 59 -2 6 0 0.00 0.0 0 13.7 23 330 M M 4 30 320
7 62 51 57 -4 8 0 0.00 0.0 0 10.4 16 130 M M 7 20 130
8 55 50 53 -8 12 0 0.04 0.0 0 7.6 17 100 M M 9 22 90
9 64 48 56 -6 9 0 0.45 0.0 0 10.2 21 270 M M 7 1 27 270
10 60 48 54 -8 11 0 0.02 0.0 0 10.3 17 310 M M 8 1 21 20
11 68 52 60 -2 5 0 0.00 0.0 0 12.8 28 270 M M 6 35 270
12 68 48 58 -5 7 0 0.00 0.0 0 13.0 25 320 M M 4 32 300
13 71 54 63 0 2 0 0.00 0.0 0 7.5 16 220 M M 2 20 220
14 76 56 66 3 0 1 0.00 0.0 0 7.8 20 160 M M 1 24 160
15 77 57 67 4 0 2 0.00 0.0 0 6.2 18 170 M M 5 21 170
16 79 61 70 6 0 5 T 0.0 0 6.9 20 10 M M 7 3 24 10
17 78 59 69 5 0 4 0.00 0.0 0 6.8 18 160 M M 3 23 160
18 83 62 73 9 0 8 0.00 0.0 0 8.3 18 270 M M 3 24 290
19 86 66 76 11 0 11 0.00 0.0 0 8.4 17 150 M M 3 23 150
20 76 60 68 3 0 3 0.00 0.0 0 8.6 15 170 M M 6 18 160
21 77 60 69 4 0 4 0.00 0.0 0 8.5 22 170 M M 4 27 180
22 88 62 75 9 0 10 0.00 0.0 0 7.8 22 310 M M 8 25 310
23 88 68 78 12 0 13 T 0.0 0 14.9 25 320 M M 7 31 330
24 69 59 64 -2 1 0 0.00 0.0 0 12.1 18 160 M M 8 24 160
25 72 59 66 0 0 1 0.00 0.0 0 11.5 20 160 M M 7 24 160
26 86 66 76 9 0 11 0.07 0.0 0 10.3 21 190 M M 6 3 29 200
27 83 66 75 8 0 10 0.01 0.0 0 12.3 21 330 M M 5 27 290
28 68 51 60 -7 5 0 1.14 0.0 0 16.5 36 60 M M 8 1 43 50
29 52 48 50 -18 15 0 0.46 0.0 0 19.0 38 60 M M 10 1 48 60
30 52 48 50 -18 15 0 0.81 0.0 0 12.7 25 50 M M 10 138 31 50
31 71 50 61 -7 4 0 0.01 0.0 0 9.0 17 300 M M 7 1 22 310
================================================================================
SM 2215 1717 132 89 3.93 0.0 327.6 M 195
================================================================================
AV 71.5 55.4 10.6 FASTST M M 6 MAX(MPH)
MISC ----> # 38 300 48 60
================================================================================
NOTES:
# LAST OF SEVERAL OCCURRENCES
COLUMN 17 PEAK WIND IN M.P.H.
PRELIMINARY LOCAL CLIMATOLOGICAL DATA (WS FORM: F-6) , PAGE 2
STATION: LAGUARDIA NY
MONTH: MAY
YEAR: 2021
LATITUDE: 40 46 N
LONGITUDE: 73 54 W
[TEMPERATURE DATA] [PRECIPITATION DATA] SYMBOLS USED IN COLUMN 16
AVERAGE MONTHLY: 63.4 TOTAL FOR MONTH: 3.93 1 = FOG OR MIST
DPTR FM NORMAL: -0.3 DPTR FM NORMAL: 0.35 2 = FOG REDUCING VISIBILITY
HIGHEST: 88 ON 23,22 GRTST 24HR 1.55 ON 28-29 TO 1/4 MILE OR LESS
LOWEST: 44 ON 1 3 = THUNDER
SNOW, ICE PELLETS, HAIL 4 = ICE PELLETS
TOTAL MONTH: 0.0 INCH 5 = HAIL
GRTST 24HR 0.0 6 = FREEZING RAIN OR DRIZZLE
GRTST DEPTH: 0 7 = DUSTSTORM OR SANDSTORM:
VSBY 1/2 MILE OR LESS
8 = SMOKE OR HAZE
[NO. OF DAYS WITH] [WEATHER - DAYS WITH] 9 = BLOWING SNOW
X = TORNADO
MAX 32 OR BELOW: 0 0.01 INCH OR MORE: 12
MAX 90 OR ABOVE: 0 0.10 INCH OR MORE: 7
MIN 32 OR BELOW: 0 0.50 INCH OR MORE: 2
MIN 0 OR BELOW: 0 1.00 INCH OR MORE: 1
[HDD (BASE 65) ]
TOTAL THIS MO. 132 CLEAR (SCALE 0-3) 4
DPTR FM NORMAL 21 PTCLDY (SCALE 4-7) 19
TOTAL FM JUL 1 3996 CLOUDY (SCALE 8-10) 8
DPTR FM NORMAL -371
[CDD (BASE 65) ]
TOTAL THIS MO. 89
DPTR FM NORMAL 17 [PRESSURE DATA]
TOTAL FM JAN 1 94 HIGHEST SLP M ON M
DPTR FM NORMAL 11 LOWEST SLP 29.64 ON 5
[REMARKS]
#FINAL-05-21#