000
CXHW51 PHFO 011250
CF6LIH
PRELIMINARY LOCAL CLIMATOLOGICAL DATA (WS FORM: F-6)
STATION: LIHUE HI
MONTH: MARCH
YEAR: 2022
LATITUDE: 21 58 N
LONGITUDE: 159 21 W
TEMPERATURE IN F: :PCPN: SNOW: WIND :SUNSHINE: SKY :PK WND
================================================================================
1 2 3 4 5 6A 6B 7 8 9 10 11 12 13 14 15 16 17 18
12Z AVG MX 2MIN
DY MAX MIN AVG DEP HDD CDD WTR SNW DPTH SPD SPD DIR MIN PSBL S-S WX SPD DR
================================================================================
1 79 67 73 1 0 8 0.92 M M 9.7 18 20 M M 5 1 21 20
2 78 64 71 -1 0 6 0.04 M M 7.0 12 30 M M 4 1 16 140
3 80 63 72 0 0 7 0.00 M M 8.9 17 80 M M 2 21 80
4 77 62 70 -2 0 5 T M M 6.9 17 20 M M 6 18 23 60
5 77 60 69 -3 0 4 0.00 M M 8.2 13 50 M M 2 15 50
6 80 62 71 -1 0 6 0.00 M M 8.8 18 180 M M 3 22 180
7 80 63 72 0 0 7 0.00 M M 12.0 20 20 M M 1 25 10
8 79 68 74 2 0 9 0.02 M M 13.0 24 50 M M 6 1 30 50
9 80 65 73 1 0 8 0.01 M M 7.9 12 20 M M 3 1 14 50
10 81 67 74 2 0 9 0.20 M M 7.9 13 40 M M 5 1 16 290
11 81 73 77 4 0 12 0.00 M M 10.4 15 50 M M 5 19 70
12 81 73 77 4 0 12 T M M 11.7 16 80 M M 4 1 21 60
13 80 72 76 3 0 11 T M M 11.3 16 80 M M 4 19 70
14 80 72 76 3 0 11 T M M 10.2 16 80 M M 3 19 80
15 80 67 74 1 0 9 0.00 M M 7.4 12 60 M M 5 14 70
16 81 67 74 1 0 9 0.00 M M 7.4 12 80 M M 5 16 80
17 81 73 77 4 0 12 T M M 12.2 17 80 M M 5 21 70
18 81 73 77 4 0 12 T M M 13.8 20 40 M M 3 24 40
19 81 72 77 4 0 12 T M M 11.5 18 70 M M 4 22 70
20 81 67 74 1 0 9 0.02 M M 7.8 15 150 M M 7 1 20 330
21 82 64 73 0 0 8 0.12 M M 11.8 22 20 M M 3 1 25 20
22 75 67 71 -2 0 6 1.38 M M 17.1 28 40 M M 7 13 32 30
23 80 68 74 1 0 9 0.03 M M 19.6 30 60 M M 7 18 37 40
24 78 68 73 0 0 8 0.15 M M 21.3 31 50 M M 8 18 39 50
25 78 69 74 1 0 9 T M M 21.1 29 40 M M 8 1 34 30
26 78 69 74 0 0 9 0.00 M M 15.8 22 30 M M 4 25 40
27 78 64 71 -3 0 6 T M M 7.7 14 70 M M 4 1 18 50
28 78 65 72 -2 0 7 0.33 M M 7.8 16 180 M M 5 1 20 110
29 78 66 72 -2 0 7 T M M 8.1 13 70 M M 3 1 15 70
30 79 68 74 0 0 9 0.00 M M 9.1 15 70 M M 5 19 70
31 79 72 76 2 0 11 T M M 15.6 24 70 M M 6 18 29 70
================================================================================
SM 2461 2090 0 267 3.22 M 349.0 M 142
================================================================================
AV 79.4 67.4 11.3 FASTST M M 5 MAX(MPH)
MISC ----> 31 50 39 50
================================================================================
NOTES:
# LAST OF SEVERAL OCCURRENCES
COLUMN 17 PEAK WIND IN M.P.H.
PRELIMINARY LOCAL CLIMATOLOGICAL DATA (WS FORM: F-6) , PAGE 2
STATION: LIHUE HI
MONTH: MARCH
YEAR: 2022
LATITUDE: 21 58 N
LONGITUDE: 159 21 W
[TEMPERATURE DATA] [PRECIPITATION DATA] SYMBOLS USED IN COLUMN 16
AVERAGE MONTHLY: 73.4 TOTAL FOR MONTH: 3.22 1 = FOG OR MIST
DPTR FM NORMAL: 0.5 DPTR FM NORMAL: -2.39 2 = FOG REDUCING VISIBILITY
HIGHEST: 82 ON 21 GRTST 24HR 1.50 ON 21-22 TO 1/4 MILE OR LESS
LOWEST: 60 ON 5 3 = THUNDER
SNOW, ICE PELLETS, HAIL 4 = ICE PELLETS
TOTAL MONTH: M 5 = HAIL
GRTST 24HR M ON M 6 = FREEZING RAIN OR DRIZZLE
GRTST DEPTH: M ON M 7 = DUSTSTORM OR SANDSTORM:
VSBY 1/2 MILE OR LESS
8 = SMOKE OR HAZE
[NO. OF DAYS WITH] [WEATHER - DAYS WITH] 9 = BLOWING SNOW
X = TORNADO
MAX 32 OR BELOW: 0 0.01 INCH OR MORE: 11
MAX 90 OR ABOVE: 0 0.10 INCH OR MORE: 6
MIN 32 OR BELOW: 0 0.50 INCH OR MORE: 2
MIN 0 OR BELOW: 0 1.00 INCH OR MORE: 1
[HDD (BASE 65) ]
TOTAL THIS MO. 0 CLEAR (SCALE 0-3) 7
DPTR FM NORMAL 0 PTCLDY (SCALE 4-7) 22
TOTAL FM JUL 1 0 CLOUDY (SCALE 8-10) 2
DPTR FM NORMAL 0
[CDD (BASE 65) ]
TOTAL THIS MO. 267
DPTR FM NORMAL 22 [PRESSURE DATA]
TOTAL FM JAN 1 714 HIGHEST SLP 30.21 ON 11
DPTR FM NORMAL 43 LOWEST SLP 29.90 ON 3
[REMARKS]
#FINAL-03-22#