000
CXUS54 KLZK 011230
CF6LIT
PRELIMINARY LOCAL CLIMATOLOGICAL DATA (WS FORM: F-6)
STATION: LITTLE ROCK ADAMS FIELD
MONTH: MAY
YEAR: 2023
LATITUDE: 34 43 N
LONGITUDE: 92 14 W
TEMPERATURE IN F: :PCPN: SNOW: WIND :SUNSHINE: SKY :PK WND
================================================================================
1 2 3 4 5 6A 6B 7 8 9 10 11 12 13 14 15 16 17 18
12Z AVG MX 2MIN
DY MAX MIN AVG DEP HDD CDD WTR SNW DPTH SPD SPD DIR MIN PSBL S-S WX SPD DR
================================================================================
1 73 46 60 -6 5 0 0.00 0.0 0 9.9 24 300 M M 1 30 330
2 78 47 63 -3 2 0 0.00 0.0 0 9.9 23 310 M M 1 31 300
3 78 47 63 -3 2 0 0.00 0.0 0 3.9 10 20 M M 2 14 320
4 79 50 65 -1 0 0 T 0.0 0 4.6 12 190 M M 7 17 170
5 74 60 67 0 0 2 0.05 0.0 0 7.8 16 160 M M 9 8 18 170
6 91 68 80 13 0 15 0.00 0.0 0 9.2 15 210 M M 8 18 20 220
7 87 71 79 12 0 14 0.01 0.0 0 9.9 18 220 M M 8 3 23 210
8 89 71 80 12 0 15 0.00 0.0 0 10.2 17 270 M M 8 1 26 280
9 90 65 78 10 0 13 0.00 0.0 0 3.8 10 190 M M 4 12 230
10 82 69 76 8 0 11 0.40 0.0 0 6.4 29 140 M M 8 138 40 130
11 76 71 74 6 0 9 1.13 0.0 0 7.9 18 180 M M 10 13 24 180
12 82 69 76 7 0 11 0.06 0.0 0 7.0 17 290 M M 8 13 23 200
13 90 69 80 11 0 15 0.00 0.0 0 6.7 14 250 M M 7 17 240
14 90 70 80 11 0 15 0.00 0.0 0 3.6 14 180 M M 6 1 17 180
15 91 70 81 11 0 16 0.00 0.0 0 6.5 16 270 M M 4 1 23 220
16 87 70 79 9 0 14 0.02 0.0 0 8.3 17 330 M M 7 38 21 320
17 80 69 75 5 0 10 0.00 0.0 0 6.3 12 50 M M 10 14 70
18 86 67 77 7 0 12 0.00 0.0 0 3.3 10 90 M M 6 13 90
19 86 66 76 5 0 11 0.05 0.0 0 4.5 18 330 M M 7 3 24 330
20 80 61 71 0 0 6 T 0.0 0 8.8 17 20 M M 7 1 22 20
21 78 58 68 -3 0 3 0.00 0.0 0 5.0 14 70 M M 7 17 80
22 83 61 72 0 0 7 0.00 0.0 0 4.2 10 80 M M 7 15 90
23 85 63 74 2 0 9 0.00 0.0 0 6.9 16 130 M M 7 22 120
24 85 65 75 3 0 10 0.00 0.0 0 6.6 15 90 M M 5 22 80
25 89 66 78 5 0 13 0.00 0.0 0 6.7 18 80 M M 4 23 80
26 86 64 75 2 0 10 0.00 0.0 0 8.9 16 80 M M 4 22 80
27 84 60 72 -1 0 7 0.00 0.0 0 5.3 13 90 M M 1 17 70
28 87 60 74 0 0 9 0.00 0.0 0 2.5 9 80 M M 2 8 13 60
29 88 64 76 2 0 11 0.00 0.0 0 2.3 10 120 M M 4 15 100
30 90 63 77 3 0 12 0.00 0.0 0 2.7 12 80 M M 5 18 16 80
31 91 65 78 4 0 13 0.00 0.0 0 3.0 12 140 M M 6 8 17 200
================================================================================
SM 2615 1965 9 293 1.72 0.0 192.6 M 180
================================================================================
AV 84.4 63.4 6.2 FASTST M M 6 MAX(MPH)
MISC ----> 29 140 40 130
================================================================================
NOTES:
# LAST OF SEVERAL OCCURRENCES
COLUMN 17 PEAK WIND IN M.P.H.
PRELIMINARY LOCAL CLIMATOLOGICAL DATA (WS FORM: F-6) , PAGE 2
STATION: LITTLE ROCK ADAMS FIELD
MONTH: MAY
YEAR: 2023
LATITUDE: 34 43 N
LONGITUDE: 92 14 W
[TEMPERATURE DATA] [PRECIPITATION DATA] SYMBOLS USED IN COLUMN 16
AVERAGE MONTHLY: 73.9 TOTAL FOR MONTH: 1.72 1 = FOG OR MIST
DPTR FM NORMAL: 4.0 DPTR FM NORMAL: -3.36 2 = FOG REDUCING VISIBILITY
HIGHEST: 91 ON 31,15 GRTST 24HR 1.48 ON 10-11 TO 1/4 MILE OR LESS
LOWEST: 46 ON 1 3 = THUNDER
SNOW, ICE PELLETS, HAIL 4 = ICE PELLETS
TOTAL MONTH: 0.0 INCH 5 = HAIL
GRTST 24HR 0.0 6 = FREEZING RAIN OR DRIZZLE
GRTST DEPTH: 0 7 = DUSTSTORM OR SANDSTORM:
VSBY 1/2 MILE OR LESS
8 = SMOKE OR HAZE
[NO. OF DAYS WITH] [WEATHER - DAYS WITH] 9 = BLOWING SNOW
X = TORNADO
MAX 32 OR BELOW: 0 0.01 INCH OR MORE: 7
MAX 90 OR ABOVE: 7 0.10 INCH OR MORE: 2
MIN 32 OR BELOW: 0 0.50 INCH OR MORE: 1
MIN 0 OR BELOW: 0 1.00 INCH OR MORE: 1
[HDD (BASE 65) ]
TOTAL THIS MO. 9 CLEAR (SCALE 0-3) 5
DPTR FM NORMAL -21 PTCLDY (SCALE 4-7) 20
TOTAL FM JUL 1 2355 CLOUDY (SCALE 8-10) 6
DPTR FM NORMAL -807
[CDD (BASE 65) ]
TOTAL THIS MO. 293
DPTR FM NORMAL 111 [PRESSURE DATA]
TOTAL FM JAN 1 378 HIGHEST SLP 30.18 ON 21
DPTR FM NORMAL 135 LOWEST SLP 29.81 ON 1
[REMARKS]
#FINAL-05-23#