397
CXUS54 KLZK 011130
CF6LIT
PRELIMINARY LOCAL CLIMATOLOGICAL DATA (WS FORM: F-6)
STATION: Little Rock Adams Field
MONTH: SEPTEMBER
YEAR: 2020
LATITUDE: 34 43 N
LONGITUDE: 92 14 W
TEMPERATURE IN F: :PCPN: SNOW: WIND :SUNSHINE: SKY :PK WND
================================================================================
1 2 3 4 5 6A 6B 7 8 9 10 11 12 13 14 15 16 17 18
12Z AVG MX 2MIN
DY MAX MIN AVG DEP HDD CDD WTR SNW DPTH SPD SPD DIR MIN PSBL S-S WX SPD DR
================================================================================
1 86 72 79 -1 0 14 0.47 0.0 0 5.1 14 150 M M 9 138 19 240
2 82 73 78 -2 0 13 0.36 0.0 0 4.4 10 220 M M 10 13 13 210
3 84 73 79 -1 0 14 T 0.0 0 4.9 12 270 M M 9 15 200
4 90 72 81 2 0 16 T 0.0 0 6.0 17 50 M M 9 1 21 30
5 86 67 77 -2 0 12 0.00 0.0 0 4.0 10 50 M M 7 12 40
6 90 65 78 -1 0 13 0.00 0.0 0 3.1 12 210 M M 0 1 15 210
7 90 67 79 1 0 14 0.00 0.0 0 6.0 15 200 M M 4 18 230
8 89 69 79 1 0 14 0.00 0.0 0 4.9 12 130 M M 4 16 140
9 91 70 81 3 0 16 0.00 0.0 0 6.6 14 120 M M 3 17 120
10 91 70 81 4 0 16 0.44 0.0 0 4.1 20 340 M M 6 1 25 330
11 90 70 80 3 0 15 0.00 0.0 0 4.9 12 320 M M 5 15 100
12 91 71 81 4 0 16 0.00 0.0 0 5.3 12 140 M M 4 15 310
13 86 71 79 3 0 14 0.00 0.0 0 6.5 15 50 M M 7 1 19 50
14 86 69 78 2 0 13 0.00 0.0 0 11.1 18 60 M M 5 24 70
15 87 67 77 2 0 12 0.00 0.0 0 7.3 14 50 M M 2 18 50
16 88 69 79 4 0 14 0.00 0.0 0 7.2 14 50 M M 5 1 18 80
17 85 71 78 3 0 13 0.00 0.0 0 7.4 15 10 M M 7 19 40
18 80 63 72 -2 0 7 0.00 0.0 0 10.4 17 50 M M 3 8 23 40
19 77 57 67 -7 0 2 0.00 0.0 0 8.8 16 20 M M 0 21 20
20 81 57 69 -4 0 4 0.00 0.0 0 8.6 16 70 M M 2 20 60
21 76 60 68 -5 0 3 T 0.0 0 7.1 15 90 M M 7 8 19 80
22 69 63 66 -7 0 1 0.99 0.0 0 8.1 13 60 M M 10 1 16 140
23 63 60 62 -10 3 0 0.75 0.0 0 10.8 17 80 M M 10 1 22 50
24 70 60 65 -7 0 0 0.07 0.0 0 7.0 13 340 M M 9 1 17 20
25 75 57 66 -5 0 1 0.00 0.0 0 2.5 8 200 M M 7 12 11 180
26 76 55 66 -5 0 1 0.00 0.0 0 4.3 13 150 M M 5 12 18 210
27 84 57 71 0 0 6 0.00 0.0 0 4.8 13 160 M M 5 1 M M
28 75 55 65 -5 0 0 0.29 0.0 0 12.6 35 330 M M 5 1 41 310
29 74 49 62 -8 3 0 0.00 0.0 0 8.8 21 290 M M 1 26 290
30 83 51 67 -2 0 2 0.00 0.0 0 8.8 18 210 M M 1 23 210
================================================================================
SM 2475 1930 6 266 3.37 0.0 201.4 M 161
================================================================================
AV 82.5 64.3 6.7 FASTST M M 5 MAX(MPH)
MISC ----> # 35 330 # 41 310
================================================================================
NOTES:
# LAST OF SEVERAL OCCURRENCES
COLUMN 17 PEAK WIND IN M.P.H.
PRELIMINARY LOCAL CLIMATOLOGICAL DATA (WS FORM: F-6) , PAGE 2
STATION: Little Rock Adams Field
MONTH: SEPTEMBER
YEAR: 2020
LATITUDE: 34 43 N
LONGITUDE: 92 14 W
[TEMPERATURE DATA] [PRECIPITATION DATA] SYMBOLS USED IN COLUMN 16
AVERAGE MONTHLY: 73.4 TOTAL FOR MONTH: 3.37 1 = FOG OR MIST
DPTR FM NORMAL: -1.6 DPTR FM NORMAL: 0.19 2 = FOG REDUCING VISIBILITY
HIGHEST: 91 ON 12,10 GRTST 24HR 0.99 ON 22-22 TO 1/4 MILE OR LESS
LOWEST: 49 ON 29 3 = THUNDER
SNOW, ICE PELLETS, HAIL 4 = ICE PELLETS
TOTAL MONTH: 0.0 INCH 5 = HAIL
GRTST 24HR 0.0 6 = FREEZING RAIN OR DRIZZLE
GRTST DEPTH: 0 7 = DUSTSTORM OR SANDSTORM:
VSBY 1/2 MILE OR LESS
8 = SMOKE OR HAZE
[NO. OF DAYS WITH] [WEATHER - DAYS WITH] 9 = BLOWING SNOW
X = TORNADO
MAX 32 OR BELOW: 0 0.01 INCH OR MORE: 7
MAX 90 OR ABOVE: 7 0.10 INCH OR MORE: 6
MIN 32 OR BELOW: 0 0.50 INCH OR MORE: 2
MIN 0 OR BELOW: 0 1.00 INCH OR MORE: 0
[HDD (BASE 65) ]
TOTAL THIS MO. 6 CLEAR (SCALE 0-3) 7
DPTR FM NORMAL -5 PTCLDY (SCALE 4-7) 16
TOTAL FM JUL 1 6 CLOUDY (SCALE 8-10) 7
DPTR FM NORMAL -5
[CDD (BASE 65) ]
TOTAL THIS MO. 266
DPTR FM NORMAL -46 [PRESSURE DATA]
TOTAL FM JAN 1 1869 HIGHEST SLP 30.32 ON 5
DPTR FM NORMAL -244 LOWEST SLP 29.72 ON 28
[REMARKS]
#FINAL-09-20#