000
CXUS56 KMFR 011030
CF6LMT
PRELIMINARY LOCAL CLIMATOLOGICAL DATA (WS FORM: F-6)
STATION: KLAMATH FALLS OR
MONTH: FEBRUARY
YEAR: 2022
LATITUDE: 42 9 N
LONGITUDE: 121 44 W
TEMPERATURE IN F: :PCPN: SNOW: WIND :SUNSHINE: SKY :PK WND
================================================================================
1 2 3 4 5 6A 6B 7 8 9 10 11 12 13 14 15 16 17 18
12Z AVG MX 2MIN
DY MAX MIN AVG DEP HDD CDD WTR SNW DPTH SPD SPD DIR MIN PSBL S-S WX SPD DR
================================================================================
1 40 8 24 -9 41 0 0.00 M M 4.7 20 320 M M 0 23 320
2 41 13 27 -6 38 0 0.00 M M 3.3 10 310 M M 3 12 300
3 48 14 31 -2 34 0 0.00 M M 3.1 12 150 M M 0 13 150
4 50 15 33 0 32 0 0.00 M M 2.8 9 160 M M 0 15 140
5 54 13 34 1 31 0 0.00 M M 3.1 10 350 M M 0 12 330
6 59 15 37 3 28 0 0.00 M M 3.1 8 180 M M 0 10 340
7 56 15 36 2 29 0 0.00 M M 2.2 10 340 M M 0 1 12 340
8 60 18 39 5 26 0 0.00 M M 3.8 13 340 M M 0 17 330
9 63 29 46 12 19 0 0.00 M M 5.4 18 330 M M 0 23 320
10 65 23 44 10 21 0 0.00 M M 4.0 12 350 M M 0 14 350
11 60 19 40 6 25 0 0.00 M M 4.9 13 330 M M 0 1 16 330
12 62 20 41 7 24 0 0.00 M M 3.1 8 320 M M 0 14 80
13 66 19 43 9 22 0 0.00 M M 3.2 14 250 M M 0 20 240
14 55 25 40 5 25 0 T M M 9.6 28 260 M M 4 1 39 260
15 47 18 33 -2 32 0 0.00 M M 8.5 18 330 M M 3 1 23 320
16 53 16 35 0 30 0 0.00 M M 5.8 21 320 M M 0 1 29 330
17 54 13 34 -1 31 0 0.00 M M 1.3 8 30 M M 0 10 220
18 60 16 38 3 27 0 0.00 M M 2.1 8 340 M M 0 12 330
19 61 16 39 3 26 0 0.00 M M 5.3 18 290 M M 1 27 290
20 43 19 31 -5 34 0 T M M 12.0 28 280 M M 3 38 280
21 32 19 26 -10 39 0 0.05 M M 6.5 18 250 M M 7 128 24 260
22 30 14 22 -14 43 0 T M M 7.0 18 50 M M 7 24 60
23 33 5 19 -17 46 0 0.00 M M 2.9 9 320 M M 0 14 360
24 41 7 24 -13 41 0 0.00 M M 5.3 20 340 M M 1 25 340
25 45 8 27 -10 38 0 0.00 M M 2.5 10 150 M M 0 14 140
26 50 11 31 -6 34 0 T M M 3.9 22 230 M M 4 29 240
27 54 35 45 8 20 0 T M M 9.8 20 180 M M 7 27 170
28 62 34 48 11 17 0 0.00 M M 9.9 23 230 M M 5 29 220
================================================================================
SM 1444 477 853 0 0.05 M 139.1 M 45
================================================================================
AV 51.6 17.0 5.0 FASTST M M 2 MAX(MPH)
MISC ----> # 28 260 39 260
================================================================================
NOTES:
# LAST OF SEVERAL OCCURRENCES
COLUMN 17 PEAK WIND IN M.P.H.
PRELIMINARY LOCAL CLIMATOLOGICAL DATA (WS FORM: F-6) , PAGE 2
STATION: KLAMATH FALLS OR
MONTH: FEBRUARY
YEAR: 2022
LATITUDE: 42 9 N
LONGITUDE: 121 44 W
[TEMPERATURE DATA] [PRECIPITATION DATA] SYMBOLS USED IN COLUMN 16
AVERAGE MONTHLY: 34.3 TOTAL FOR MONTH: 0.05 1 = FOG OR MIST
DPTR FM NORMAL: -0.6 DPTR FM NORMAL: -1.07 2 = FOG REDUCING VISIBILITY
HIGHEST: 66 ON 13 GRTST 24HR 0.05 ON 21-21 TO 1/4 MILE OR LESS
LOWEST: 5 ON 23 3 = THUNDER
SNOW, ICE PELLETS, HAIL 4 = ICE PELLETS
TOTAL MONTH: M 5 = HAIL
GRTST 24HR M ON M 6 = FREEZING RAIN OR DRIZZLE
GRTST DEPTH: M ON M 7 = DUSTSTORM OR SANDSTORM:
VSBY 1/2 MILE OR LESS
8 = SMOKE OR HAZE
[NO. OF DAYS WITH] [WEATHER - DAYS WITH] 9 = BLOWING SNOW
X = TORNADO
MAX 32 OR BELOW: 2 0.01 INCH OR MORE: 1
MAX 90 OR ABOVE: 0 0.10 INCH OR MORE: 0
MIN 32 OR BELOW: 26 0.50 INCH OR MORE: 0
MIN 0 OR BELOW: 0 1.00 INCH OR MORE: 0
[HDD (BASE 65) ]
TOTAL THIS MO. 853 CLEAR (SCALE 0-3) 22
DPTR FM NORMAL 10 PTCLDY (SCALE 4-7) 6
TOTAL FM JUL 1 4513 CLOUDY (SCALE 8-10) 0
DPTR FM NORMAL -134
[CDD (BASE 65) ]
TOTAL THIS MO. 0
DPTR FM NORMAL 0 [PRESSURE DATA]
TOTAL FM JAN 1 0 HIGHEST SLP 30.63 ON 8
DPTR FM NORMAL 0 LOWEST SLP 29.78 ON 21
[REMARKS]
#FINAL-02-22#