000
CXUS55 KRIW 130156
CF6LND
PRELIMINARY LOCAL CLIMATOLOGICAL DATA (WS FORM: F-6)
STATION: LANDER WY
MONTH: SEPTEMBER
YEAR: 2021
LATITUDE: 42 49 N
LONGITUDE: 108 44 W
TEMPERATURE IN F: :PCPN: SNOW: WIND :SUNSHINE: SKY :PK WND
================================================================================
1 2 3 4 5 6A 6B 7 8 9 10 11 12 13 14 15 16 17 18
12Z AVG MX 2MIN
DY MAX MIN AVG DEP HDD CDD WTR SNW DPTH SPD SPD DIR MIN PSBL S-S WX SPD DR
================================================================================
1 82 59 71 5 0 6 0.05 0.0 0 7.2 25 200 M M 1 38 34 200
2 75 50 63 -2 2 0 0.16 0.0 0 8.2 22 250 M M 2 13 29 320
3 74 50 62 -3 3 0 0.08 0.0 0 8.2 23 140 M M 1 1 30 140
4 80 43 62 -2 3 0 0.00 0.0 0 6.1 14 240 M M 1 17 30
5 86 48 67 3 0 2 0.00 0.0 0 4.4 14 240 M M 0 16 240
6 90 52 71 7 0 6 0.00 0.0 0 6.7 18 310 M M 0 24 310
7 85 52 69 6 0 4 0.00 0.0 0 4.9 15 240 M M 0 20 260
8 85 52 69 6 0 4 0.00 0.0 0 5.9 15 240 M M 0 17 240
9 94 57 76 13 0 11 0.00 0.0 0 7.5 24 220 M M 0 30 300
10 93 58 76 14 0 11 0.00 0.0 0 8.0 44 270 M M 0 8 59 260
11 83 57 70 8 0 5 T 0.0 0 8.8 25 280 M M 1 38 280
12 83 49 66 5 0 1 0.00 0.0 0 5.1 14 280 M M 1 20 280
13 79 52 66 5 0 1 0.14 0.0 0 8.2 28 330 M M 1 3 39 310
14 80 44 62 2 3 0 0.00 0.0 0 5.2 14 230 M M 0 17 270
15 86 47 67 7 0 2 0.00 0.0 0 6.8 23 260 M M 0 29 250
16 83 48 66 6 0 1 0.00 0.0 0 9.8 26 240 M M 0 37 270
17 75 38 57 -2 8 0 0.00 0.0 0 3.7 12 320 M M 0 15 240
18 76 47 62 3 3 0 0.00 0.0 0 9.4 36 220 M M 1 51 210
19 77 45 61 3 4 0 T 0.0 0 12.7 37 260 M M 2 50 270
20 59 36 48 -10 17 0 0.00 0.0 0 5.9 25 210 M M 4 32 210
21 68 31 50 -7 15 0 0.00 0.0 0 4.8 13 240 M M 0 14 240
22 78 40 59 2 6 0 0.00 0.0 0 4.8 20 230 M M 0 23 240
23 75 47 61 5 4 0 0.00 0.0 0 6.3 14 250 M M 0 18 30
24 74 44 59 3 6 0 0.00 0.0 0 4.6 12 260 M M 0 16 30
25 82 43 63 8 2 0 0.00 0.0 0 2.9 15 230 M M 0 19 230
26 86 48 67 12 0 2 0.00 0.0 0 4.7 14 230 M M 0 19 280
27 85 48 67 13 0 2 0.00 0.0 0 6.5 17 240 M M 0 21 230
28 80 48 64 10 1 0 0.00 0.0 0 6.4 30 250 M M 0 38 250
29 58 36 47 -6 18 0 0.06 0.0 0 4.9 16 80 M M 8 1 22 60
30 62 28 45 -8 20 0 0.00 0.0 0 4.5 12 250 M M 0 16 60
================================================================================
SM 2373 1397 115 58 0.49 0.0 193.1 M 23
================================================================================
AV 79.1 46.6 6.4 FASTST M M 1 MAX(MPH)
MISC ----> 44 270 59 260
================================================================================
NOTES:
# LAST OF SEVERAL OCCURRENCES
COLUMN 17 PEAK WIND IN M.P.H.
PRELIMINARY LOCAL CLIMATOLOGICAL DATA (WS FORM: F-6) , PAGE 2
STATION: LANDER WY
MONTH: SEPTEMBER
YEAR: 2021
LATITUDE: 42 49 N
LONGITUDE: 108 44 W
[TEMPERATURE DATA] [PRECIPITATION DATA] SYMBOLS USED IN COLUMN 16
AVERAGE MONTHLY: 62.8 TOTAL FOR MONTH: 0.49 1 = FOG OR MIST
DPTR FM NORMAL: 3.2 DPTR FM NORMAL: -0.49 2 = FOG REDUCING VISIBILITY
HIGHEST: 94 ON 9 GRTST 24HR 0.24 ON 2- 3 TO 1/4 MILE OR LESS
LOWEST: 28 ON 30 3 = THUNDER
SNOW, ICE PELLETS, HAIL 4 = ICE PELLETS
TOTAL MONTH: 0.0 INCH 5 = HAIL
GRTST 24HR 0.0 6 = FREEZING RAIN OR DRIZZLE
GRTST DEPTH: 0 7 = DUSTSTORM OR SANDSTORM:
VSBY 1/2 MILE OR LESS
8 = SMOKE OR HAZE
[NO. OF DAYS WITH] [WEATHER - DAYS WITH] 9 = BLOWING SNOW
X = TORNADO
MAX 32 OR BELOW: 0 0.01 INCH OR MORE: 5
MAX 90 OR ABOVE: 3 0.10 INCH OR MORE: 2
MIN 32 OR BELOW: 2 0.50 INCH OR MORE: 0
MIN 0 OR BELOW: 0 1.00 INCH OR MORE: 0
[HDD (BASE 65) ]
TOTAL THIS MO. 115 CLEAR (SCALE 0-3) 28
DPTR FM NORMAL -80 PTCLDY (SCALE 4-7) 2
TOTAL FM JUL 1 139 CLOUDY (SCALE 8-10) 0
DPTR FM NORMAL -94
[CDD (BASE 65) ]
TOTAL THIS MO. 58
DPTR FM NORMAL 26 [PRESSURE DATA]
TOTAL FM JAN 1 697 HIGHEST SLP 30.50 ON 21
DPTR FM NORMAL 213 LOWEST SLP 29.47 ON 28
[REMARKS]
#FINAL-09-21#