000
CXUS55 KRIW 011010
CF6LND
PRELIMINARY LOCAL CLIMATOLOGICAL DATA (WS FORM: F-6)
STATION: LANDER WY
MONTH: SEPTEMBER
YEAR: 2023
LATITUDE: 42 49 N
LONGITUDE: 108 44 W
TEMPERATURE IN F: :PCPN: SNOW: WIND :SUNSHINE: SKY :PK WND
================================================================================
1 2 3 4 5 6A 6B 7 8 9 10 11 12 13 14 15 16 17 18
12Z AVG MX 2MIN
DY MAX MIN AVG DEP HDD CDD WTR SNW DPTH SPD SPD DIR MIN PSBL S-S WX SPD DR
================================================================================
1 88 56 72 6 0 7 T 0.0 0 9.5 32 200 M M 1 46 170
2 84 58 71 6 0 6 0.00 0.0 0 6.3 18 150 M M 2 25 150
3 87 56 72 7 0 7 0.01 0.0 0 7.2 31 250 M M 3 45 250
4 61 51 56 -8 9 0 0.42 0.0 0 4.1 12 350 M M 8 1 14 60
5 70 51 61 -3 4 0 0.02 0.0 0 6.9 13 230 M M 8 1 17 130
6 81 48 65 1 0 0 0.00 0.0 0 5.5 20 230 M M 1 3 29 230
7 83 50 67 4 0 2 0.00 0.0 0 6.2 17 270 M M 1 24 330
8 86 48 67 4 0 2 0.00 0.0 0 5.0 17 270 M M 1 23 250
9 80 50 65 2 0 0 0.00 0.0 0 6.1 13 50 M M 0 20 330
10 75 50 63 1 2 0 0.04 0.0 0 8.2 24 20 M M 5 3 32 30
11 76 43 60 -2 5 0 0.00 0.0 0 4.3 14 240 M M 1 16 240
12 81 48 65 4 0 0 0.00 0.0 0 5.3 15 250 M M 0 20 250
13 77 49 63 2 2 0 0.05 0.0 0 7.6 40 200 M M 5 13 62 210
14 67 48 58 -2 7 0 0.01 0.0 0 3.9 20 150 M M 6 3 26 150
15 74 44 59 -1 6 0 0.00 0.0 0 3.7 14 20 M M 0 19 10
16 79 46 63 3 2 0 0.00 0.0 0 6.1 14 20 M M 0 22 30
17 82 48 65 6 0 0 0.00 0.0 0 6.0 16 230 M M 0 21 220
18 82 56 69 10 0 4 0.00 0.0 0 8.9 24 290 M M 1 31 290
19 80 52 66 8 0 1 0.00 0.0 0 9.1 31 230 M M 1 43 220
20 72 49 61 3 4 0 T 0.0 0 7.5 36 200 M M 2 45 220
21 71 45 58 1 7 0 0.01 0.0 0 5.4 17 300 M M 4 3 24 290
22 66 45 56 -1 9 0 T 0.0 0 10.2 35 220 M M 3 50 210
23 68 36 52 -4 13 0 0.00 0.0 0 5.2 14 330 M M 0 18 330
24 74 38 56 0 9 0 0.00 0.0 0 3.3 12 360 M M 0 15 20
25 80 42 61 6 4 0 0.00 0.0 0 5.6 16 220 M M 0 21 210
26 83 45 64 9 1 0 0.00 0.0 0 6.1 17 240 M M 0 25 230
27 84 45 65 11 0 0 0.00 0.0 0 8.2 26 230 M M 0 36 230
28 72 49 61 7 4 0 0.00 0.0 0 5.7 12 340 M M 1 16 330
29 77 41 59 6 6 0 0.00 0.0 0 4.2 13 240 M M 1 16 240
30 83 42 63 10 2 0 0.00 0.0 0 10.2 33 180 M M 0 45 180
================================================================================
SM 2323 1429 96 29 0.56 0.0 191.5 M 55
================================================================================
AV 77.4 47.6 6.4 FASTST M M 2 MAX(MPH)
MISC ----> 40 200 62 210
================================================================================
NOTES:
# LAST OF SEVERAL OCCURRENCES
COLUMN 17 PEAK WIND IN M.P.H.
PRELIMINARY LOCAL CLIMATOLOGICAL DATA (WS FORM: F-6) , PAGE 2
STATION: LANDER WY
MONTH: SEPTEMBER
YEAR: 2023
LATITUDE: 42 49 N
LONGITUDE: 108 44 W
[TEMPERATURE DATA] [PRECIPITATION DATA] SYMBOLS USED IN COLUMN 16
AVERAGE MONTHLY: 62.5 TOTAL FOR MONTH: 0.56 1 = FOG OR MIST
DPTR FM NORMAL: 2.9 DPTR FM NORMAL: -0.42 2 = FOG REDUCING VISIBILITY
HIGHEST: 88 ON 1 GRTST 24HR 0.44 ON 4- 5 TO 1/4 MILE OR LESS
LOWEST: 36 ON 23 3 = THUNDER
SNOW, ICE PELLETS, HAIL 4 = ICE PELLETS
TOTAL MONTH: 0.0 INCH 5 = HAIL
GRTST 24HR 0.0 6 = FREEZING RAIN OR DRIZZLE
GRTST DEPTH: 0 7 = DUSTSTORM OR SANDSTORM:
VSBY 1/2 MILE OR LESS
8 = SMOKE OR HAZE
[NO. OF DAYS WITH] [WEATHER - DAYS WITH] 9 = BLOWING SNOW
X = TORNADO
MAX 32 OR BELOW: 0 0.01 INCH OR MORE: 7
MAX 90 OR ABOVE: 0 0.10 INCH OR MORE: 1
MIN 32 OR BELOW: 0 0.50 INCH OR MORE: 0
MIN 0 OR BELOW: 0 1.00 INCH OR MORE: 0
[HDD (BASE 65) ]
TOTAL THIS MO. 96 CLEAR (SCALE 0-3) 23
DPTR FM NORMAL -99 PTCLDY (SCALE 4-7) 7
TOTAL FM JUL 1 142 CLOUDY (SCALE 8-10) 0
DPTR FM NORMAL -91
[CDD (BASE 65) ]
TOTAL THIS MO. 29
DPTR FM NORMAL -3 [PRESSURE DATA]
TOTAL FM JAN 1 361 HIGHEST SLP 30.24 ON 15
DPTR FM NORMAL -123 LOWEST SLP 29.58 ON 30
[REMARKS]
#FINAL-09-23#