000
CXUS53 KMKX 010910
CF6LNR
PRELIMINARY LOCAL CLIMATOLOGICAL DATA (WS FORM: F-6)
STATION: LONE ROCK WI
MONTH: JANUARY
YEAR: 2023
LATITUDE: 43 12 N
LONGITUDE: 90 11 W
TEMPERATURE IN F: :PCPN: SNOW: WIND :SUNSHINE: SKY :PK WND
================================================================================
1 2 3 4 5 6A 6B 7 8 9 10 11 12 13 14 15 16 17 18
12Z AVG MX 2MIN
DY MAX MIN AVG DEP HDD CDD WTR SNW DPTH SPD SPD DIR MIN PSBL S-S WX SPD DR
================================================================================
1 41 29 35 15 30 0 T M M 2.7 8 170 M M 6 18 11 250
2 36 27 32 12 33 0 0.04 M M 3.5 10 60 M M 3 168 14 40
3 37 32 35 15 30 0 0.15 M M 9.5 20 80 M M 10 168 27 90
4 36 31 34 14 31 0 0.01 M M 3.8 9 220 M M 10 128 13 240
5 34 29 32 12 33 0 0.11 M M 5.0 14 310 M M 10 1 19 300
6 30 15 23 4 42 0 0.00 M M 4.5 12 300 M M 7 18 15 280
7 27 14 21 2 44 0 0.00 M M 2.6 8 40 M M 6 18 10 40
8 26 13 20 1 45 0 0.00 M M 3.5 12 280 M M 9 18 15 260
9 41 11 26 7 39 0 0.00 M M 3.3 15 190 M M 1 18 25 180
10 39 22 31 12 34 0 0.00 M M 1.6 8 250 M M 6 128 10 300
11 44 28 36 17 29 0 0.00 M M 2.8 12 10 M M 6 18 14 10
12 36 30 33 14 32 0 T M M 8.7 17 350 M M 10 18 24 350
13 31 24 28 10 37 0 0.00 M M 7.8 20 10 M M 10 28 350
14 32 22 27 9 38 0 0.00 M M 7.0 13 120 M M 5 17 130
15 42 27 35 17 30 0 0.00 M M 9.5 17 150 M M 1 8 23 160
16 42 35 39 21 26 0 0.71 M M 8.0 14 90 M M 10 12 20 140
17 42 34 38 20 27 0 T M M 9.5 17 290 M M 10 1 25 280
18 37 31 34 16 31 0 M M M 9.1 28 80 M M 10 1 41 50
19 36 31 34 16 31 0 0.06 M M 6.2 17 300 M M 10 128 24 300
20 33 27 30 12 35 0 T M M 10.4 20 300 M M 10 27 300
21 27 20 24 6 41 0 0.00 M M 4.8 12 220 M M 10 1 15 220
22 27 22 25 7 40 0 0.00 M M 3.6 10 350 M M 10 18 14 360
23 29 18 24 6 41 0 0.00 M M 7.8 15 280 M M 8 18 24 270
24 32 24 28 10 37 0 0.00 M M 4.5 13 250 M M 9 18 17 260
25 34 27 31 13 34 0 0.04 M M 2.4 8 360 M M 10 18 10 20
26 31 7 19 1 46 0 T M M 8.0 16 300 M M 8 1 21 310
27 35 11 23 5 42 0 T M M 10.6 28 280 M M 6 18 43 270
28 18 9 14 -4 51 0 T M M 4.7 14 50 M M 8 18 19 20
29 18 6 12 -7 53 0 T M M 7.8 13 300 M M 7 8 17 290
30 10 -7 2 -17 63 0 0.00 M M 8.5 16 300 M M 4 23 300
31 11 -24 -6 -25 71 0 0.00 0.0 M 3.4 13 210 M M 0 18 17 210
================================================================================
SM 994 625 1196 0 1.12 0.0 185.1 M 230
================================================================================
AV 32.1 20.2 6.0 FASTST M M 7 MAX(MPH)
MISC ----> # 28 80 43 270
================================================================================
NOTES:
# LAST OF SEVERAL OCCURRENCES
COLUMN 17 PEAK WIND IN M.P.H.
PRELIMINARY LOCAL CLIMATOLOGICAL DATA (WS FORM: F-6) , PAGE 2
STATION: LONE ROCK WI
MONTH: JANUARY
YEAR: 2023
LATITUDE: 43 12 N
LONGITUDE: 90 11 W
[TEMPERATURE DATA] [PRECIPITATION DATA] SYMBOLS USED IN COLUMN 16
AVERAGE MONTHLY: 26.1 TOTAL FOR MONTH: 1.12 1 = FOG OR MIST
DPTR FM NORMAL: 7.4 DPTR FM NORMAL: 0.24 2 = FOG REDUCING VISIBILITY
HIGHEST: 44 ON 11 GRTST 24HR 0.71 ON 16-16 TO 1/4 MILE OR LESS
LOWEST: -24 ON 31 3 = THUNDER
SNOW, ICE PELLETS, HAIL 4 = ICE PELLETS
TOTAL MONTH: 0.0 INCH 5 = HAIL
GRTST 24HR 0.0 6 = FREEZING RAIN OR DRIZZLE
GRTST DEPTH: M ON M 7 = DUSTSTORM OR SANDSTORM:
VSBY 1/2 MILE OR LESS
8 = SMOKE OR HAZE
[NO. OF DAYS WITH] [WEATHER - DAYS WITH] 9 = BLOWING SNOW
X = TORNADO
MAX 32 OR BELOW: 14 0.01 INCH OR MORE: 7
MAX 90 OR ABOVE: 0 0.10 INCH OR MORE: 3
MIN 32 OR BELOW: 29 0.50 INCH OR MORE: 1
MIN 0 OR BELOW: 2 1.00 INCH OR MORE: 0
[HDD (BASE 65) ]
TOTAL THIS MO. 1196 CLEAR (SCALE 0-3) 3
DPTR FM NORMAL -239 PTCLDY (SCALE 4-7) 12
TOTAL FM JUL 1 3661 CLOUDY (SCALE 8-10) 16
DPTR FM NORMAL -525
[CDD (BASE 65) ]
TOTAL THIS MO. 0
DPTR FM NORMAL 0 [PRESSURE DATA]
TOTAL FM JAN 1 0 HIGHEST SLP 30.51 ON 31
DPTR FM NORMAL 0 LOWEST SLP 29.36 ON 16
[REMARKS]
#FINAL-01-23#