000
CXUS53 KLMK 010810
CF6LOU
PRELIMINARY LOCAL CLIMATOLOGICAL DATA (WS FORM: F-6)
STATION: LOUISVILLE BOWMAN KY
MONTH: JANUARY
YEAR: 2022
LATITUDE: 38 13 N
LONGITUDE: 85 39 W
TEMPERATURE IN F: :PCPN: SNOW: WIND :SUNSHINE: SKY :PK WND
================================================================================
1 2 3 4 5 6A 6B 7 8 9 10 11 12 13 14 15 16 17 18
12Z AVG MX 2MIN
DY MAX MIN AVG DEP HDD CDD WTR SNW DPTH SPD SPD DIR MIN PSBL S-S WX SPD DR
================================================================================
1 64 55 60 24 5 0 1.91 M M 5.0 17 140 M M 10 1 26 320
2 57 31 44 8 21 0 0.09 M M 10.0 18 20 M M 10 1 26 30
3 36 24 30 -6 35 0 0.00 M M 5.4 15 360 M M 3 24 350
4 46 23 35 -1 30 0 0.00 M M 9.0 22 180 M M 0 32 200
5 49 29 39 4 26 0 0.00 M M 15.4 26 210 M M 0 39 220
6 29 16 23 -12 42 0 0.11 M M 7.4 15 290 M M 8 12 21 320
7 21 10 16 -19 49 0 T M M 6.0 12 270 M M 5 8 16 250
8 45 14 30 -5 35 0 0.34 M M 8.4 22 170 M M 5 33 170
9 47 28 38 3 27 0 1.20 M M 8.7 21 170 M M 6 1 31 180
10 37 20 29 -6 36 0 0.00 M M 7.6 17 270 M M 1 24 220
11 38 18 28 -7 37 0 0.00 M M 6.9 13 190 M M 0 18 180
12 54 30 42 7 23 0 0.00 M M 9.3 20 200 M M 0 26 210
13 50 31 41 6 24 0 0.00 M M 5.9 15 240 M M 2 20 240
14 40 31 36 1 29 0 0.00 M M 6.0 14 70 M M 7 18 18 90
15 38 29 34 -1 31 0 T M M 10.0 16 40 M M 7 8 23 60
16 32 27 30 -5 35 0 0.04 M M 7.6 15 350 M M 6 1 23 360
17 32 28 30 -5 35 0 T M M 11.5 20 280 M M 9 18 27 270
18 46 22 34 -1 31 0 0.00 M M 7.4 18 180 M M 3 26 170
19 54 29 42 7 23 0 0.20 M M 9.7 17 350 M M 7 1 29 340
20 29 21 25 -10 40 0 T M M 9.3 18 360 M M 9 8 28 10
21 30 18 24 -11 41 0 0.00 M M 6.8 15 30 M M 5 18 30
22 35 12 24 -11 41 0 0.00 M M 6.1 15 240 M M 1 20 230
23 42 24 33 -2 32 0 0.00 M M 7.7 18 290 M M 4 26 330
24 51 23 37 2 28 0 T M M 9.0 20 250 M M 7 28 240
25 39 21 30 -5 35 0 0.00 M M 7.6 14 10 M M 4 22 320
26 27 11 19 -16 46 0 0.00 M M 3.2 10 350 M M 0 16 10
27 40 14 27 -8 38 0 T M M 4.8 14 270 M M 7 1 21 250
28 35 16 26 -9 39 0 0.12 M M 6.2 17 340 M M 9 1268 27 350
29 28 4 16 -19 49 0 0.00 M M 4.2 13 230 M M 3 18 15 230
30 45 22 34 -1 31 0 0.00 M M 7.5 15 290 M M 0 18 300
31 44 22 33 -3 32 0 0.00 M M 2.6 9 190 M M 0 18 14 110
================================================================================
SM 1260 703 1026 0 4.01 M 232.2 M 138
================================================================================
AV 40.6 22.7 7.5 FASTST M M 4 MAX(MPH)
MISC ----> 26 210 39 220
================================================================================
NOTES:
# LAST OF SEVERAL OCCURRENCES
COLUMN 17 PEAK WIND IN M.P.H.
PRELIMINARY LOCAL CLIMATOLOGICAL DATA (WS FORM: F-6) , PAGE 2
STATION: LOUISVILLE BOWMAN KY
MONTH: JANUARY
YEAR: 2022
LATITUDE: 38 13 N
LONGITUDE: 85 39 W
[TEMPERATURE DATA] [PRECIPITATION DATA] SYMBOLS USED IN COLUMN 16
AVERAGE MONTHLY: 31.7 TOTAL FOR MONTH: 4.01 1 = FOG OR MIST
DPTR FM NORMAL: -3.3 DPTR FM NORMAL: 0.73 2 = FOG REDUCING VISIBILITY
HIGHEST: 64 ON 1 GRTST 24HR 2.57 ON 31- 1 TO 1/4 MILE OR LESS
LOWEST: 4 ON 29 3 = THUNDER
SNOW, ICE PELLETS, HAIL 4 = ICE PELLETS
TOTAL MONTH: M 5 = HAIL
GRTST 24HR M ON M 6 = FREEZING RAIN OR DRIZZLE
GRTST DEPTH: M ON M 7 = DUSTSTORM OR SANDSTORM:
VSBY 1/2 MILE OR LESS
8 = SMOKE OR HAZE
[NO. OF DAYS WITH] [WEATHER - DAYS WITH] 9 = BLOWING SNOW
X = TORNADO
MAX 32 OR BELOW: 8 0.01 INCH OR MORE: 8
MAX 90 OR ABOVE: 0 0.10 INCH OR MORE: 6
MIN 32 OR BELOW: 30 0.50 INCH OR MORE: 2
MIN 0 OR BELOW: 0 1.00 INCH OR MORE: 2
[HDD (BASE 65) ]
TOTAL THIS MO. 1026 CLEAR (SCALE 0-3) 12
DPTR FM NORMAL 96 PTCLDY (SCALE 4-7) 14
TOTAL FM JUL 1 2274 CLOUDY (SCALE 8-10) 5
DPTR FM NORMAL -264
[CDD (BASE 65) ]
TOTAL THIS MO. 0
DPTR FM NORMAL 0 [PRESSURE DATA]
TOTAL FM JAN 1 0 HIGHEST SLP 30.62 ON 11
DPTR FM NORMAL 0 LOWEST SLP 29.58 ON 1
[REMARKS]
#FINAL-01-22#