000
CXUS53 KLMK 010810
CF6LOU
PRELIMINARY LOCAL CLIMATOLOGICAL DATA (WS FORM: F-6)
STATION: LOUISVILLE BOWMAN KY
MONTH: DECEMBER
YEAR: 2023
LATITUDE: 38 13 N
LONGITUDE: 85 39 W
TEMPERATURE IN F: :PCPN: SNOW: WIND :SUNSHINE: SKY :PK WND
================================================================================
1 2 3 4 5 6A 6B 7 8 9 10 11 12 13 14 15 16 17 18
12Z AVG MX 2MIN
DY MAX MIN AVG DEP HDD CDD WTR SNW DPTH SPD SPD DIR MIN PSBL S-S WX SPD DR
================================================================================
1 56 43 50 8 15 0 0.20 M M 7.9 30 200 M M 10 1 43 200
2 54 48 51 9 14 0 0.00 M M 2.8 8 300 M M 9 10 300
3 54 34 44 2 21 0 0.00 M M 7.0 23 230 M M 6 1 33 230
4 48 32 40 -1 25 0 0.12 M M 2.3 9 30 M M 5 1 13 60
5 48 32 40 -1 25 0 0.01 M M 5.0 13 170 M M 7 12 17 310
6 45 31 38 -3 27 0 0.04 M M 5.8 13 340 M M 7 1 21 330
7 58 30 44 3 21 0 0.00 M M 10.1 20 210 M M 1 25 210
8 61 42 52 12 13 0 0.00 M M 11.1 17 180 M M 6 27 190
9 62 43 53 13 12 0 0.54 M M 9.2 22 170 M M 10 13 29 190
10 46 34 40 0 25 0 0.00 M M 6.6 14 280 M M 8 20 310
11 43 30 37 -3 28 0 0.00 M M 3.7 12 310 M M 5 17 310
12 53 27 40 0 25 0 0.00 M M 5.1 15 250 M M 0 8 20 220
13 50 29 40 1 25 0 0.00 M M 1.4 6 350 M M 0 10 90
14 56 24 40 1 25 0 0.00 M M 0.3 6 160 M M 0 7 170
15 59 25 42 3 23 0 0.00 M M 1.9 9 120 M M 0 12 160
16 59 34 47 8 18 0 0.18 M M 6.7 20 150 M M 3 1 26 150
17 53 41 47 9 18 0 0.11 M M 8.6 15 270 M M 9 1 19 280
18 41 27 34 -4 31 0 T M M 13.5 29 290 M M 9 8 38 300
19 38 18 28 -10 37 0 0.00 M M 4.0 12 310 M M 0 16 310
20 51 26 39 1 26 0 0.00 M M 4.4 10 150 M M 0 15 180
21 52 32 42 4 23 0 0.00 M M 3.1 9 210 M M 0 13 200
22 57 28 43 5 22 0 T M M 4.3 14 170 M M 4 19 170
23 51 46 49 12 16 0 0.03 M M 6.7 12 160 M M 10 1 14 160
24 65 47 56 19 9 0 0.04 M M 4.6 13 160 M M 7 1 16 190
25 57 47 52 15 13 0 0.46 M M 9.0 21 110 M M 7 1 29 120
26 54 38 46 9 19 0 0.00 M M 3.8 14 220 M M 6 12 18 220
27 52 30 41 4 24 0 0.00 M M 1.4 10 70 M M 3 12 13 70
28 44 34 39 3 26 0 0.02 M M 9.9 18 240 M M 9 1 26 240
29 38 34 36 0 29 0 0.01 M M 7.8 13 220 M M 10 1 18 200
30 40 34 37 1 28 0 0.01 M M 9.2 16 240 M M 9 1 23 250
31 45 31 38 2 27 0 0.00 M M 9.7 17 290 M M 8 18 25 270
================================================================================
SM 1590 1051 690 0 1.77 M 186.9 M 168
================================================================================
AV 51.3 33.9 6.0 FASTST M M 5 MAX(MPH)
MISC ----> 30 200 43 200
================================================================================
NOTES:
# LAST OF SEVERAL OCCURRENCES
COLUMN 17 PEAK WIND IN M.P.H.
PRELIMINARY LOCAL CLIMATOLOGICAL DATA (WS FORM: F-6) , PAGE 2
STATION: LOUISVILLE BOWMAN KY
MONTH: DECEMBER
YEAR: 2023
LATITUDE: 38 13 N
LONGITUDE: 85 39 W
[TEMPERATURE DATA] [PRECIPITATION DATA] SYMBOLS USED IN COLUMN 16
AVERAGE MONTHLY: 42.6 TOTAL FOR MONTH: 1.77 1 = FOG OR MIST
DPTR FM NORMAL: 3.8 DPTR FM NORMAL: -2.11 2 = FOG REDUCING VISIBILITY
HIGHEST: 65 ON 24 GRTST 24HR 0.54 ON 9- 9 TO 1/4 MILE OR LESS
LOWEST: 18 ON 19 3 = THUNDER
SNOW, ICE PELLETS, HAIL 4 = ICE PELLETS
TOTAL MONTH: M 5 = HAIL
GRTST 24HR M ON M 6 = FREEZING RAIN OR DRIZZLE
GRTST DEPTH: M ON M 7 = DUSTSTORM OR SANDSTORM:
VSBY 1/2 MILE OR LESS
8 = SMOKE OR HAZE
[NO. OF DAYS WITH] [WEATHER - DAYS WITH] 9 = BLOWING SNOW
X = TORNADO
MAX 32 OR BELOW: 0 0.01 INCH OR MORE: 13
MAX 90 OR ABOVE: 0 0.10 INCH OR MORE: 6
MIN 32 OR BELOW: 16 0.50 INCH OR MORE: 1
MIN 0 OR BELOW: 0 1.00 INCH OR MORE: 0
[HDD (BASE 65) ]
TOTAL THIS MO. 690 CLEAR (SCALE 0-3) 10
DPTR FM NORMAL -122 PTCLDY (SCALE 4-7) 12
TOTAL FM JUL 1 1438 CLOUDY (SCALE 8-10) 9
DPTR FM NORMAL -176
[CDD (BASE 65) ]
TOTAL THIS MO. 0
DPTR FM NORMAL 0 [PRESSURE DATA]
TOTAL FM JAN 1 1260 HIGHEST SLP 30.79 ON 14
DPTR FM NORMAL -283 LOWEST SLP 29.77 ON 3
[REMARKS]
#FINAL-12-23#