000
CXUS55 KJKL 011310
CF6LOZ
PRELIMINARY LOCAL CLIMATOLOGICAL DATA (WS FORM: F-6)
STATION: LONDON KY
MONTH: JULY
YEAR: 2021
LATITUDE: 37 4 N
LONGITUDE: 84 5 W
TEMPERATURE IN F: :PCPN: SNOW: WIND :SUNSHINE: SKY :PK WND
================================================================================
1 2 3 4 5 6A 6B 7 8 9 10 11 12 13 14 15 16 17 18
12Z AVG MX 2MIN
DY MAX MIN AVG DEP HDD CDD WTR SNW DPTH SPD SPD DIR MIN PSBL S-S WX SPD DR
================================================================================
1 83 66 75 -1 0 10 1.31 M M 5.0 15 240 M M 6 13 20 240
2 80 60 70 -6 0 5 0.00 M M 6.1 16 30 M M 5 1 24 20
3 78 55 67 -9 0 2 0.00 M M 2.4 10 340 M M 2 18 15 340
4 84 59 72 -4 0 7 0.00 M M 3.6 12 260 M M 3 18 15 260
5 88 67 78 2 0 13 T M M 1.4 10 330 M M 4 13 15 310
6 89 67 78 2 0 13 T M M 2.3 9 240 M M 2 12 13 170
7 82 69 76 0 0 11 0.01 M M 3.7 18 200 M M 6 1 25 200
8 85 70 78 2 0 13 0.13 M M 5.1 17 230 M M 6 1 28 230
9 86 70 78 2 0 13 0.49 M M 6.1 23 270 M M 5 13 32 250
10 84 66 75 -1 0 10 1.84 M M 4.7 20 180 M M 4 123 25 180
11 85 68 77 1 0 12 0.87 M M 7.3 20 300 M M 6 123 28 310
12 85 68 77 1 0 12 0.06 M M 7.0 17 190 M M 4 1 27 190
13 82 70 76 0 0 11 0.31 M M 6.6 20 200 M M 5 1 29 200
14 84 69 77 1 0 12 T M M 3.8 10 210 M M 4 1 18 230
15 88 67 78 2 0 13 0.10 M M 3.5 13 240 M M 2 13 20 250
16 84 68 76 0 0 11 0.40 M M 2.9 18 180 M M 1 138 31 170
17 83 68 76 0 0 11 1.74 M M 7.0 16 240 M M 7 13 22 240
18 80 68 74 -2 0 9 0.10 M M 4.0 14 30 M M 6 13 19 40
19 84 65 75 -1 0 10 0.00 M M 5.2 13 70 M M 2 22 30
20 85 67 76 0 0 11 0.00 M M 4.5 12 40 M M 0 1 17 20
21 85 65 75 -1 0 10 0.00 M M 2.3 13 350 M M 4 128 17 350
22 83 65 74 -2 0 9 0.00 M M 4.4 10 360 M M 0 18 16 60
23 85 61 73 -3 0 8 0.00 M M 2.8 9 30 M M 0 1 13 40
24 87 62 75 -1 0 10 0.00 M M 3.2 12 240 M M 0 18 17 230
25 90 68 79 3 0 14 0.03 M M 3.1 12 260 M M 2 13 17 230
26 85 71 78 2 0 13 0.85 M M 2.5 10 310 M M 2 13 14 310
27 89 69 79 3 0 14 0.00 M M 2.3 13 20 M M 1 12 18 10
28 88 64 76 0 0 11 0.00 M M 1.2 8 30 M M 0 1 12 310
29 88 67 78 2 0 13 0.00 M M 4.5 12 270 M M 1 1 16 200
30 87 69 78 2 0 13 1.21 M M 5.6 20 30 M M 4 13 30 40
31 85 65 75 -1 0 10 0.00 M M 3.6 13 270 M M 3 1 19 250
================================================================================
SM 2631 2053 0 334 9.45 M 127.7 M 97
================================================================================
AV 84.9 66.2 4.1 FASTST M M 3 MAX(MPH)
MISC ----> 23 270 32 250
================================================================================
NOTES:
# LAST OF SEVERAL OCCURRENCES
COLUMN 17 PEAK WIND IN M.P.H.
PRELIMINARY LOCAL CLIMATOLOGICAL DATA (WS FORM: F-6) , PAGE 2
STATION: LONDON KY
MONTH: JULY
YEAR: 2021
LATITUDE: 37 4 N
LONGITUDE: 84 5 W
[TEMPERATURE DATA] [PRECIPITATION DATA] SYMBOLS USED IN COLUMN 16
AVERAGE MONTHLY: 75.5 TOTAL FOR MONTH: 9.45 1 = FOG OR MIST
DPTR FM NORMAL: -0.8 DPTR FM NORMAL: 4.29 2 = FOG REDUCING VISIBILITY
HIGHEST: 90 ON 25 GRTST 24HR 1.84 ON 10-10 TO 1/4 MILE OR LESS
LOWEST: 55 ON 3 3 = THUNDER
SNOW, ICE PELLETS, HAIL 4 = ICE PELLETS
TOTAL MONTH: M 5 = HAIL
GRTST 24HR M ON M 6 = FREEZING RAIN OR DRIZZLE
GRTST DEPTH: M ON M 7 = DUSTSTORM OR SANDSTORM:
VSBY 1/2 MILE OR LESS
8 = SMOKE OR HAZE
[NO. OF DAYS WITH] [WEATHER - DAYS WITH] 9 = BLOWING SNOW
X = TORNADO
MAX 32 OR BELOW: 0 0.01 INCH OR MORE: 15
MAX 90 OR ABOVE: 1 0.10 INCH OR MORE: 12
MIN 32 OR BELOW: 0 0.50 INCH OR MORE: 6
MIN 0 OR BELOW: 0 1.00 INCH OR MORE: 4
[HDD (BASE 65) ]
TOTAL THIS MO. 0 CLEAR (SCALE 0-3) 16
DPTR FM NORMAL 0 PTCLDY (SCALE 4-7) 15
TOTAL FM JUL 1 0 CLOUDY (SCALE 8-10) 0
DPTR FM NORMAL 0
[CDD (BASE 65) ]
TOTAL THIS MO. 334
DPTR FM NORMAL -16 [PRESSURE DATA]
TOTAL FM JAN 1 674 HIGHEST SLP 30.27 ON 14
DPTR FM NORMAL -49 LOWEST SLP 29.89 ON 8
[REMARKS]
#FINAL-07-21#