000
CXUS54 KCRP 012043
CF6LRD
PRELIMINARY LOCAL CLIMATOLOGICAL DATA (WS FORM: F-6)
STATION: LAREDO
MONTH: MAY
YEAR: 2021
LATITUDE: 27 31 N
LONGITUDE: 99 28 W
TEMPERATURE IN F: :PCPN: SNOW: WIND :SUNSHINE: SKY :PK WND
================================================================================
1 2 3 4 5 6A 6B 7 8 9 10 11 12 13 14 15 16 17 18
12Z AVG MX 2MIN
DY MAX MIN AVG DEP HDD CDD WTR SNW DPTH SPD SPD DIR MIN PSBL S-S WX SPD DR
================================================================================
1 85 67 76 -2 0 11 0.08 0.0 0 M M M M M 6 1 M M
2 102 63 83 5 0 18 0.00 0.0 0 M M M M M 0 M M
3 107 73 90 11 0 25 0.00 0.0 0 M M M M M 0 18 M M
4 91 73 82 3 0 17 0.01 0.0 0 M M M M M 5 18 M M
5 93 66 80 1 0 15 0.00 0.0 0 M M M M M 0 M M
6 95 64 80 1 0 15 0.00 0.0 0 M M M M M 0 M M
7 96 61 79 -1 0 14 0.00 0.0 0 M M M M M 0 M M
8 99 72 86 6 0 21 0.00 0.0 0 M M M M M 2 M M
9 104 76 90 10 0 25 0.00 0.0 0 M M M M M 0 M M
10 102 76 89 9 0 24 0.00 0.0 0 M M M M M 1 M M
11 98 71 85 4 0 20 0.08 0.0 0 M M M M M 8 38 M M
12 72 64 68 -13 0 3 0.03 0.0 0 M M M M M 10 1 M M
13 82 64 73 -8 0 8 0.00 0.0 0 M M M M M 10 M M
14 90 66 78 -3 0 13 0.00 0.0 0 M M M M M 6 M M
15 88 72 80 -2 0 15 T 0.0 0 M M M M M 7 M M
16 98 72 85 3 0 20 0.02 0.0 0 M M M M M 4 3 M M
17 103 66 85 3 0 20 0.86 0.0 0 M M 80 M M 5 13 M M
18 94 69 82 -1 0 17 T 0.0 0 M M M M M 4 3 M M
19 80 66 73 -10 0 8 0.74 0.0 0 M M M M M 3 13 M M
20 93 62 78 -5 0 13 0.00 0.0 0 M M M M M 0 M M
21 93 72 83 0 0 18 0.00 0.0 0 M M M M M 5 M M
22 95 72 84 0 0 19 0.00 0.0 0 M M M M M 4 M M
23 94 73 84 0 0 19 0.00 0.0 0 M M M M M M M M
24 96 74 85 1 0 20 0.00 0.0 0 M M M M M 6 M M
25 98 76 87 3 0 22 0.00 0.0 0 M M M M M 5 M M
26 99 79 89 4 0 24 0.00 0.0 0 M M M M M 6 M M
27 98 76 87 2 0 22 0.00 0.0 0 M M M M M 3 8 M M
28 98 77 88 3 0 23 0.00 0.0 0 M M M M M 4 M M
29 89 67 78 -8 0 13 0.42 0.0 0 M M M M M 5 13 M M
30 95 75 85 -1 0 20 0.00 0.0 0 M M M M M 5 M M
31 92 76 84 -2 0 19 0.00 0.0 0 M M M M M 8 M M
================================================================================
SM 2919 2180 0 541 2.24 0.0 M M 122
================================================================================
AV 94.2 70.3 M FASTST M M 4 MAX(MPH)
MISC ----> M M M M
================================================================================
NOTES:
# LAST OF SEVERAL OCCURRENCES
COLUMN 17 PEAK WIND IN M.P.H.
PRELIMINARY LOCAL CLIMATOLOGICAL DATA (WS FORM: F-6) , PAGE 2
STATION: LAREDO
MONTH: MAY
YEAR: 2021
LATITUDE: 27 31 N
LONGITUDE: 99 28 W
[TEMPERATURE DATA] [PRECIPITATION DATA] SYMBOLS USED IN COLUMN 16
AVERAGE MONTHLY: 82.2 TOTAL FOR MONTH: 2.24 1 = FOG OR MIST
DPTR FM NORMAL: 0.1 DPTR FM NORMAL: -0.52 2 = FOG REDUCING VISIBILITY
HIGHEST: 107 ON 3 GRTST 24HR 0.86 ON 17-17 TO 1/4 MILE OR LESS
LOWEST: 61 ON 7 3 = THUNDER
SNOW, ICE PELLETS, HAIL 4 = ICE PELLETS
TOTAL MONTH: 0.0 INCH 5 = HAIL
GRTST 24HR 0.0 6 = FREEZING RAIN OR DRIZZLE
GRTST DEPTH: 0 7 = DUSTSTORM OR SANDSTORM:
VSBY 1/2 MILE OR LESS
8 = SMOKE OR HAZE
[NO. OF DAYS WITH] [WEATHER - DAYS WITH] 9 = BLOWING SNOW
X = TORNADO
MAX 32 OR BELOW: 0 0.01 INCH OR MORE: 8
MAX 90 OR ABOVE: 25 0.10 INCH OR MORE: 3
MIN 32 OR BELOW: 0 0.50 INCH OR MORE: 2
MIN 0 OR BELOW: 0 1.00 INCH OR MORE: 0
[HDD (BASE 65) ]
TOTAL THIS MO. 0 CLEAR (SCALE 0-3) 11
DPTR FM NORMAL 0 PTCLDY (SCALE 4-7) 16
TOTAL FM JUL 1 812 CLOUDY (SCALE 8-10) 4
DPTR FM NORMAL 0
[CDD (BASE 65) ]
TOTAL THIS MO. 541
DPTR FM NORMAL 12 [PRESSURE DATA]
TOTAL FM JAN 1 1268 HIGHEST SLP 30.28 ON 13
DPTR FM NORMAL 111 LOWEST SLP 29.40 ON 3
[REMARKS]
#FINAL-05-21#