000
CXUS54 KEPZ 011130
CF6LRU
PRELIMINARY LOCAL CLIMATOLOGICAL DATA (WS FORM: F-6)
STATION: LAS CRUCES
MONTH: NOVEMBER
YEAR: 2023
LATITUDE: 32 17 N
LONGITUDE: 106 46 W
TEMPERATURE IN F: :PCPN: SNOW: WIND :SUNSHINE: SKY :PK WND
================================================================================
1 2 3 4 5 6A 6B 7 8 9 10 11 12 13 14 15 16 17 18
12Z AVG MX 2MIN
DY MAX MIN AVG DEP HDD CDD WTR SNW DPTH SPD SPD DIR MIN PSBL S-S WX SPD DR
================================================================================
1 61 27 44 M 21 0 0.00 M M 3.2 6 120 M M 0 M M
2 70 32 51 M 14 0 0.00 M M 3.5 8 270 M M 0 M M
3 75 36 56 M 9 0 0.00 M M 2.5 6 270 M M 0 M M
4 78 37 58 M 7 0 0.00 M M 2.9 7 310 M M 0 M M
5 81 43 62 M 3 0 0.00 M M 5.1 9 240 M M 0 M M
6 83 43 63 M 2 0 0.00 M M 6.0 20 260 M M 0 27 260
7 82 47 65 M 0 0 0.00 M M 9.8 20 240 M M 0 31 260
8 79 48 64 M 1 0 0.00 M M 9.3 23 270 M M 0 31 270
9 66 45 56 M 9 0 0.10 M M 8.3 17 120 M M 8 25 90
10 50 43 47 M 18 0 0.06 M M 5.2 22 110 M M 10 25 110
11 59 42 51 M 14 0 0.00 M M 2.1 6 220 M M 5 M M
12 64 37 51 M 14 0 0.00 M M 3.9 9 150 M M 0 M M
13 62 48 55 M 10 0 0.00 M M 4.7 10 130 M M 9 18 130
14 63 43 53 M 12 0 0.00 M M 3.1 7 40 M M 3 M M
15 68 38 53 M 12 0 0.00 M M 2.7 7 290 M M 0 M M
16 69 47 58 M 7 0 0.00 M M 6.5 16 260 M M 1 20 250
17 76 55 66 M 0 1 0.00 M M 6.3 14 260 M M 2 16 260
18 76 58 67 M 0 2 0.00 M M 4.8 18 250 M M 5 23 250
19 65 48 57 M 8 0 0.00 M M 16.5 30 280 M M 0 44 260
20 62 39 51 M 14 0 0.00 M M 8.9 22 270 M M 4 31 270
21 58 38 48 M 17 0 0.00 M M 5.5 14 350 M M 2 16 20
22 59 28 44 M 21 0 0.00 M M 2.7 9 270 M M 0 M M
23 62 28 45 M 20 0 0.00 M M 4.1 12 220 M M 0 20 220
24 64 33 49 M 16 0 0.00 M M 7.1 16 210 M M 3 23 150
25 61 41 51 M 14 0 0.00 M M 11.7 25 270 M M 5 36 270
26 56 37 47 M 18 0 0.00 M M 6.8 13 340 M M 6 16 330
27 53 35 44 M 21 0 0.00 M M 4.7 8 350 M M 1 M M
28 58 34 46 M 19 0 0.00 M M 4.6 9 340 M M 1 M M
29 64 35 50 M 15 0 0.00 M M 3.3 7 200 M M 1 M M
30 55 40 48 M 17 0 0.00 M M 15.0 29 280 M M 2 39 270
================================================================================
SM 1979 1205 353 3 0.16 M 180.8 M 68
================================================================================
AV 66.0 40.2 6.0 FASTST M M 2 MAX(MPH)
MISC ----> 30 280 44 260
================================================================================
NOTES:
# LAST OF SEVERAL OCCURRENCES
COLUMN 17 PEAK WIND IN M.P.H.
PRELIMINARY LOCAL CLIMATOLOGICAL DATA (WS FORM: F-6) , PAGE 2
STATION: LAS CRUCES
MONTH: NOVEMBER
YEAR: 2023
LATITUDE: 32 17 N
LONGITUDE: 106 46 W
[TEMPERATURE DATA] [PRECIPITATION DATA] SYMBOLS USED IN COLUMN 16
AVERAGE MONTHLY: 53.1 TOTAL FOR MONTH: 0.16 1 = FOG OR MIST
DPTR FM NORMAL: 0.0 DPTR FM NORMAL: M 2 = FOG REDUCING VISIBILITY
HIGHEST: 83 ON 6 GRTST 24HR 0.10 ON 9- 9 TO 1/4 MILE OR LESS
LOWEST: 27 ON 1 3 = THUNDER
SNOW, ICE PELLETS, HAIL 4 = ICE PELLETS
TOTAL MONTH: M 5 = HAIL
GRTST 24HR M ON M 6 = FREEZING RAIN OR DRIZZLE
GRTST DEPTH: M ON M 7 = DUSTSTORM OR SANDSTORM:
VSBY 1/2 MILE OR LESS
8 = SMOKE OR HAZE
[NO. OF DAYS WITH] [WEATHER - DAYS WITH] 9 = BLOWING SNOW
X = TORNADO
MAX 32 OR BELOW: 0 0.01 INCH OR MORE: 2
MAX 90 OR ABOVE: 0 0.10 INCH OR MORE: 1
MIN 32 OR BELOW: 4 0.50 INCH OR MORE: 0
MIN 0 OR BELOW: 0 1.00 INCH OR MORE: 0
[HDD (BASE 65) ]
TOTAL THIS MO. 353 CLEAR (SCALE 0-3) 21
DPTR FM NORMAL M PTCLDY (SCALE 4-7) 7
TOTAL FM JUL 1 429 CLOUDY (SCALE 8-10) 2
DPTR FM NORMAL M
[CDD (BASE 65) ]
TOTAL THIS MO. 3
DPTR FM NORMAL M [PRESSURE DATA]
TOTAL FM JAN 1 2623 HIGHEST SLP M ON M
DPTR FM NORMAL M LOWEST SLP M ON M
[REMARKS]
#FINAL-11-23#