000
CXUS53 KARX 041211
CF6LSE
PRELIMINARY LOCAL CLIMATOLOGICAL DATA (WS FORM: F-6)
STATION: LA CROSSE WI
MONTH: APRIL
YEAR: 2022
LATITUDE: 43 52 N
LONGITUDE: 91 15 W
TEMPERATURE IN F: :PCPN: SNOW: WIND :SUNSHINE: SKY :PK WND
================================================================================
1 2 3 4 5 6A 6B 7 8 9 10 11 12 13 14 15 16 17 18
12Z AVG MX 2MIN
DY MAX MIN AVG DEP HDD CDD WTR SNW DPTH SPD SPD DIR MIN PSBL S-S WX SPD DR
================================================================================
1 51 23 37 -6 28 0 0.00 0.0 0 4.5 14 200 M M 2 18 250
2 50 34 42 -1 23 0 0.27 0.2 T 5.6 20 330 M M 8 1 26 340
3 49 26 38 -6 27 0 0.01 0.0 0 5.6 16 150 M M 5 22 150
4 45 33 39 -5 26 0 T 0.0 0 9.7 22 320 M M 9 1 28 320
5 56 36 46 1 19 0 0.21 0.0 0 11.1 22 220 M M 9 1 30 200
6 45 39 42 -3 23 0 0.03 0.0 0 15.3 28 280 M M 7 35 250
7 47 32 40 -5 25 0 0.06 0.5 0 15.0 26 330 M M 10 18 34 320
8 44 31 38 -8 27 0 0.03 0.3 1 12.1 25 330 M M 10 18 35 330
9 56 24 40 -6 25 0 0.00 0.0 0 4.2 13 290 M M 0 18 290
10 66 32 49 2 16 0 0.00 0.0 0 13.1 29 150 M M 2 40 140
11 64 41 53 6 12 0 0.00 0.0 0 10.1 22 280 M M 2 30 250
12 65 36 51 3 14 0 0.39 0.0 0 9.7 49 340 M M 5 138 66 350
13 60 35 48 0 17 0 0.22 0.0 0 11.0 23 280 M M 8 13 32 220
14 41 30 36 -12 29 0 T T 0 19.9 37 260 M M 6 8 53 260
15 42 30 36 -13 29 0 T T 0 16.6 30 250 M M 5 44 220
16 44 28 36 -13 29 0 0.00 0.0 0 12.4 22 300 M M 6 28 300
17 50 25 38 -12 27 0 0.03 0.0 0 7.1 17 170 M M 3 22 170
18 40 33 37 -13 28 0 T T 0 16.6 26 310 M M 10 38 290
19 51 31 41 -9 24 0 0.00 0.0 0 8.5 20 330 M M 3 24 320
20 54 46 50 -1 15 0 0.33 0.0 0 12.2 29 160 M M 10 1 40 140
21 63 40 52 1 13 0 0.00 0.0 0 7.3 18 300 M M 2 23 290
22 56 44 50 -2 15 0 0.73 0.0 0 10.0 22 140 M M 8 18 33 150
23 76 53 65 13 0 0 T 0.0 0 13.7 29 240 M M 5 1 39 220
24 63 46 55 2 10 0 0.00 0.0 0 19.3 33 220 M M 5 46 220
25 46 36 41 -12 24 0 T T 0 14.3 23 290 M M 10 32 290
26 44 32 38 -15 27 0 T T 0 11.0 21 310 M M 6 28 310
27 49 33 41 -13 24 0 0.00 0.0 0 9.3 16 60 M M 5 22 50
28 55 39 47 -7 18 0 0.00 0.0 0 10.3 17 80 M M 10 24 110
29 65 47 56 1 9 0 0.27 0.0 0 11.0 24 90 M M 9 3 38 100
30 65 51 58 3 7 0 0.69 0.0 0 11.9 25 180 M M 10 13 39 190
================================================================================
SM 1602 1066 610 0 3.27 1.0 338.4 M 190
================================================================================
AV 53.4 35.5 11.3 FASTST M M 6 MAX(MPH)
MISC ----> 49 340 66 350
================================================================================
NOTES:
# LAST OF SEVERAL OCCURRENCES
COLUMN 17 PEAK WIND IN M.P.H.
PRELIMINARY LOCAL CLIMATOLOGICAL DATA (WS FORM: F-6) , PAGE 2
STATION: LA CROSSE WI
MONTH: APRIL
YEAR: 2022
LATITUDE: 43 52 N
LONGITUDE: 91 15 W
[TEMPERATURE DATA] [PRECIPITATION DATA] SYMBOLS USED IN COLUMN 16
AVERAGE MONTHLY: 44.5 TOTAL FOR MONTH: 3.27 1 = FOG OR MIST
DPTR FM NORMAL: -4.5 DPTR FM NORMAL: -0.48 2 = FOG REDUCING VISIBILITY
HIGHEST: 76 ON 23 GRTST 24HR 0.93 ON 29-30 TO 1/4 MILE OR LESS
LOWEST: 23 ON 1 3 = THUNDER
SNOW, ICE PELLETS, HAIL 4 = ICE PELLETS
TOTAL MONTH: 1.0 INCHES 5 = HAIL
GRTST 24HR 0.5 ON 7- 7 6 = FREEZING RAIN OR DRIZZLE
GRTST DEPTH: 1 ON 8 7 = DUSTSTORM OR SANDSTORM:
VSBY 1/2 MILE OR LESS
8 = SMOKE OR HAZE
[NO. OF DAYS WITH] [WEATHER - DAYS WITH] 9 = BLOWING SNOW
X = TORNADO
MAX 32 OR BELOW: 0 0.01 INCH OR MORE: 13
MAX 90 OR ABOVE: 0 0.10 INCH OR MORE: 8
MIN 32 OR BELOW: 12 0.50 INCH OR MORE: 2
MIN 0 OR BELOW: 0 1.00 INCH OR MORE: 0
[HDD (BASE 65) ]
TOTAL THIS MO. 610 CLEAR (SCALE 0-3) 6
DPTR FM NORMAL 124 PTCLDY (SCALE 4-7) 13
TOTAL FM JUL 1 6632 CLOUDY (SCALE 8-10) 11
DPTR FM NORMAL 51
[CDD (BASE 65) ]
TOTAL THIS MO. 0
DPTR FM NORMAL -6 [PRESSURE DATA]
TOTAL FM JAN 1 0 HIGHEST SLP 30.40 ON 27
DPTR FM NORMAL -7 LOWEST SLP 29.28 ON 6
[REMARKS]
#FINAL-04-22#