000
CXUS53 KARX 010731
CLMLSE
CLIMATE REPORT
NATIONAL WEATHER SERVICE LA CROSSE WI
131 AM CST FRI DEC 01 2023
...................................
...THE LA CROSSE WI CLIMATE SUMMARY FOR THE MONTH OF NOVEMBER 2023...
CLIMATE NORMAL PERIOD 1991 TO 2020
CLIMATE RECORD PERIOD 1872 TO 2023
WEATHER OBSERVED NORMAL DEPART LAST YEAR`S
VALUE DATE(S) VALUE FROM VALUE DATE(S)
NORMAL
................................................................
TEMPERATURE (F)
RECORD
HIGH 80 11/01/1933
LOW -21 11/29/1875
HIGHEST 68 11/16 76 11/02
LOWEST 7 11/28 10 11/20
AVG. MAXIMUM 48.5 45.8 2.7 46.5
AVG. MINIMUM 29.6 29.5 0.1 28.9
MEAN 39.0 37.6 1.4 37.7
DAYS MAX >= 90 0 0.0 0.0 0
DAYS MAX <= 32 4 4.2 -0.2 4
DAYS MIN <= 32 17 19.2 -2.2 20
DAYS MIN <= 0 0 0.1 -0.1 0
PRECIPITATION (INCHES)
RECORD
MAXIMUM 7.24 1876
TOTALS 0.14 1.85 -1.71 2.06
DAYS >= .01 3 8.9 -5.9 10
DAYS >= .10 1 4.1 -3.1 4
DAYS >= .50 0 1.1 -1.1 2
DAYS >= 1.00 0 0.3 -0.3 0
GREATEST
24 HR. TOTAL 0.13 11/25 TO 11/26 1.04 11/04 TO 11/05
SNOWFALL (INCHES)
RECORDS
TOTAL 30.3 1991
SNOW DEPTH 15 11/29/1991
11/28/1991
11/27/1991
TOTALS 1.8 3.4 -1.6 3.2
SINCE 7/1 2.9 3.7 -0.8 MM
SNOWDEPTH AVG. 0 0
DAYS >= TRACE 4 3.2 0.8 9
DAYS >= 1.0 1 0.9 0.1 1
GREATEST
SNOW DEPTH 2 11/27 2 11/16
DEGREE DAYS
HEATING TOTAL 773 821 -48 810
SINCE 7/1 1191 1358 -167 MM
COOLING TOTAL 0 0 0 0
SINCE 1/1 1052 942 110 MM
................................................................
WIND (MPH)
AVERAGE WIND SPEED 8.5
HIGHEST WIND SPEED/DIRECTION 31/200 DATE 11/16
31/310 11/26
HIGHEST GUST SPEED/DIRECTION 44/200 DATE 11/16
AVERAGE RH (PERCENT) 63
WEATHER CONDITIONS. NUMBER OF DAYS WITH
THUNDERSTORM 0 MIXED PRECIP 0
HEAVY RAIN 0 RAIN 0
LIGHT RAIN 3 FREEZING RAIN 0
LT FREEZING RAIN 0 HAIL 0
HEAVY SNOW 0 SNOW 0
LIGHT SNOW 4 SLEET 0
FOG 4 FOG W/VIS <= 1/4 MILE 0
HAZE 3
- INDICATES NEGATIVE NUMBERS.
R INDICATES RECORD WAS SET OR TIED.
MM INDICATES DATA IS MISSING.
T INDICATES TRACE AMOUNT.
$$
BOYNE