000
CXUS53 KARX 011019
CLSLSE
CLIMATE REPORT
NATIONAL WEATHER SERVICE LA CROSSE WI
419 AM CST FRI DEC 01 2023
...................................
...THE LA CROSSE WI CLIMATE SUMMARY FOR THE SEASON, FROM
9/1/2023 TO 11/30/2023...
CLIMATE NORMAL PERIOD 1991 TO 2020
CLIMATE RECORD PERIOD 1872 TO 2023
WEATHER OBSERVED NORMAL DEPART LAST YEAR`S
VALUE DATE(S) VALUE FROM VALUE DATE(S)
NORMAL
................................................................
TEMPERATURE (F)
RECORD
HIGH 101 09/06/1922
LOW -21 11/29/1875
HIGHEST 99 09/03 89 09/20
LOWEST 7 11/28 10 11/20
AVG. MAXIMUM 62.7 60.9 1.8 61.6
AVG. MINIMUM 44.5 41.8 2.7 41.0
MEAN 53.6 51.4 2.2 51.3
DAYS MAX >= 90 5 1.5 3.5 0
DAYS MAX <= 32 4 4.2 -0.2 4
DAYS MIN <= 32 20 24.6 -4.6 22
DAYS MIN <= 0 0 0.1 -0.1 0
PRECIPITATION (INCHES)
RECORD
MAXIMUM 19.60 1881
MINIMUM 0.82 1976
TOTALS 5.78 7.97 -2.19 4.76
DAYS >= .01 24 27.7 -3.7 22
DAYS >= .10 14 15.2 -1.2 8
DAYS >= .50 4 5.0 -1.0 4
DAYS >= 1.00 1 1.9 -0.9 0
GREATEST
24 HR. TOTAL 1.93 10/12 TO 10/13 1.04 11/04 TO 11/05
SNOWFALL (INCHES)
RECORDS
TOTAL 31.5 1991
SNOW DEPTH 15 11/29/1991
11/28/1991
11/27/1991
TOTALS 2.9 3.7 -0.8 3.2
SNOWDEPTH AVG. T 0
DAYS >= TRACE 6 3.5 2.5 10
DAYS >= 1.0 2 1.0 1.0 1
GREATEST
SNOW DEPTH 2 11/27 2 11/16
DEGREE DAYS
HEATING TOTAL 1189 1348 -159 1338
COOLING TOTAL 175 111 64 123
................................................................
WIND (MPH)
AVERAGE WIND SPEED 8.2
HIGHEST WIND SPEED/DIRECTION 31/200 DATE 11/16
HIGHEST GUST SPEED/DIRECTION 44/200 DATE 11/16
AVERAGE RH (PERCENT) 68
WEATHER CONDITIONS. NUMBER OF DAYS WITH
THUNDERSTORM 8 MIXED PRECIP 0
HEAVY RAIN 6 RAIN 7
LIGHT RAIN 23 FREEZING RAIN 0
LT FREEZING RAIN 0 HAIL 0
HEAVY SNOW 0 SNOW 1
LIGHT SNOW 6 SLEET 0
FOG 29 FOG W/VIS <= 1/4 MILE 4
HAZE 7
- INDICATES NEGATIVE NUMBERS.
R INDICATES RECORD WAS SET OR TIED.
MM INDICATES DATA IS MISSING.
T INDICATES TRACE AMOUNT.
$$