000
CXUS54 KFWD 072138
CF6LUD
PRELIMINARY LOCAL CLIMATOLOGICAL DATA (WS FORM: F-6)
STATION: DECATUR
MONTH: APRIL
YEAR: 2022
LATITUDE: 33 15 N
LONGITUDE: 97 30 W
TEMPERATURE IN F: :PCPN: SNOW: WIND :SUNSHINE: SKY :PK WND
================================================================================
1 2 3 4 5 6A 6B 7 8 9 10 11 12 13 14 15 16 17 18
12Z AVG MX 2MIN
DY MAX MIN AVG DEP HDD CDD WTR SNW DPTH SPD SPD DIR MIN PSBL S-S WX SPD DR
================================================================================
1 73 41 57 -1 8 0 0.03 M M 10.6 18 140 M M 0 26 120
2 75 48 62 4 3 0 0.00 M M 5.2 13 10 M M 0 18 10
3 83 55 69 11 0 4 0.00 M M 12.7 20 150 M M 0 25 150
4 77 60 69 11 0 4 1.05 M M 9.4 17 140 M M 4 29 280
5 92 58 75 16 0 10 0.00 M M 8.2 20 240 M M 3 1 26 240
6 74 53 64 5 1 0 0.00 M M 11.7 23 360 M M 0 39 360
7 68 45 57 -2 8 0 0.00 M M 10.2 22 310 M M 2 8 38 310
8 66 43 55 -5 10 0 0.00 M M 9.4 21 320 M M 0 32 300
9 87 49 68 8 0 3 0.00 M M 11.2 18 200 M M 0 25 170
10 85 60 73 13 0 8 0.00 M M 16.4 21 170 M M 0 31 170
11 88 67 78 18 0 13 0.00 M M 11.4 24 170 M M 3 31 170
12 82 68 75 14 0 10 0.00 M M 15.0 20 170 M M 3 8 28 170
13 75 51 63 2 2 0 0.00 M M 12.5 24 180 M M 3 8 33 180
14 75 42 59 -2 6 0 0.00 M M 8.9 14 120 M M 0 20 120
15 86 57 72 10 0 7 0.00 M M 12.6 21 160 M M 1 26 160
16 73 51 62 0 3 0 0.00 M M 7.9 14 180 M M 3 1 21 180
17 76 49 63 1 2 0 0.00 M M 3.8 12 310 M M 4 17 310
18 71 46 59 -3 6 0 0.00 M M 10.2 14 60 M M 1 22 30
19 71 46 59 -4 6 0 0.00 M M 13.1 20 140 M M 3 8 29 160
20 93 66 80 17 0 15 0.00 M M 17.5 21 180 M M 4 30 170
21 86 71 79 16 0 14 0.00 M M 15.6 21 150 M M 6 8 30 140
22 84 70 77 13 0 12 0.00 M M 18.1 29 160 M M 5 8 37 160
23 81 69 75 11 0 10 0.00 M M 18.6 29 170 M M 4 36 160
24 74 55 65 1 0 0 2.97 M M 9.9 25 170 M M 8 32 180
25 66 52 59 -6 6 0 0.01 M M 7.1 17 40 M M 1 25 360
26 71 47 59 -6 6 0 0.00 M M 6.5 15 90 M M 0 21 70
27 73 51 62 -3 3 0 0.00 M M 7.9 13 170 M M 4 18 140
28 80 63 72 7 0 7 0.00 M M 11.7 17 150 M M 4 26 150
29 83 69 76 10 0 11 0.00 M M 15.3 21 160 M M 5 28 180
30 79 64 72 6 0 7 0.00 M M 7.6 20 180 M M 1 26 180
================================================================================
SM 2347 1666 70 135 4.06 M 336.1 M 72
================================================================================
AV 78.2 55.5 11.2 FASTST M M 2 MAX(MPH)
MISC ----> # 29 160 39 360
================================================================================
NOTES:
# LAST OF SEVERAL OCCURRENCES
COLUMN 17 PEAK WIND IN M.P.H.
PRELIMINARY LOCAL CLIMATOLOGICAL DATA (WS FORM: F-6) , PAGE 2
STATION: DECATUR
MONTH: APRIL
YEAR: 2022
LATITUDE: 33 15 N
LONGITUDE: 97 30 W
[TEMPERATURE DATA] [PRECIPITATION DATA] SYMBOLS USED IN COLUMN 16
AVERAGE MONTHLY: 66.9 TOTAL FOR MONTH: 4.06 1 = FOG OR MIST
DPTR FM NORMAL: 5.1 DPTR FM NORMAL: 0.84 2 = FOG REDUCING VISIBILITY
HIGHEST: 93 ON 20 GRTST 24HR 2.97 ON 24-24 TO 1/4 MILE OR LESS
LOWEST: 41 ON 1 3 = THUNDER
SNOW, ICE PELLETS, HAIL 4 = ICE PELLETS
TOTAL MONTH: M 5 = HAIL
GRTST 24HR M ON M 6 = FREEZING RAIN OR DRIZZLE
GRTST DEPTH: M ON M 7 = DUSTSTORM OR SANDSTORM:
VSBY 1/2 MILE OR LESS
8 = SMOKE OR HAZE
[NO. OF DAYS WITH] [WEATHER - DAYS WITH] 9 = BLOWING SNOW
X = TORNADO
MAX 32 OR BELOW: 0 0.01 INCH OR MORE: 4
MAX 90 OR ABOVE: 2 0.10 INCH OR MORE: 2
MIN 32 OR BELOW: 0 0.50 INCH OR MORE: 2
MIN 0 OR BELOW: 0 1.00 INCH OR MORE: 2
[HDD (BASE 65) ]
TOTAL THIS MO. 70 CLEAR (SCALE 0-3) 17
DPTR FM NORMAL -79 PTCLDY (SCALE 4-7) 13
TOTAL FM JUL 1 2006 CLOUDY (SCALE 8-10) 0
DPTR FM NORMAL -915
[CDD (BASE 65) ]
TOTAL THIS MO. 135
DPTR FM NORMAL 82 [PRESSURE DATA]
TOTAL FM JAN 1 166 HIGHEST SLP M ON M
DPTR FM NORMAL 101 LOWEST SLP M ON M
[REMARKS]
#FINAL-04-22#