000
CXUS54 KFWD 010730
CF6LUD
PRELIMINARY LOCAL CLIMATOLOGICAL DATA (WS FORM: F-6)
STATION: DECATUR
MONTH: JULY
YEAR: 2021
LATITUDE: 33 15 N
LONGITUDE: 97 30 W
TEMPERATURE IN F: :PCPN: SNOW: WIND :SUNSHINE: SKY :PK WND
================================================================================
1 2 3 4 5 6A 6B 7 8 9 10 11 12 13 14 15 16 17 18
12Z AVG MX 2MIN
DY MAX MIN AVG DEP HDD CDD WTR SNW DPTH SPD SPD DIR MIN PSBL S-S WX SPD DR
================================================================================
1 93 75 84 3 0 19 0.00 M M 5.0 15 10 M M 1 26 10
2 86 73 80 -1 0 15 0.27 M M 4.6 10 30 M M 5 1 18 20
3 83 73 78 -3 0 13 0.00 M M 6.6 14 70 M M 7 21 70
4 87 72 80 -1 0 15 0.00 M M 4.2 10 110 M M 7 18 150
5 90 72 81 -1 0 16 0.00 M M 7.1 13 140 M M 5 8 21 140
6 91 70 81 -1 0 16 0.00 M M 3.8 10 110 M M 2 1 18 120
7 93 72 83 1 0 18 0.00 M M 1.5 5 100 M M 1 M M
8 94 74 84 2 0 19 0.00 M M 6.0 10 140 M M 1 17 140
9 88 73 81 -1 0 16 0.00 M M 9.6 16 120 M M 5 24 120
10 92 74 83 1 0 18 0.00 M M 11.0 18 210 M M 5 25 210
11 90 68 79 -3 0 14 0.10 M M 5.8 20 170 M M 2 38 25 340
12 92 68 80 -2 0 15 0.00 M M 4.6 14 150 M M 2 20 150
13 94 72 83 1 0 18 0.00 M M 7.8 13 180 M M 0 17 160
14 91 71 81 -1 0 16 0.00 M M 10.9 18 160 M M 1 26 160
15 92 73 83 0 0 18 M M M 11.1 16 160 M M 2 21 160
16 93 76 85 2 0 20 M M M 8.1 14 170 M M 2 18 170
17 93 77 85 2 0 20 M M M 8.6 14 160 M M 2 8 23 180
18 94 76 85 2 0 20 0.18 M M 5.1 15 180 M M 1 28 160
19 87 73 80 -3 0 15 0.13 M M 2.7 7 60 M M 3 18 340
20 88 69 79 -4 0 14 M M M 5.7 10 50 M M 1 1 17 30
21 90 69 80 -3 0 15 0.00 M M 4.2 9 80 M M 1 8 M M
22 92 69 81 -2 0 16 0.00 M M 4.9 9 170 M M 1 17 170
23 94 74 84 1 0 19 0.00 M M 9.1 15 200 M M 3 21 200
24 98 77 88 5 0 23 0.00 M M 8.5 12 180 M M 0 8 18 170
25 99 76 88 5 0 23 0.00 M M 7.3 14 240 M M 0 17 170
26 100 75 88 5 0 23 0.00 M M 5.1 10 150 M M 0 M M
27 100 75 88 5 0 23 0.53 M M 5.1 32 60 M M 0 76 60
28 97 74 86 3 0 21 0.00 M M 3.5 10 160 M M 1 8 17 150
29 97 74 86 3 0 21 0.00 M M 3.6 9 90 M M 1 8 M M
30 98 76 87 4 0 22 0.00 M M 2.7 9 160 M M 1 M M
31 98 80 89 6 0 24 0.00 M M 6.8 10 170 M M 0 M M
================================================================================
SM 2874 2270 0 565 1.21 M 190.7 M 63
================================================================================
AV 92.7 73.2 6.2 FASTST M M 2 MAX(MPH)
MISC ----> 32 60 76 60
================================================================================
NOTES:
# LAST OF SEVERAL OCCURRENCES
COLUMN 17 PEAK WIND IN M.P.H.
PRELIMINARY LOCAL CLIMATOLOGICAL DATA (WS FORM: F-6) , PAGE 2
STATION: DECATUR
MONTH: JULY
YEAR: 2021
LATITUDE: 33 15 N
LONGITUDE: 97 30 W
[TEMPERATURE DATA] [PRECIPITATION DATA] SYMBOLS USED IN COLUMN 16
AVERAGE MONTHLY: 83.0 TOTAL FOR MONTH: 1.21 1 = FOG OR MIST
DPTR FM NORMAL: 0.5 DPTR FM NORMAL: -1.34 2 = FOG REDUCING VISIBILITY
HIGHEST: 100 ON 27,26 GRTST 24HR 0.53 ON 27-27 TO 1/4 MILE OR LESS
LOWEST: 68 ON 12,11 3 = THUNDER
SNOW, ICE PELLETS, HAIL 4 = ICE PELLETS
TOTAL MONTH: M 5 = HAIL
GRTST 24HR M ON M 6 = FREEZING RAIN OR DRIZZLE
GRTST DEPTH: M ON M 7 = DUSTSTORM OR SANDSTORM:
VSBY 1/2 MILE OR LESS
8 = SMOKE OR HAZE
[NO. OF DAYS WITH] [WEATHER - DAYS WITH] 9 = BLOWING SNOW
X = TORNADO
MAX 32 OR BELOW: 0 0.01 INCH OR MORE: 5
MAX 90 OR ABOVE: 25 0.10 INCH OR MORE: 5
MIN 32 OR BELOW: 0 0.50 INCH OR MORE: 1
MIN 0 OR BELOW: 0 1.00 INCH OR MORE: 0
[HDD (BASE 65) ]
TOTAL THIS MO. 0 CLEAR (SCALE 0-3) 24
DPTR FM NORMAL 0 PTCLDY (SCALE 4-7) 7
TOTAL FM JUL 1 0 CLOUDY (SCALE 8-10) 0
DPTR FM NORMAL 0
[CDD (BASE 65) ]
TOTAL THIS MO. 565
DPTR FM NORMAL 23 [PRESSURE DATA]
TOTAL FM JAN 1 1263 HIGHEST SLP M ON M
DPTR FM NORMAL 87 LOWEST SLP M ON M
[REMARKS]
#FINAL-07-21#