557
CXUS54 KFWD 110129
CF6LUD
PRELIMINARY LOCAL CLIMATOLOGICAL DATA (WS FORM: F-6)
STATION: DECATUR
MONTH: JUNE
YEAR: 2020
LATITUDE: 33 15 N
LONGITUDE: 97 30 W
TEMPERATURE IN F: :PCPN: SNOW: WIND :SUNSHINE: SKY :PK WND
================================================================================
1 2 3 4 5 6A 6B 7 8 9 10 11 12 13 14 15 16 17 18
12Z AVG MX 2MIN
DY MAX MIN AVG DEP HDD CDD WTR SNW DPTH SPD SPD DIR MIN PSBL S-S WX SPD DR
================================================================================
1 83 66 75 1 0 10 0.00 0.0 0 4.4 10 130 M M 0 M M
2 88 71 80 5 0 15 0.00 0.0 0 7.2 10 150 M M 2 M M
3 91 73 82 7 0 17 0.00 0.0 0 7.2 10 200 M M 0 M M
4 95 71 83 8 0 18 0.00 0.0 0 9.3 15 360 M M 1 23 360
5 94 70 82 7 0 17 0.01 0.0 0 7.4 13 120 M M 0 16 160
6 95 72 84 8 0 19 0.00 0.0 0 4.7 9 170 M M 0 M M
7 92 71 82 6 0 17 0.00 0.0 0 6.1 12 80 M M 1 M M
8 94 72 83 7 0 18 0.00 0.0 0 3.0 8 250 M M 1 M M
9 91 66 79 3 0 14 0.00 0.0 0 10.8 15 240 M M 3 30 310
10 87 58 73 -4 0 8 0.00 0.0 0 6.7 14 310 M M 0 22 310
11 90 65 78 1 0 13 0.00 0.0 0 4.0 8 80 M M 0 M M
12 91 66 79 2 0 14 0.00 0.0 0 4.9 12 110 M M 0 M M
13 92 72 82 5 0 17 0.00 0.0 0 6.1 10 170 M M 0 16 160
14 91 69 80 2 0 15 0.00 0.0 0 7.0 14 110 M M 0 21 130
15 93 69 81 3 0 16 0.00 0.0 0 5.3 13 130 M M 0 18 160
16 94 74 84 6 0 19 0.00 0.0 0 7.7 14 170 M M 0 20 170
17 93 73 83 5 0 18 0.00 0.0 0 9.4 15 160 M M 0 21 160
18 92 74 83 5 0 18 0.00 0.0 0 12.0 16 170 M M 1 23 160
19 93 66 80 1 0 15 0.86 0.0 0 12.7 20 360 M M 4 3 31 360
20 87 65 76 -3 0 11 0.25 0.0 0 5.4 16 250 M M 2 1 22 250
21 86 65 76 -3 0 11 1.25 0.0 0 9.7 14 20 M M 2 38 25 20
22 91 65 78 -1 0 13 0.50 0.0 0 7.3 16 10 M M 2 30 10
23 80 68 74 -6 0 9 0.81 0.0 0 5.0 9 190 M M 4 22 280
24 87 67 77 -3 0 12 0.00 0.0 0 4.7 8 80 M M 0 1 M M
25 88 69 79 -1 0 14 0.00 0.0 0 4.9 10 110 M M 1 M M
26 91 73 82 2 0 17 0.00 0.0 0 9.8 15 150 M M 3 8 20 150
27 92 73 83 3 0 18 0.00 0.0 0 12.0 16 180 M M 1 8 23 180
28 90 76 83 3 0 18 0.00 0.0 0 15.8 20 160 M M 2 8 27 170
29 93 78 86 5 0 21 0.00 0.0 0 16.6 22 180 M M 3 28 160
30 93 78 86 5 0 21 0.00 0.0 0 13.9 20 150 M M 2 25 150
================================================================================
SM 2717 2095 0 463 3.68 0.0 241.0 M 35
================================================================================
AV 90.6 69.8 8.0 FASTST M M 1 MAX(MPH)
MISC ----> # 22 180 # 31 360
================================================================================
NOTES:
# LAST OF SEVERAL OCCURRENCES
COLUMN 17 PEAK WIND IN M.P.H.
PRELIMINARY LOCAL CLIMATOLOGICAL DATA (WS FORM: F-6) , PAGE 2
STATION: DECATUR
MONTH: JUNE
YEAR: 2020
LATITUDE: 33 15 N
LONGITUDE: 97 30 W
[TEMPERATURE DATA] [PRECIPITATION DATA] SYMBOLS USED IN COLUMN 16
AVERAGE MONTHLY: 80.2 TOTAL FOR MONTH: 3.68 1 = FOG OR MIST
DPTR FM NORMAL: 2.4 DPTR FM NORMAL: -1.12 2 = FOG REDUCING VISIBILITY
HIGHEST: 95 ON 6, 4 GRTST 24HR 1.25 ON 21-21 TO 1/4 MILE OR LESS
LOWEST: 58 ON 10 3 = THUNDER
SNOW, ICE PELLETS, HAIL 4 = ICE PELLETS
TOTAL MONTH: 0.0 INCH 5 = HAIL
GRTST 24HR 0.0 6 = FREEZING RAIN OR DRIZZLE
GRTST DEPTH: 0 7 = DUSTSTORM OR SANDSTORM:
VSBY 1/2 MILE OR LESS
8 = SMOKE OR HAZE
[NO. OF DAYS WITH] [WEATHER - DAYS WITH] 9 = BLOWING SNOW
X = TORNADO
MAX 32 OR BELOW: 0 0.01 INCH OR MORE: 6
MAX 90 OR ABOVE: 22 0.10 INCH OR MORE: 5
MIN 32 OR BELOW: 0 0.50 INCH OR MORE: 4
MIN 0 OR BELOW: 0 1.00 INCH OR MORE: 1
[HDD (BASE 65) ]
TOTAL THIS MO. 0 CLEAR (SCALE 0-3) 27
DPTR FM NORMAL 0 PTCLDY (SCALE 4-7) 3
TOTAL FM JUL 1 2335 CLOUDY (SCALE 8-10) 0
DPTR FM NORMAL -606
[CDD (BASE 65) ]
TOTAL THIS MO. 463
DPTR FM NORMAL 79 [PRESSURE DATA]
TOTAL FM JAN 1 849 HIGHEST SLP M ON M
DPTR FM NORMAL 215 LOWEST SLP M ON M
[REMARKS]
#FINAL-06-20#