000
CXUS53 KTOP 010910
CF6LWC
PRELIMINARY LOCAL CLIMATOLOGICAL DATA (WS FORM: F-6)
STATION: LAWRENCE KS
MONTH: FEBRUARY
YEAR: 2024
LATITUDE: 39 0 N
LONGITUDE: 95 13 W
TEMPERATURE IN F: :PCPN: SNOW: WIND :SUNSHINE: SKY :PK WND
================================================================================
1 2 3 4 5 6A 6B 7 8 9 10 11 12 13 14 15 16 17 18
12Z AVG MX 2MIN
DY MAX MIN AVG DEP HDD CDD WTR SNW DPTH SPD SPD DIR MIN PSBL S-S WX SPD DR
================================================================================
1 69 36 53 23 12 0 0.00 M M 6.5 14 200 M M 1 20 210
2 71 45 58 27 7 0 0.00 M M 10.8 24 130 M M 2 32 130
3 54 42 48 17 17 0 0.36 M M 9.1 20 100 M M 9 18 27 100
4 49 36 43 12 22 0 0.25 M M 8.0 15 20 M M 7 18 22 20
5 57 29 43 12 22 0 0.00 M M 6.5 13 290 M M 0 18 16 290
6 60 26 43 11 22 0 0.00 M M 4.9 14 160 M M 3 12 19 170
7 62 39 51 19 14 0 0.00 M M 11.6 24 170 M M 0 34 160
8 66 36 51 19 14 0 0.00 M M 14.9 31 220 M M 1 45 230
9 61 30 46 14 19 0 0.00 M M 5.7 15 50 M M 0 22 50
10 49 23 36 3 29 0 0.00 M M 7.1 15 10 M M 1 20 10
11 46 25 36 3 29 0 0.00 M M 6.9 14 30 M M 1 19 10
12 56 19 38 5 27 0 0.00 M M 5.8 20 320 M M 0 18 25 330
13 65 23 44 10 21 0 0.00 M M 6.8 21 240 M M 1 29 220
14 68 24 46 12 19 0 T M M 9.1 26 160 M M 1 36 150
15 51 35 43 9 22 0 0.00 M M 10.2 28 330 M M 4 36 320
16 39 20 30 -5 35 0 T M M 13.9 25 350 M M 9 18 34 360
17 35 8 22 -13 43 0 T M M 10.3 21 340 M M 1 28 340
18 56 17 37 2 28 0 0.00 M M 4.8 13 230 M M 0 22 220
19 56 20 38 2 27 0 0.00 M M 6.8 18 170 M M 1 26 170
20 70 20 45 9 20 0 0.00 M M 4.8 16 200 M M 0 18 22 170
21 70 32 51 15 14 0 0.00 M M 4.6 16 160 M M 0 27 170
22 70 37 54 17 11 0 0.00 M M 9.4 21 340 M M 0 18 28 350
23 67 29 48 11 17 0 0.00 M M 12.1 30 310 M M 1 47 310
24 64 23 44 6 21 0 0.00 M M 7.0 18 200 M M 0 18 25 200
25 76 27 52 14 13 0 0.00 M M 4.2 17 280 M M 0 23 240
26 81 30 56 18 9 0 0.00 M M 6.1 17 240 M M 0 8 23 220
27 76 20 48 9 17 0 T M M 15.5 38 330 M M 1 1 49 330
28 39 15 27 -12 38 0 0.00 M M 10.8 31 330 M M 1 37 310
29 58 21 40 1 25 0 0.00 M M 11.4 25 240 M M 0 33 240
================================================================================
SM 1741 787 614 0 0.61 M 245.6 M 45
================================================================================
AV 60.0 27.1 8.5 FASTST M M 2 MAX(MPH)
MISC ----> 38 330 49 330
================================================================================
NOTES:
# LAST OF SEVERAL OCCURRENCES
COLUMN 17 PEAK WIND IN M.P.H.
PRELIMINARY LOCAL CLIMATOLOGICAL DATA (WS FORM: F-6) , PAGE 2
STATION: LAWRENCE KS
MONTH: FEBRUARY
YEAR: 2024
LATITUDE: 39 0 N
LONGITUDE: 95 13 W
[TEMPERATURE DATA] [PRECIPITATION DATA] SYMBOLS USED IN COLUMN 16
AVERAGE MONTHLY: 43.6 TOTAL FOR MONTH: 0.61 1 = FOG OR MIST
DPTR FM NORMAL: 9.3 DPTR FM NORMAL: -0.69 2 = FOG REDUCING VISIBILITY
HIGHEST: 81 ON 26 GRTST 24HR 0.61 ON 3- 4 TO 1/4 MILE OR LESS
LOWEST: 8 ON 17 3 = THUNDER
SNOW, ICE PELLETS, HAIL 4 = ICE PELLETS
TOTAL MONTH: M 5 = HAIL
GRTST 24HR M ON M 6 = FREEZING RAIN OR DRIZZLE
GRTST DEPTH: M ON M 7 = DUSTSTORM OR SANDSTORM:
VSBY 1/2 MILE OR LESS
8 = SMOKE OR HAZE
[NO. OF DAYS WITH] [WEATHER - DAYS WITH] 9 = BLOWING SNOW
X = TORNADO
MAX 32 OR BELOW: 0 0.01 INCH OR MORE: 2
MAX 90 OR ABOVE: 0 0.10 INCH OR MORE: 2
MIN 32 OR BELOW: 21 0.50 INCH OR MORE: 0
MIN 0 OR BELOW: 0 1.00 INCH OR MORE: 0
[HDD (BASE 65) ]
TOTAL THIS MO. 614 CLEAR (SCALE 0-3) 24
DPTR FM NORMAL -244 PTCLDY (SCALE 4-7) 3
TOTAL FM JUL 1 3507 CLOUDY (SCALE 8-10) 2
DPTR FM NORMAL -489
[CDD (BASE 65) ]
TOTAL THIS MO. 0
DPTR FM NORMAL 0 [PRESSURE DATA]
TOTAL FM JAN 1 0 HIGHEST SLP 30.53 ON 17
DPTR FM NORMAL 0 LOWEST SLP 29.30 ON 27
[REMARKS]
#FINAL-02-24#