000
CXUS53 KDMX 221925
CF6LWD
PRELIMINARY LOCAL CLIMATOLOGICAL DATA (WS FORM: F-6)
STATION: LAMONI IA
MONTH: FEBRUARY
YEAR: 2023
LATITUDE: 40 37 N
LONGITUDE: 93 56 W
TEMPERATURE IN F: :PCPN: SNOW: WIND :SUNSHINE: SKY :PK WND
================================================================================
1 2 3 4 5 6A 6B 7 8 9 10 11 12 13 14 15 16 17 18
12Z AVG MX 2MIN
DY MAX MIN AVG DEP HDD CDD WTR SNW DPTH SPD SPD DIR MIN PSBL S-S WX SPD DR
================================================================================
1 39 9 24 -1 41 0 0.00 0.0 M 12.5 22 220 M M 0 28 210
2 39 3 21 -4 44 0 0.00 0.0 M 13.1 25 350 M M 0 33 360
3 24 1 13 -12 52 0 0.00 0.0 M 8.7 15 350 M M 1 22 170
4 54 19 37 11 28 0 0.00 0.0 M 13.7 26 220 M M 0 35 220
5 53 29 41 15 24 0 0.00 0.0 M 8.9 17 320 M M 0 28 300
6 65 30 48 22 17 0 0.00 0.0 M 14.9 30 200 M M 2 49 170
7 48 30 39 13 26 0 0.00 0.0 M 9.6 20 310 M M 1 24 310
8 46 27 37 10 28 0 0.17 0.0 M 5.4 14 30 M M 3 1 20 40
9 38 28 33 6 32 0 0.73 M M 14.8 28 350 M M 10 1 39 350
10 39 16 28 1 37 0 0.00 0.0 M 7.6 20 320 M M 0 24 320
11 46 20 33 6 32 0 0.00 0.0 M 10.0 16 220 M M 0 22 210
12 56 28 42 14 23 0 0.00 0.0 M 9.6 16 220 M M 0 21 220
13 55 27 41 13 24 0 0.00 0.0 M 8.5 17 220 M M 0 22 210
14 49 40 45 17 20 0 0.18 0.0 M 14.3 29 250 M M 7 1 40 250
15 40 25 33 4 32 0 T 0.0 M 15.8 32 280 M M 8 42 290
16 26 13 20 -9 45 0 0.50 M M 13.8 24 40 M M 8 126 34 50
17 34 0 17 -12 48 0 0.00 0.0 M 8.4 16 210 M M 0 21 190
18 49 27 38 8 27 0 0.00 0.0 M 13.1 22 210 M M 0 30 180
19 47 30 39 9 26 0 0.00 0.0 M 10.1 22 210 M M 0 30 200
20 51 28 40 10 25 0 0.00 0.0 M 9.2 21 280 M M 1 1 26 290
21 48 25 37 6 28 0 0.00 0.0 M 9.4 17 140 M M 3 26 130
22 39 31 35 4 30 0 0.05 M M 11.8 22 60 M M 9 126 33 50
23 32 9 21 -11 44 0 T M M 16.3 29 270 M M 9 38 280
24 26 7 17 -15 48 0 0.00 0.0 M 7.1 16 40 M M 9 24 50
25 45 14 30 -2 35 0 0.00 0.0 M 7.6 16 220 M M 0 20 220
26 52 27 40 7 25 0 0.04 0.0 M 9.7 18 170 M M 4 13 29 180
27 56 33 45 12 20 0 1.13 0.0 M 15.3 31 300 M M 7 13 42 300
28 51 29 40 6 25 0 0.00 0.0 M 8.0 16 100 M M 1 1 25 90
================================================================================
SM 1247 605 886 0 2.80 0.0 307.2 M 83
================================================================================
AV 44.5 21.6 11.0 FASTST M M 3 MAX(MPH)
MISC ----> 32 280 49 170
================================================================================
NOTES:
# LAST OF SEVERAL OCCURRENCES
COLUMN 17 PEAK WIND IN M.P.H.
PRELIMINARY LOCAL CLIMATOLOGICAL DATA (WS FORM: F-6) , PAGE 2
STATION: LAMONI IA
MONTH: FEBRUARY
YEAR: 2023
LATITUDE: 40 37 N
LONGITUDE: 93 56 W
[TEMPERATURE DATA] [PRECIPITATION DATA] SYMBOLS USED IN COLUMN 16
AVERAGE MONTHLY: 33.1 TOTAL FOR MONTH: 2.80 1 = FOG OR MIST
DPTR FM NORMAL: 4.3 DPTR FM NORMAL: 1.45 2 = FOG REDUCING VISIBILITY
HIGHEST: 65 ON 6 GRTST 24HR 1.17 ON 26-27 TO 1/4 MILE OR LESS
LOWEST: 0 ON 17 3 = THUNDER
SNOW, ICE PELLETS, HAIL 4 = ICE PELLETS
TOTAL MONTH: 0.0 INCH 5 = HAIL
GRTST 24HR 0.0 6 = FREEZING RAIN OR DRIZZLE
GRTST DEPTH: M ON M 7 = DUSTSTORM OR SANDSTORM:
VSBY 1/2 MILE OR LESS
8 = SMOKE OR HAZE
[NO. OF DAYS WITH] [WEATHER - DAYS WITH] 9 = BLOWING SNOW
X = TORNADO
MAX 32 OR BELOW: 4 0.01 INCH OR MORE: 7
MAX 90 OR ABOVE: 0 0.10 INCH OR MORE: 5
MIN 32 OR BELOW: 26 0.50 INCH OR MORE: 3
MIN 0 OR BELOW: 1 1.00 INCH OR MORE: 1
[HDD (BASE 65) ]
TOTAL THIS MO. 886 CLEAR (SCALE 0-3) 18
DPTR FM NORMAL -126 PTCLDY (SCALE 4-7) 6
TOTAL FM JUL 1 4344 CLOUDY (SCALE 8-10) 4
DPTR FM NORMAL -234
[CDD (BASE 65) ]
TOTAL THIS MO. 0
DPTR FM NORMAL 0 [PRESSURE DATA]
TOTAL FM JAN 1 0 HIGHEST SLP 30.68 ON 24
DPTR FM NORMAL 0 LOWEST SLP 28.95 ON 27
[REMARKS]
#FINAL-02-23#