000
CXUS56 KTFX 150459
CF6LWT
PRELIMINARY LOCAL CLIMATOLOGICAL DATA (WS FORM: F-6)
STATION: LEWISTOWN MT
MONTH: JANUARY
YEAR: 2022
LATITUDE: 47 2 N
LONGITUDE: 109 28 W
TEMPERATURE IN F: :PCPN: SNOW: WIND :SUNSHINE: SKY :PK WND
================================================================================
1 2 3 4 5 6A 6B 7 8 9 10 11 12 13 14 15 16 17 18
12Z AVG MX 2MIN
DY MAX MIN AVG DEP HDD CDD WTR SNW DPTH SPD SPD DIR MIN PSBL S-S WX SPD DR
================================================================================
1 20 -19 1 -22 64 0 0.00 M M 10.0 26 240 M M 2 33 240
2 35 18 27 4 38 0 0.00 M M 15.5 25 230 M M 4 31 230
3 46 14 30 7 35 0 0.00 M M 17.3 29 220 M M 1 36 230
4 14 -13 1 -22 64 0 T M M 11.7 25 260 M M 9 18 39 290
5 -11 -18 -14 -37 79 0 T M M 6.8 12 270 M M 9 14 320
6 38 -19 10 -13 55 0 0.16 M M 3.7 23 230 M M 6 1 27 230
7 43 35 39 16 26 0 0.00 M 6 21.6 38 240 M M 4 49 240
8 36 -6 15 -9 50 0 0.00 M M 8.3 25 260 M M 4 18 31 260
9 36 17 27 3 38 0 0.00 M M 15.4 23 230 M M 0 29 220
10 46 19 33 9 32 0 0.00 M M 14.3 30 230 M M 0 37 230
11 41 27 34 10 31 0 0.00 M M 18.2 30 240 M M 2 36 250
12 47 37 42 18 23 0 0.00 M M 14.5 30 240 M M 5 37 260
13 47 33 40 16 25 0 0.00 M M 7.2 22 300 M M 3 32 290
14 35 21 28 4 37 0 T M M 8.1 21 310 M M 7 1 31 310
15 47 21 34 10 31 0 0.00 M M 7.9 20 250 M M 2 25 240
16 43 25 34 10 31 0 0.00 M M 6.8 18 220 M M 1 22 220
17 50 34 42 18 23 0 0.00 M M 12.7 26 230 M M 0 40 240
18 41 1 21 -3 44 0 0.03 M M 11.8 24 280 M M 8 12 32 280
19 13 -9 2 -22 63 0 T M M 4.7 12 270 M M 4 1 14 270
20 41 6 24 0 41 0 0.02 M 1 11.2 24 250 M M 3 32 250
21 39 26 33 9 32 0 0.03 M M 10.7 23 310 M M 8 1 34 310
22 41 27 34 10 31 0 0.00 M T 9.0 16 230 M M 6 21 240
23 49 31 40 16 25 0 0.00 M 0 11.8 23 290 M M 0 35 300
24 34 27 31 7 34 0 0.03 M 0 10.3 18 310 M M 10 1 28 330
25 33 25 29 5 36 0 0.04 M M 11.4 20 230 M M 5 1 26 240
26 36 20 28 4 37 0 0.02 M M 10.4 24 240 M M 5 1 33 240
27 31 18 25 1 40 0 T M M 11.2 21 300 M M 3 1 33 310
28 40 19 30 6 35 0 0.00 M T 11.1 20 240 M M 0 25 230
29 48 27 38 14 27 0 0.00 M 0 8.8 21 290 M M 0 29 290
30 46 29 38 14 27 0 0.00 M 0 10.5 26 230 M M 1 34 230
31 42 6 24 0 41 0 T M M 19.3 38 300 M M 7 18 52 300
================================================================================
SM 1147 479 1195 0 0.33 M 352.2 M 119
================================================================================
AV 37.0 15.5 11.4 FASTST M M 4 MAX(MPH)
MISC ----> # 38 240 52 300
================================================================================
NOTES:
# LAST OF SEVERAL OCCURRENCES
COLUMN 17 PEAK WIND IN M.P.H.
PRELIMINARY LOCAL CLIMATOLOGICAL DATA (WS FORM: F-6) , PAGE 2
STATION: LEWISTOWN MT
MONTH: JANUARY
YEAR: 2022
LATITUDE: 47 2 N
LONGITUDE: 109 28 W
[TEMPERATURE DATA] [PRECIPITATION DATA] SYMBOLS USED IN COLUMN 16
AVERAGE MONTHLY: 26.2 TOTAL FOR MONTH: 0.33 1 = FOG OR MIST
DPTR FM NORMAL: 2.5 DPTR FM NORMAL: -0.25 2 = FOG REDUCING VISIBILITY
HIGHEST: 50 ON 17 GRTST 24HR 0.16 ON 24-24 TO 1/4 MILE OR LESS
LOWEST: -19 ON 6, 1 3 = THUNDER
SNOW, ICE PELLETS, HAIL 4 = ICE PELLETS
TOTAL MONTH: 0.3 INCH 5 = HAIL
GRTST 24HR M ON M 6 = FREEZING RAIN OR DRIZZLE
GRTST DEPTH: 6 ON 7 7 = DUSTSTORM OR SANDSTORM:
VSBY 1/2 MILE OR LESS
8 = SMOKE OR HAZE
[NO. OF DAYS WITH] [WEATHER - DAYS WITH] 9 = BLOWING SNOW
X = TORNADO
MAX 32 OR BELOW: 5 0.01 INCH OR MORE: 7
MAX 90 OR ABOVE: 0 0.10 INCH OR MORE: 1
MIN 32 OR BELOW: 27 0.50 INCH OR MORE: 0
MIN 0 OR BELOW: 6 1.00 INCH OR MORE: 0
[HDD (BASE 65) ]
TOTAL THIS MO. 1195 CLEAR (SCALE 0-3) 13
DPTR FM NORMAL -87 PTCLDY (SCALE 4-7) 14
TOTAL FM JUL 1 4205 CLOUDY (SCALE 8-10) 4
DPTR FM NORMAL -428
[CDD (BASE 65) ]
TOTAL THIS MO. 0
DPTR FM NORMAL 0 [PRESSURE DATA]
TOTAL FM JAN 1 0 HIGHEST SLP 30.62 ON 19
DPTR FM NORMAL 0 LOWEST SLP 29.18 ON 7
[REMARKS]
#FINAL-01-22#