000
CXUS53 KILX 011000
CF6LWV
PRELIMINARY LOCAL CLIMATOLOGICAL DATA (WS FORM: F-6)
STATION: LAWRENCEVILLE IL AIRPORT
MONTH: JANUARY
YEAR: 2023
LATITUDE: 38 45 N
LONGITUDE: 87 36 W
TEMPERATURE IN F: :PCPN: SNOW: WIND :SUNSHINE: SKY :PK WND
================================================================================
1 2 3 4 5 6A 6B 7 8 9 10 11 12 13 14 15 16 17 18
12Z AVG MX 2MIN
DY MAX MIN AVG DEP HDD CDD WTR SNW DPTH SPD SPD DIR MIN PSBL S-S WX SPD DR
================================================================================
1 54 45 50 18 15 0 0.00 M M 5.8 12 170 M M 10 12 16 160
2 62 49 56 24 9 0 0.75 M M 5.4 20 160 M M 10 123 25 170
3 63 57 60 28 5 0 0.21 M M 13.4 31 180 M M 7 1 42 180
4 59 34 47 15 18 0 0.00 M M 10.4 20 300 M M 5 26 250
5 44 32 38 7 27 0 0.00 M M 11.5 23 260 M M 7 31 260
6 44 30 37 6 28 0 0.00 M M 5.4 16 280 M M 4 24 290
7 47 28 38 7 27 0 0.00 M M 7.8 16 50 M M 3 20 50
8 40 34 37 6 28 0 M M M 9.4 14 290 M M 10 18 40
9 46 26 36 5 29 0 0.00 M M 6.1 13 170 M M 2 1 16 210
10 55 33 44 13 21 0 0.00 M M 6.5 13 240 M M 1 16 230
11 57 40 49 18 16 0 T M M 6.0 10 200 M M 8 12 14 190
12 52 37 45 14 20 0 0.60 M M 17.1 33 340 M M 10 13 44 350
13 37 32 35 4 30 0 0.01 M M 15.6 24 320 M M 10 1 29 320
14 33 26 30 -1 35 0 0.00 M M 5.8 16 340 M M 7 21 340
15 47 25 36 5 29 0 0.00 M M 10.9 18 160 M M 0 24 160
16 56 37 47 16 18 0 0.13 M M 14.9 23 200 M M 9 1 32 190
17 57 34 46 15 19 0 0.00 M M 9.3 21 270 M M 1 12 28 270
18 57 34 46 15 19 0 M M M 9.4 21 130 M M 7 1 31 130
19 57 38 48 17 17 0 0.10 M M 17.4 32 260 M M 9 12 46 240
20 38 33 36 5 29 0 0.00 M M 12.7 22 290 M M 10 31 290
21 35 29 32 1 33 0 0.00 M M 4.3 10 120 M M 9 13 110
22 38 32 35 4 30 0 0.11 M M 6.1 14 320 M M 10 1 19 310
23 39 29 34 3 31 0 0.01 M M 9.1 18 300 M M 7 1 22 300
24 43 27 35 4 30 0 M M M 4.2 8 200 M M 0 M M
25 M M M M M M M M M M M M M M M M M
26 M M M M M M M M M M M M M M M M M
27 48 M M M M M 0.00 M M 17.5 26 210 M M 4 35 220
28 56 31 44 13 21 0 0.04 M M 11.9 30 210 M M 5 40 210
29 46 34 40 8 25 0 T M M 10.4 17 200 M M 10 1 22 200
30 35 20 28 -4 37 0 0.02 M M 13.7 20 330 M M 10 16 23 330
31 24 15 20 -12 45 0 0.00 M M 10.0 17 350 M M 8 24 360
================================================================================
SM 1369 921 691 0 1.98 M 288.0 M 193
================================================================================
AV 47.2 32.9 9.9 FASTST M M 7 MAX(MPH)
MISC ----> 33 340 46 240
================================================================================
NOTES:
# LAST OF SEVERAL OCCURRENCES
COLUMN 17 PEAK WIND IN M.P.H.
PRELIMINARY LOCAL CLIMATOLOGICAL DATA (WS FORM: F-6) , PAGE 2
STATION: LAWRENCEVILLE IL AIRPORT
MONTH: JANUARY
YEAR: 2023
LATITUDE: 38 45 N
LONGITUDE: 87 36 W
[TEMPERATURE DATA] [PRECIPITATION DATA] SYMBOLS USED IN COLUMN 16
AVERAGE MONTHLY: 40.0 TOTAL FOR MONTH: 1.98 1 = FOG OR MIST
DPTR FM NORMAL: 8.9 DPTR FM NORMAL: -1.18 2 = FOG REDUCING VISIBILITY
HIGHEST: 63 ON 3 GRTST 24HR 0.75 ON 2- 2 TO 1/4 MILE OR LESS
LOWEST: 15 ON 31 3 = THUNDER
SNOW, ICE PELLETS, HAIL 4 = ICE PELLETS
TOTAL MONTH: M 5 = HAIL
GRTST 24HR M ON M 6 = FREEZING RAIN OR DRIZZLE
GRTST DEPTH: M ON M 7 = DUSTSTORM OR SANDSTORM:
VSBY 1/2 MILE OR LESS
8 = SMOKE OR HAZE
[NO. OF DAYS WITH] [WEATHER - DAYS WITH] 9 = BLOWING SNOW
X = TORNADO
MAX 32 OR BELOW: 1 0.01 INCH OR MORE: 10
MAX 90 OR ABOVE: 0 0.10 INCH OR MORE: 6
MIN 32 OR BELOW: 14 0.50 INCH OR MORE: 2
MIN 0 OR BELOW: 0 1.00 INCH OR MORE: 0
[HDD (BASE 65) ]
TOTAL THIS MO. 691 CLEAR (SCALE 0-3) 6
DPTR FM NORMAL -359 PTCLDY (SCALE 4-7) 11
TOTAL FM JUL 1 2537 CLOUDY (SCALE 8-10) 14
DPTR FM NORMAL -337
[CDD (BASE 65) ]
TOTAL THIS MO. 0
DPTR FM NORMAL 0 [PRESSURE DATA]
TOTAL FM JAN 1 0 HIGHEST SLP 30.47 ON 31
DPTR FM NORMAL 0 LOWEST SLP 30.02 ON 29
[REMARKS]
#FINAL-01-23#