000
CXUS53 KILX 010900
CF6LWV
PRELIMINARY LOCAL CLIMATOLOGICAL DATA (WS FORM: F-6)
STATION: LAWRENCEVILLE IL AIRPORT
MONTH: SEPTEMBER
YEAR: 2021
LATITUDE: 38 45 N
LONGITUDE: 87 36 W
TEMPERATURE IN F: :PCPN: SNOW: WIND :SUNSHINE: SKY :PK WND
================================================================================
1 2 3 4 5 6A 6B 7 8 9 10 11 12 13 14 15 16 17 18
12Z AVG MX 2MIN
DY MAX MIN AVG DEP HDD CDD WTR SNW DPTH SPD SPD DIR MIN PSBL S-S WX SPD DR
================================================================================
1 85 61 73 -1 0 8 0.00 M M 9.1 18 30 M M 1 25 40
2 82 58 70 -3 0 5 0.00 M M 6.5 15 60 M M 0 24 60
3 81 58 70 -3 0 5 0.00 M M 4.3 12 120 M M 0 16 130
4 76 63 70 -3 0 5 0.10 M M 7.0 17 210 M M 9 1 23 210
5 83 58 71 -2 0 6 0.03 M M 6.8 14 320 M M 3 1 21 350
6 89 55 72 0 0 7 0.00 M M 4.9 14 250 M M 1 19 250
7 90 60 75 3 0 10 0.50 M M 10.0 22 220 M M 2 13 28 310
8 84 61 73 1 0 8 0.00 M M 9.2 21 330 M M 2 27 320
9 81 56 69 -3 0 4 0.00 M M 5.2 15 310 M M 0 21 320
10 82 53 68 -3 0 3 0.00 M M 4.4 12 190 M M 2 12 16 190
11 88 61 75 4 0 10 0.00 M M 11.5 21 220 M M 2 28 200
12 90 64 77 6 0 12 0.00 M M 10.6 21 200 M M 0 28 180
13 92 63 78 8 0 13 0.00 M M 8.0 20 230 M M 0 1 32 260
14 93 67 80 10 0 15 0.02 M M 8.2 23 280 M M 1 3 32 280
15 81 60 71 1 0 6 0.55 M M 6.1 13 30 M M 3 13 18 30
16 86 60 73 4 0 8 0.00 M M 4.7 9 40 M M 1 13 90
17 89 65 77 8 0 12 0.00 M M 3.6 9 170 M M 1 1 13 140
18 90 65 78 9 0 13 T M M 2.1 10 260 M M 2 12 13 250
19 87 66 77 9 0 12 0.10 M M 5.1 26 180 M M 4 12 37 180
20 85 71 78 10 0 13 0.09 M M 11.0 18 150 M M 8 1 28 150
21 77 62 70 2 0 5 0.45 M M 9.7 17 330 M M 9 1 23 360
22 62 51 57 -10 8 0 0.68 M M 10.8 23 340 M M 8 30 350
23 72 47 60 -7 5 0 0.00 M M 9.7 26 300 M M 1 35 300
24 79 46 63 -3 2 0 0.00 M M 7.6 16 200 M M 0 25 210
25 75 51 63 -3 2 0 0.10 M M 6.2 18 330 M M 2 1 24 350
26 81 47 64 -2 1 0 0.00 M M 7.5 17 180 M M 0 1 23 190
27 90 58 74 9 0 9 0.00 M M 10.3 24 220 M M 0 34 220
28 90 59 75 10 0 10 0.00 M M 3.9 12 240 M M 0 16 220
29 89 59 74 9 0 9 0.00 M M 2.1 12 160 M M 0 12 14 150
30 88 64 76 12 0 11 0.00 M M 3.6 9 110 M M 1 1 14 160
================================================================================
SM 2517 1769 18 219 2.62 M 209.7 M 63
================================================================================
AV 83.9 59.0 7.0 FASTST M M 2 MAX(MPH)
MISC ----> # 26 180 37 180
================================================================================
NOTES:
# LAST OF SEVERAL OCCURRENCES
COLUMN 17 PEAK WIND IN M.P.H.
PRELIMINARY LOCAL CLIMATOLOGICAL DATA (WS FORM: F-6) , PAGE 2
STATION: LAWRENCEVILLE IL AIRPORT
MONTH: SEPTEMBER
YEAR: 2021
LATITUDE: 38 45 N
LONGITUDE: 87 36 W
[TEMPERATURE DATA] [PRECIPITATION DATA] SYMBOLS USED IN COLUMN 16
AVERAGE MONTHLY: 71.4 TOTAL FOR MONTH: 2.62 1 = FOG OR MIST
DPTR FM NORMAL: 2.2 DPTR FM NORMAL: -0.32 2 = FOG REDUCING VISIBILITY
HIGHEST: 93 ON 14 GRTST 24HR 0.96 ON 21-22 TO 1/4 MILE OR LESS
LOWEST: 46 ON 24 3 = THUNDER
SNOW, ICE PELLETS, HAIL 4 = ICE PELLETS
TOTAL MONTH: M 5 = HAIL
GRTST 24HR M ON M 6 = FREEZING RAIN OR DRIZZLE
GRTST DEPTH: M ON M 7 = DUSTSTORM OR SANDSTORM:
VSBY 1/2 MILE OR LESS
8 = SMOKE OR HAZE
[NO. OF DAYS WITH] [WEATHER - DAYS WITH] 9 = BLOWING SNOW
X = TORNADO
MAX 32 OR BELOW: 0 0.01 INCH OR MORE: 10
MAX 90 OR ABOVE: 7 0.10 INCH OR MORE: 7
MIN 32 OR BELOW: 0 0.50 INCH OR MORE: 3
MIN 0 OR BELOW: 0 1.00 INCH OR MORE: 0
[HDD (BASE 65) ]
TOTAL THIS MO. 18 CLEAR (SCALE 0-3) 24
DPTR FM NORMAL -21 PTCLDY (SCALE 4-7) 4
TOTAL FM JUL 1 18 CLOUDY (SCALE 8-10) 2
DPTR FM NORMAL -21
[CDD (BASE 65) ]
TOTAL THIS MO. 219
DPTR FM NORMAL 52 [PRESSURE DATA]
TOTAL FM JAN 1 1460 HIGHEST SLP 30.17 ON 13
DPTR FM NORMAL 117 LOWEST SLP 29.72 ON 1
[REMARKS]
#FINAL-09-21#