417
CXUS53 KILX 012300
CF6LWV
PRELIMINARY LOCAL CLIMATOLOGICAL DATA (WS FORM: F-6)
STATION: LAWRENCEVILLE IL AIRPORT
MONTH: AUGUST
YEAR: 2020
LATITUDE: 38 45 N
LONGITUDE: 87 36 W
TEMPERATURE IN F: :PCPN: SNOW: WIND :SUNSHINE: SKY :PK WND
================================================================================
1 2 3 4 5 6A 6B 7 8 9 10 11 12 13 14 15 16 17 18
12Z AVG MX 2MIN
DY MAX MIN AVG DEP HDD CDD WTR SNW DPTH SPD SPD DIR MIN PSBL S-S WX SPD DR
================================================================================
1 73 66 70 -7 0 5 0.65 M M 9.7 15 300 M M 10 1 20 330
2 82 64 73 -4 0 8 0.00 M M 6.1 15 210 M M 6 13 23 210
3 80 66 73 -4 0 8 0.01 M M 5.1 16 340 M M 3 13 21 340
4 78 57 68 -9 0 3 0.00 M M 7.2 15 340 M M 3 19 340
5 78 55 67 -10 0 2 0.00 M M 3.6 9 340 M M 2 15 20
6 80 57 69 -8 0 4 0.00 M M 3.8 12 30 M M 1 17 80
7 83 59 71 -6 0 6 0.00 M M 3.6 12 110 M M 0 17 110
8 85 60 73 -4 0 8 0.00 M M 3.5 9 170 M M 0 1 12 180
9 84 68 76 -1 0 11 0.04 M M 5.5 14 160 M M 4 1 19 200
10 93 70 82 5 0 17 0.63 M M 8.2 25 360 M M 2 138 37 360
11 86 68 77 0 0 12 0.00 M M 4.5 9 310 M M 3 1 13 290
12 84 72 78 1 0 13 0.00 M M 3.0 9 20 M M 1 11 20
13 87 73 80 3 0 15 0.05 M M 4.2 17 120 M M 1 1 23 110
14 88 68 78 1 0 13 0.60 M M 3.1 28 90 M M 2 13 41 80
15 87 67 77 0 0 12 0.00 M M 3.4 12 20 M M 1 1 16 30
16 83 66 75 -2 0 10 0.00 M M 7.4 20 340 M M 1 25 340
17 86 64 75 -2 0 10 0.00 M M 5.1 14 220 M M 1 18 220
18 80 65 73 -3 0 8 0.00 M M 9.2 22 20 M M 4 29 30
19 81 59 70 -6 0 5 0.00 M M 8.3 16 60 M M 0 8 22 40
20 82 58 70 -6 0 5 0.00 M M 4.7 12 80 M M 0 8 20 80
21 85 61 73 -3 0 8 0.00 M M 3.6 9 40 M M 1 12 50
22 87 64 76 0 0 11 0.00 M M 2.8 8 130 M M 1 1 12 20
23 89 65 77 1 0 12 0.00 M M 3.9 10 220 M M 3 12 17 250
24 92 70 81 5 0 16 0.00 M M 6.6 13 220 M M 2 1 17 230
25 92 70 81 5 0 16 0.00 M M 2.4 8 270 M M 0 1 14 250
26 90 68 79 3 0 14 0.00 M M 6.5 14 200 M M 3 12 19 210
27 86 74 80 5 0 15 0.00 M M 4.7 9 180 M M 1 8 14 170
28 90 72 81 6 0 16 0.35 M M 7.2 17 180 M M 5 138 27 170
29 88 66 77 2 0 12 0.00 M M 7.4 16 330 M M 4 128 24 320
30 83 58 71 -4 0 6 T M M 5.3 12 80 M M 2 8 17 80
31 83 67 75 0 0 10 T M M 3.1 9 260 M M 6 1 13 190
================================================================================
SM 2625 2017 0 311 2.33 M 162.7 M 73
================================================================================
AV 84.7 65.1 5.2 FASTST M M 2 MAX(MPH)
MISC ----> # 28 90 # 41 80
================================================================================
NOTES:
# LAST OF SEVERAL OCCURRENCES
COLUMN 17 PEAK WIND IN M.P.H.
PRELIMINARY LOCAL CLIMATOLOGICAL DATA (WS FORM: F-6) , PAGE 2
STATION: LAWRENCEVILLE IL AIRPORT
MONTH: AUGUST
YEAR: 2020
LATITUDE: 38 45 N
LONGITUDE: 87 36 W
[TEMPERATURE DATA] [PRECIPITATION DATA] SYMBOLS USED IN COLUMN 16
AVERAGE MONTHLY: 74.9 TOTAL FOR MONTH: 2.33 1 = FOG OR MIST
DPTR FM NORMAL: -1.5 DPTR FM NORMAL: -1.06 2 = FOG REDUCING VISIBILITY
HIGHEST: 93 ON 10 GRTST 24HR 0.65 ON 1- 1 TO 1/4 MILE OR LESS
LOWEST: 55 ON 5 3 = THUNDER
SNOW, ICE PELLETS, HAIL 4 = ICE PELLETS
TOTAL MONTH: M 5 = HAIL
GRTST 24HR M ON M 6 = FREEZING RAIN OR DRIZZLE
GRTST DEPTH: M ON M 7 = DUSTSTORM OR SANDSTORM:
VSBY 1/2 MILE OR LESS
8 = SMOKE OR HAZE
[NO. OF DAYS WITH] [WEATHER - DAYS WITH] 9 = BLOWING SNOW
X = TORNADO
MAX 32 OR BELOW: 0 0.01 INCH OR MORE: 7
MAX 90 OR ABOVE: 5 0.10 INCH OR MORE: 4
MIN 32 OR BELOW: 0 0.50 INCH OR MORE: 3
MIN 0 OR BELOW: 0 1.00 INCH OR MORE: 0
[HDD (BASE 65) ]
TOTAL THIS MO. 0 CLEAR (SCALE 0-3) 23
DPTR FM NORMAL -1 PTCLDY (SCALE 4-7) 7
TOTAL FM JUL 1 0 CLOUDY (SCALE 8-10) 1
DPTR FM NORMAL -1
[CDD (BASE 65) ]
TOTAL THIS MO. 311
DPTR FM NORMAL -45 [PRESSURE DATA]
TOTAL FM JAN 1 1030 HIGHEST SLP 30.19 ON 8
DPTR FM NORMAL -153 LOWEST SLP 29.67 ON 28
[REMARKS]
#FINAL-08-20#