000
CXUS53 KILX 011428
CLMLWV
CLIMATE REPORT
NATIONAL WEATHER SERVICE LINCOLN IL
928 AM CDT SUN OCT 01 2023
...................................
...THE LAWRENCEVILLE IL AIRPORT CLIMATE SUMMARY FOR THE MONTH OF SEPTEMBER 2023...
CLIMATE NORMAL PERIOD 1991 TO 2020
CLIMATE RECORD PERIOD 9999 TO 9999
WEATHER OBSERVED NORMAL DEPART LAST YEAR`S
VALUE DATE(S) VALUE FROM VALUE
NORMAL
..............................................................
TEMPERATURE (F)
RECORD
HIGH MM MM
LOW 39 09/28/2022
HIGHEST 93 09/04 MM MM 97
LOWEST 48 09/13 MM MM 39
09/19
AVG. MAXIMUM 84.5 81.6 2.9 81.7
AVG. MINIMUM 57.9 56.9 1.0 57.6
MEAN 71.2 69.2 2.0 69.6
DAYS MAX >= 90 3 6.1 -3.1 2
DAYS MAX <= 32 0 0.0 0.0 0
DAYS MIN <= 32 0 0.0 0.0 0
DAYS MIN <= 0 0 0.0 0.0 0
PRECIPITATION (INCHES)
RECORD
MAXIMUM 2.62 2021
MINIMUM 1.50 2022
TOTALS 0.50R 2.94 -2.44 1.50
DAILY AVG. 0.02 0.10 -0.08 0.05
DAYS >= .01 6 8.1 -2.1 8
DAYS >= .10 2 4.1 -2.1 3
DAYS >= .50 0 1.7 -1.7 2
DAYS >= 1.00 0 1.0 -1.0 0
GREATEST
24 HR. TOTAL 0.19 09/26 TO 09/27 0.64
DEGREE DAYS
HEATING TOTAL 0 39 -39 51
SINCE 7/1 0 39 -39 MM
COOLING TOTAL 191 167 24 197
SINCE 1/1 1375 1343 32 MM
..............................................................
WIND (MPH)
AVERAGE WIND SPEED 5.3
HIGHEST WIND SPEED/DIRECTION 25/320 DATE 09/17
HIGHEST GUST SPEED/DIRECTION 36/320 DATE 09/17
AVERAGE RH (PERCENT) 72
WEATHER CONDITIONS. NUMBER OF DAYS WITH
THUNDERSTORM 3 MIXED PRECIP 0
HEAVY RAIN 0 RAIN 2
LIGHT RAIN 8 FREEZING RAIN 0
LT FREEZING RAIN 0 HAIL 0
HEAVY SNOW 0 SNOW 0
LIGHT SNOW 0 SLEET 0
FOG 16 FOG W/VIS <= 1/4 MILE 3
HAZE 1
- INDICATES NEGATIVE NUMBERS.
R INDICATES RECORD WAS SET OR TIED.
MM INDICATES DATA IS MISSING.
T INDICATES TRACE AMOUNT.
$$