790
CXUS53 KILX 011542
CLSLWV
CLIMATE REPORT
NATIONAL WEATHER SERVICE LINCOLN IL
1041 AM CDT TUE SEP 1 2020
...................................
...THE LAWRENCEVILLE IL AIRPORT CLIMATE SUMMARY FOR THE SEASON, FROM
6/1/2020 TO 8/31/2020...
CLIMATE NORMAL PERIOD 1981 TO 2010
CLIMATE RECORD PERIOD 9999 TO 9999
WEATHER OBSERVED NORMAL DEPART LAST YEAR`S
VALUE DATE(S) VALUE FROM VALUE
NORMAL
.............................................................
TEMPERATURE (F)
RECORD
HIGH MM MM
LOW MM MM
HIGHEST 95 07/19 MM MM 94
LOWEST 55 08/05 MM MM 51
AVG. MAXIMUM 87.0 87.0 0.0 85.9
AVG. MINIMUM 67.2 65.5 1.7 66.1
MEAN 77.1 76.3 0.8 76.0
DAYS MAX >= 90 23 31.0 -8.0 20
DAYS MAX <= 32 0 0.0 0.0 0
DAYS MIN <= 32 0 0.0 0.0 0
DAYS MIN <= 0 0 0.0 0.0 0
PRECIPITATION (INCHES)
RECORD
MAXIMUM MM MM
MINIMUM MM MM
TOTALS 8.86 11.79 -2.93 15.84
DAILY AVG. 0.15 0.18
DAYS >= .01 18 MM MM 34
DAYS >= .10 12 MM MM 24
DAYS >= .50 6 MM MM 11
DAYS >= 1.00 3 MM MM 6
GREATEST
24 HR. TOTAL 3.12 07/30 1.94
DEGREE_DAYS
HEATING TOTAL MM 8 MM 0
SINCE 7/1 0 1 -1 0
COOLING TOTAL 10764 1044 9720 1007
SINCE 1/1 20779 1183 19596 1194
FREEZE DATES
RECORD
EARLIEST MM
LATEST MM
EARLIEST MM
LATEST MM
..............................................................
WIND (MPH)
AVERAGE WIND SPEED 5.3
HIGHEST WIND SPEED/DIRECTION 32/290 DATE 07/27
HIGHEST GUST SPEED/DIRECTION 44/290 DATE 07/27
SKY COVER
POSSIBLE SUNSHINE (PERCENT) MM
AVERAGE SKY COVER 0.20
NUMBER OF DAYS FAIR 65
NUMBER OF DAYS PC 16
NUMBER OF DAYS CLOUDY 3
AVERAGE RH (PERCENT) 73
WEATHER CONDITIONS. NUMBER OF DAYS WITH
THUNDERSTORM 20 MIXED PRECIP 0
HEAVY RAIN 13 RAIN 17
LIGHT RAIN 29 FREEZING RAIN 0
LT FREEZING RAIN 0 HAIL 0
HEAVY SNOW 0 SNOW 0
LIGHT SNOW 0 SLEET 0
FOG 48 FOG W/VIS <= 1/4 MILE 18
HAZE 29
- INDICATES NEGATIVE NUMBERS.
R INDICATES RECORD WAS SET OR TIED.
MM INDICATES DATA IS MISSING.
T INDICATES TRACE AMOUNT.
&&
TEMPERATURE...DEGREE DAY AND PRECIPITATION TOTALS INCOMPLETE DUE
TO MISSING DATA.
$$
GEELHART