000
CXUS53 KILX 011554
CLSLWV
CLIMATE REPORT
NATIONAL WEATHER SERVICE LINCOLN IL
1054 AM CDT THU SEP 01 2022
...................................
...THE LAWRENCEVILLE IL AIRPORT CLIMATE SUMMARY FOR THE SEASON, FROM
6/1/2022 TO 8/31/2022...
CLIMATE NORMAL PERIOD 1991 TO 2020
CLIMATE RECORD PERIOD 9999 TO 9999
WEATHER OBSERVED NORMAL DEPART LAST YEAR`S
VALUE DATE(S) VALUE FROM VALUE
NORMAL
..............................................................
TEMPERATURE (F)
RECORD
HIGH MM MM
LOW MM MM
HIGHEST 98 06/14 MM MM 96
LOWEST 56 06/03 MM MM 54
06/19
AVG. MAXIMUM 87.2 86.6 0.6 86.3
AVG. MINIMUM 67.1 65.5 1.6 67.4
MEAN 77.2 76.0 1.2 76.8
DAYS MAX >= 90 28 31.6 -3.6 29
DAYS MAX <= 32 0 0.0 0.0 0
DAYS MIN <= 32 0 0.0 0.0 0
DAYS MIN <= 0 0 0.0 0.0 0
PRECIPITATION (INCHES)
RECORD
MAXIMUM MM MM
MINIMUM MM MM
TOTALS MM 11.54 MM 12.73
DAILY AVG. MM 0.14
DAYS >= .01 20 30.6 -10.6 33
DAYS >= .10 14 18.1 -4.1 18
DAYS >= .50 6 7.6 -1.6 9
DAYS >= 1.00 3 3.8 -0.8 3
GREATEST
24 HR. TOTAL MM 2.37
DEGREE DAYS
HEATING TOTAL 0 7 -7 0
SINCE 7/1 0 0 0 MM
COOLING TOTAL 1133 1022 111 1111
SINCE 1/1 1337 1176 161 MM
FREEZE DATES
RECORD
EARLIEST MM
LATEST MM
EARLIEST MM
LATEST 04/19
..............................................................
WIND (MPH)
AVERAGE WIND SPEED 6.2
HIGHEST WIND SPEED/DIRECTION 38/030 DATE 07/24
HIGHEST GUST SPEED/DIRECTION 60/050 DATE 07/24
SKY COVER
POSSIBLE SUNSHINE (PERCENT) MM
AVERAGE SKY COVER 0.24
NUMBER OF DAYS FAIR 65
NUMBER OF DAYS PC 26
NUMBER OF DAYS CLOUDY 1
AVERAGE RH (PERCENT) 73
WEATHER CONDITIONS. NUMBER OF DAYS WITH
THUNDERSTORM 22 MIXED PRECIP 0
HEAVY RAIN 13 RAIN 19
LIGHT RAIN 38 FREEZING RAIN 0
LT FREEZING RAIN 0 HAIL 0
HEAVY SNOW 0 SNOW 0
LIGHT SNOW 0 SLEET 0
FOG 35 FOG W/VIS <= 1/4 MILE 2
HAZE 2
- INDICATES NEGATIVE NUMBERS.
R INDICATES RECORD WAS SET OR TIED.
MM INDICATES DATA IS MISSING.
T INDICATES TRACE AMOUNT.
$$
ERWIN