000
CXUS53 KDTX 011932
CF6MBS
PRELIMINARY LOCAL CLIMATOLOGICAL DATA (WS FORM: F-6)
STATION: TRI CITIES MI
MONTH: MARCH
YEAR: 2022
LATITUDE: 43 31 N
LONGITUDE: 84 5 W
TEMPERATURE IN F: :PCPN: SNOW: WIND :SUNSHINE: SKY :PK WND
================================================================================
1 2 3 4 5 6A 6B 7 8 9 10 11 12 13 14 15 16 17 18
12Z AVG MX 2MIN
DY MAX MIN AVG DEP HDD CDD WTR SNW DPTH SPD SPD DIR MIN PSBL S-S WX SPD DR
================================================================================
1 44 23 34 6 31 0 0.00 0.0 0 6.6 17 350 M M 1 18 23 280
2 38 21 30 1 35 0 T T 0 10.3 25 340 M M 5 18 34 350
3 32 17 25 -4 40 0 0.00 0.0 0 8.1 18 350 M M 3 24 350
4 36 17 27 -3 38 0 0.00 0.0 0 6.3 14 260 M M 0 19 260
5 53 29 41 11 24 0 0.00 0.0 0 10.3 18 170 M M 3 27 180
6 58 34 46 16 19 0 0.04 0.0 0 19.0 44 240 M M 8 66 240
7 34 29 32 1 33 0 0.19 2.0 1 9.7 20 310 M M 10 27 300
8 34 17 26 -5 39 0 0.00 0.0 3 7.7 18 230 M M 3 1 25 240
9 39 25 32 1 33 0 0.00 0.0 2 11.3 24 250 M M 2 8 32 250
10 32 23 28 -4 37 0 T T 0 7.0 15 260 M M 4 20 240
11 29 19 24 -8 41 0 0.07 1.3 2 9.4 28 270 M M 7 18 36 250
12 22 12 17 -15 48 0 0.00 0.0 2 15.7 26 270 M M 3 35 270
13 38 11 25 -8 40 0 T T 2 11.8 22 220 M M 7 8 29 210
14 45 28 37 4 28 0 0.00 0.0 0 6.6 18 40 M M 4 1 23 40
15 37 29 33 -1 32 0 T T 0 7.9 16 40 M M 9 1 19 50
16 61 25 43 9 22 0 T T 0 5.6 13 170 M M 3 128 16 170
17 67 42 55 21 10 0 T 0.0 0 9.8 21 20 M M 4 26 20
18 42 35 39 4 26 0 0.36 0.0 0 14.6 30 40 M M 10 1 41 40
19 42 35 39 4 26 0 0.21 0.0 0 11.5 21 40 M M 10 1 26 40
20 57 34 46 10 19 0 T 0.0 0 10.5 16 240 M M 2 24 290
21 49 31 40 4 25 0 T 0.0 0 8.6 22 40 M M 5 26 30
22 42 33 38 2 27 0 0.08 0.0 0 11.7 20 100 M M 6 27 100
23 41 36 39 2 26 0 0.80 0.0 0 14.7 30 40 M M 10 1 37 40
24 47 35 41 4 24 0 0.21 0.0 0 11.5 21 250 M M 10 18 29 250
25 46 34 40 3 25 0 0.07 0.0 0 12.7 23 250 M M 10 30 240
26 37 24 31 -7 34 0 0.01 0.3 0 16.0 25 310 M M 10 1 33 300
27 28 19 24 -14 41 0 T T 0 17.5 28 300 M M 8 38 320
28 31 16 24 -14 41 0 0.00 0.0 0 11.6 22 330 M M 4 35 290
29 40 18 29 -10 36 0 0.00 0.0 0 6.4 16 130 M M 2 21 120
30 50 31 41 2 24 0 1.08 T 0 10.4 21 110 M M 10 146 28 110
31 61 33 47 7 18 0 0.05 0.0 0 16.8 49 220 M M 10 1 62 220
================================================================================
SM 1312 815 942 0 3.17 3.6 337.6 M 183
================================================================================
AV 42.3 26.3 10.9 FASTST M M 6 MAX(MPH)
MISC ----> 49 220 66 240
================================================================================
NOTES:
# LAST OF SEVERAL OCCURRENCES
COLUMN 17 PEAK WIND IN M.P.H.
PRELIMINARY LOCAL CLIMATOLOGICAL DATA (WS FORM: F-6) , PAGE 2
STATION: TRI CITIES MI
MONTH: MARCH
YEAR: 2022
LATITUDE: 43 31 N
LONGITUDE: 84 5 W
[TEMPERATURE DATA] [PRECIPITATION DATA] SYMBOLS USED IN COLUMN 16
AVERAGE MONTHLY: 34.3 TOTAL FOR MONTH: 3.17 1 = FOG OR MIST
DPTR FM NORMAL: 0.3 DPTR FM NORMAL: 1.15 2 = FOG REDUCING VISIBILITY
HIGHEST: 67 ON 17 GRTST 24HR 1.08 ON 30-30 TO 1/4 MILE OR LESS
LOWEST: 11 ON 13 3 = THUNDER
SNOW, ICE PELLETS, HAIL 4 = ICE PELLETS
TOTAL MONTH: 3.6 INCHES 5 = HAIL
GRTST 24HR 2.0 ON 7- 7 6 = FREEZING RAIN OR DRIZZLE
GRTST DEPTH: 3 ON 8 7 = DUSTSTORM OR SANDSTORM:
VSBY 1/2 MILE OR LESS
8 = SMOKE OR HAZE
[NO. OF DAYS WITH] [WEATHER - DAYS WITH] 9 = BLOWING SNOW
X = TORNADO
MAX 32 OR BELOW: 6 0.01 INCH OR MORE: 12
MAX 90 OR ABOVE: 0 0.10 INCH OR MORE: 6
MIN 32 OR BELOW: 21 0.50 INCH OR MORE: 2
MIN 0 OR BELOW: 0 1.00 INCH OR MORE: 1
[HDD (BASE 65) ]
TOTAL THIS MO. 942 CLEAR (SCALE 0-3) 9
DPTR FM NORMAL -20 PTCLDY (SCALE 4-7) 12
TOTAL FM JUL 1 5603 CLOUDY (SCALE 8-10) 10
DPTR FM NORMAL -301
[CDD (BASE 65) ]
TOTAL THIS MO. 0
DPTR FM NORMAL -1 [PRESSURE DATA]
TOTAL FM JAN 1 0 HIGHEST SLP 30.51 ON 4
DPTR FM NORMAL -1 LOWEST SLP 28.97 ON 31
[REMARKS]
#FINAL-03-22#
CORRECTED SNOW DEPTH ON 3/26.