000
CXUS54 KLIX 010810
CF6MCB
PRELIMINARY LOCAL CLIMATOLOGICAL DATA (WS FORM: F-6)
STATION: MCCOMB
MONTH: AUGUST
YEAR: 2022
LATITUDE: 31 10 N
LONGITUDE: 90 28 W
TEMPERATURE IN F: :PCPN: SNOW: WIND :SUNSHINE: SKY :PK WND
================================================================================
1 2 3 4 5 6A 6B 7 8 9 10 11 12 13 14 15 16 17 18
12Z AVG MX 2MIN
DY MAX MIN AVG DEP HDD CDD WTR SNW DPTH SPD SPD DIR MIN PSBL S-S WX SPD DR
================================================================================
1 91 71 81 -1 0 16 0.12 M M 3.5 13 210 M M 3 13 17 140
2 88 71 80 -2 0 15 0.02 M M 2.4 16 270 M M 5 13 23 280
3 84 70 77 -5 0 12 0.00 M M 4.1 15 190 M M 3 13 19 180
4 89 70 80 -2 0 15 0.53 M M 2.5 15 330 M M 5 13 17 350
5 88 71 80 -2 0 15 0.03 M M 3.8 16 180 M M 5 13 24 140
6 88 72 80 -2 0 15 0.12 M M 1.5 18 120 M M 2 138 28 90
7 91 70 81 -1 0 16 0.15 M M 1.7 17 70 M M 3 138 26 70
8 92 69 81 -1 0 16 T 0.0 M 2.1 26 160 M M 2 13 32 160
9 89 71 80 -2 0 15 0.00 M M 3.0 16 170 M M 2 1 26 90
10 86 71 79 -2 0 14 0.06 0.0 M 2.0 10 80 M M 5 13 17 330
11 87 71 79 -2 0 14 T 0.0 M 2.6 17 130 M M 6 123 23 130
12 90 72 81 0 0 16 T 0.0 M 4.1 16 160 M M 6 12 31 90
13 89 73 81 0 0 16 0.01 M M 3.0 21 200 M M 5 1 31 200
14 90 69 80 -1 0 15 0.00 0.0 M 2.7 9 290 M M 2 1 13 240
15 92 70 81 0 0 16 0.00 M M 3.7 12 290 M M 1 14 230
16 92 73 83 2 0 18 M M M 4.8 9 260 M M 1 M M
17 91 71 81 0 0 16 0.00 0.0 M 3.8 14 320 M M 1 23 110
18 79 69 74 -7 0 9 3.79 0.0 M 2.6 17 10 M M 7 13 23 10
19 84 71 78 -3 0 13 0.44 0.0 M 3.0 13 170 M M 4 13 33 330
20 88 70 79 -2 0 14 0.13 M M 3.5 32 190 M M 2 13 40 190
21 85 72 79 -2 0 14 0.69 0.0 M 3.0 23 210 M M 8 1238 32 200
22 88 71 80 -1 0 15 0.31 M M 3.5 30 170 M M 7 123 37 140
23 77 70 74 -7 0 9 2.21 M M 6.0 22 200 M M 9 13 33 200
24 80 72 76 -5 0 11 0.08 M M 6.6 14 230 M M 9 1 24 90
25 86 73 80 0 0 15 0.66 M M 4.2 10 100 M M 9 13 31 330
26 83 72 78 -2 0 13 0.06 M M 3.3 16 160 M M 7 123 20 160
27 86 71 79 -1 0 14 T M M 1.6 18 180 M M 7 12 22 180
28 91 71 81 1 0 16 0.06 M M 2.4 13 110 M M 4 12 32 330
29 91 71 81 1 0 16 T M M 1.8 8 210 M M 3 123 12 250
30 92 72 82 2 0 17 1.10 M M 2.1 22 130 M M 1 123 32 130
31 92 71 82 2 0 17 0.00 0.0 M 4.5 10 40 M M 1 14 50
================================================================================
SM 2719 2201 0 453 10.57 0.0 99.4 M 135
================================================================================
AV 87.7 71.0 3.2 FASTST M M 4 MAX(MPH)
MISC ----> 32 190 40 190
================================================================================
NOTES:
# LAST OF SEVERAL OCCURRENCES
COLUMN 17 PEAK WIND IN M.P.H.
PRELIMINARY LOCAL CLIMATOLOGICAL DATA (WS FORM: F-6) , PAGE 2
STATION: MCCOMB
MONTH: AUGUST
YEAR: 2022
LATITUDE: 31 10 N
LONGITUDE: 90 28 W
[TEMPERATURE DATA] [PRECIPITATION DATA] SYMBOLS USED IN COLUMN 16
AVERAGE MONTHLY: 79.4 TOTAL FOR MONTH: 10.57 1 = FOG OR MIST
DPTR FM NORMAL: -1.6 DPTR FM NORMAL: 4.74 2 = FOG REDUCING VISIBILITY
HIGHEST: 92 ON 31,30 GRTST 24HR 3.79 ON 18-18 TO 1/4 MILE OR LESS
LOWEST: 69 ON 18,14 3 = THUNDER
SNOW, ICE PELLETS, HAIL 4 = ICE PELLETS
TOTAL MONTH: 0.0 INCH 5 = HAIL
GRTST 24HR 0.0 6 = FREEZING RAIN OR DRIZZLE
GRTST DEPTH: M ON M 7 = DUSTSTORM OR SANDSTORM:
VSBY 1/2 MILE OR LESS
8 = SMOKE OR HAZE
[NO. OF DAYS WITH] [WEATHER - DAYS WITH] 9 = BLOWING SNOW
X = TORNADO
MAX 32 OR BELOW: 0 0.01 INCH OR MORE: 19
MAX 90 OR ABOVE: 12 0.10 INCH OR MORE: 12
MIN 32 OR BELOW: 0 0.50 INCH OR MORE: 6
MIN 0 OR BELOW: 0 1.00 INCH OR MORE: 3
[HDD (BASE 65) ]
TOTAL THIS MO. 0 CLEAR (SCALE 0-3) 14
DPTR FM NORMAL 0 PTCLDY (SCALE 4-7) 13
TOTAL FM JUL 1 0 CLOUDY (SCALE 8-10) 4
DPTR FM NORMAL 0
[CDD (BASE 65) ]
TOTAL THIS MO. 453
DPTR FM NORMAL -43 [PRESSURE DATA]
TOTAL FM JAN 1 2051 HIGHEST SLP M ON M
DPTR FM NORMAL 220 LOWEST SLP 29.87 ON 27
[REMARKS]
#FINAL-08-22#