000
CXUS54 KLIX 010810
CF6MCB
PRELIMINARY LOCAL CLIMATOLOGICAL DATA (WS FORM: F-6)
STATION: MCCOMB
MONTH: JUNE
YEAR: 2022
LATITUDE: 31 10 N
LONGITUDE: 90 28 W
TEMPERATURE IN F: :PCPN: SNOW: WIND :SUNSHINE: SKY :PK WND
================================================================================
1 2 3 4 5 6A 6B 7 8 9 10 11 12 13 14 15 16 17 18
12Z AVG MX 2MIN
DY MAX MIN AVG DEP HDD CDD WTR SNW DPTH SPD SPD DIR MIN PSBL S-S WX SPD DR
================================================================================
1 92 70 81 4 0 16 0.00 M M 2.6 21 180 M M 4 128 27 180
2 91 67 79 2 0 14 0.15 M M 4.1 24 350 M M 2 123 30 340
3 86 71 79 1 0 14 0.10 M M 5.2 13 340 M M 5 13 16 30
4 89 66 78 0 0 13 0.00 M M 3.2 12 20 M M 1 1 16 10
5 91 66 79 1 0 14 0.00 M M 3.3 12 180 M M 2 16 190
6 91 69 80 2 0 15 0.00 M M 6.4 15 180 M M 2 1 21 200
7 92 69 81 3 0 16 0.00 M M 4.6 14 210 M M 2 1 19 210
8 93 71 82 4 0 17 0.00 M M 4.7 15 180 M M 2 1 29 160
9 92 75 84 6 0 19 T M M 4.7 18 350 M M 4 13 24 350
10 86 69 78 -1 0 13 0.91 M M 3.6 22 350 M M 5 13 30 200
11 88 69 79 0 0 14 0.06 M M 2.6 16 320 M M 7 138 20 320
12 93 72 83 4 0 18 0.00 M M 3.6 13 220 M M 3 12 18 270
13 94 74 84 5 0 19 0.00 M M 4.4 16 180 M M 2 18 19 180
14 94 73 84 5 0 19 0.19 M M 4.7 18 170 M M 2 18 20 180
15 95 72 84 5 0 19 0.00 M M 2.0 9 330 M M 1 1 12 320
16 97 74 86 7 0 21 0.13 M M 4.6 25 160 M M 2 38 30 150
17 96 71 84 4 0 19 0.02 M M 2.3 15 260 M M 2 13 19 260
18 98 73 86 6 0 21 0.00 M M 3.9 13 330 M M 1 3 16 320
19 96 71 84 4 0 19 0.00 M M 4.8 14 10 M M 0 18 360
20 97 70 84 4 0 19 0.00 M M 4.3 14 160 M M 1 18 130
21 98 74 86 6 0 21 0.11 M M 2.7 22 150 M M 2 138 25 150
22 97 73 85 5 0 20 0.03 M M 4.0 20 310 M M 2 13 27 320
23 100 74 87 7 0 22 M M M 4.2 10 360 M M 1 M M
24 99 73 86 6 0 21 0.01 M M 3.2 22 20 M M 2 3 40 20
25 99 73 86 6 0 21 0.62 M M 4.1 29 40 M M 1 1238 36 20
26 95 72 84 4 0 19 T 0.0 M 5.8 15 150 M M 2 13 21 140
27 86 73 80 0 0 15 0.00 0.0 M 5.4 14 320 M M 3 3 17 330
28 91 75 83 3 0 18 0.00 0.0 M 4.6 16 330 M M 1 19 330
29 89 73 81 1 0 16 0.01 0.0 M 3.0 10 120 M M 2 3 18 70
30 91 72 82 2 0 17 0.59 0.0 M 3.2 22 160 M M 4 13 28 150
================================================================================
SM 2796 2144 0 529 2.93 0.0 119.8 M 70
================================================================================
AV 93.2 71.5 4.0 FASTST M M 2 MAX(MPH)
MISC ----> 29 40 40 20
================================================================================
NOTES:
# LAST OF SEVERAL OCCURRENCES
COLUMN 17 PEAK WIND IN M.P.H.
PRELIMINARY LOCAL CLIMATOLOGICAL DATA (WS FORM: F-6) , PAGE 2
STATION: MCCOMB
MONTH: JUNE
YEAR: 2022
LATITUDE: 31 10 N
LONGITUDE: 90 28 W
[TEMPERATURE DATA] [PRECIPITATION DATA] SYMBOLS USED IN COLUMN 16
AVERAGE MONTHLY: 82.3 TOTAL FOR MONTH: 2.93 1 = FOG OR MIST
DPTR FM NORMAL: 3.1 DPTR FM NORMAL: -2.25 2 = FOG REDUCING VISIBILITY
HIGHEST: 100 ON 23 GRTST 24HR 0.91 ON 10-10 TO 1/4 MILE OR LESS
LOWEST: 66 ON 5, 4 3 = THUNDER
SNOW, ICE PELLETS, HAIL 4 = ICE PELLETS
TOTAL MONTH: 0.0 INCH 5 = HAIL
GRTST 24HR 0.0 6 = FREEZING RAIN OR DRIZZLE
GRTST DEPTH: M ON M 7 = DUSTSTORM OR SANDSTORM:
VSBY 1/2 MILE OR LESS
8 = SMOKE OR HAZE
[NO. OF DAYS WITH] [WEATHER - DAYS WITH] 9 = BLOWING SNOW
X = TORNADO
MAX 32 OR BELOW: 0 0.01 INCH OR MORE: 13
MAX 90 OR ABOVE: 24 0.10 INCH OR MORE: 8
MIN 32 OR BELOW: 0 0.50 INCH OR MORE: 3
MIN 0 OR BELOW: 0 1.00 INCH OR MORE: 0
[HDD (BASE 65) ]
TOTAL THIS MO. 0 CLEAR (SCALE 0-3) 24
DPTR FM NORMAL 0 PTCLDY (SCALE 4-7) 6
TOTAL FM JUL 1 1613 CLOUDY (SCALE 8-10) 0
DPTR FM NORMAL -308
[CDD (BASE 65) ]
TOTAL THIS MO. 529
DPTR FM NORMAL 105 [PRESSURE DATA]
TOTAL FM JAN 1 1085 HIGHEST SLP M ON M
DPTR FM NORMAL 248 LOWEST SLP 29.76 ON 5
[REMARKS]
#FINAL-06-22#