000
CXUS56 KHNX 011146
CF6MCE
PRELIMINARY LOCAL CLIMATOLOGICAL DATA (WS FORM: F-6)
STATION: MERCED CA AIRPORT
MONTH: JUNE
YEAR: 2020
LATITUDE: 37 16 N
LONGITUDE: 120 36 W
TEMPERATURE IN F: :PCPN: SNOW: WIND :SUNSHINE: SKY :PK WND
================================================================================
1 2 3 4 5 6A 6B 7 8 9 10 11 12 13 14 15 16 17 18
12Z AVG MX 2MIN
DY MAX MIN AVG DEP HDD CDD WTR SNW DPTH SPD SPD DIR MIN PSBL S-S WX SPD DR
================================================================================
1 83 63 73 3 0 8 0.00 0.0 0 7.5 16 340 M M 1 21 330
2 96 61 79 8 0 14 0.00 0.0 0 7.0 14 330 M M 0 8 18 350
3 102 65 84 13 0 19 0.00 0.0 0 7.1 16 330 M M 0 19 320
4 104 67 86 15 0 21 0.00 0.0 0 7.3 13 330 M M 0 17 350
5 87 59 73 2 0 8 0.00 0.0 0 8.9 20 320 M M 0 25 250
6 80 53 67 -5 0 2 0.00 0.0 0 8.2 22 330 M M 0 28 360
7 75 49 62 -10 3 0 0.00 0.0 0 11.8 22 320 M M 0 28 330
8 82 55 69 -3 0 4 0.00 0.0 0 13.5 25 330 M M 0 32 340
9 90 51 71 -1 0 6 0.00 0.0 0 5.0 15 320 M M 0 18 320
10 97 61 79 7 0 14 0.00 0.0 0 6.8 14 340 M M 0 18 350
11 101 62 82 9 0 17 0.00 0.0 0 7.6 22 330 M M 0 28 330
12 82 57 70 -3 0 5 0.00 0.0 0 9.6 25 320 M M 0 30 320
13 78 52 65 -8 0 0 0.00 0.0 0 9.7 20 340 M M 0 26 310
14 86 57 72 -1 0 7 0.00 0.0 0 10.7 17 340 M M 0 23 340
15 89 59 74 0 0 9 0.00 0.0 0 9.6 20 340 M M 0 25 340
16 84 56 70 -4 0 5 0.00 0.0 0 10.2 18 340 M M 0 23 340
17 87 59 73 -1 0 8 0.00 0.0 0 8.7 18 340 M M 0 25 310
18 95 55 75 1 0 10 0.00 0.0 0 4.5 15 330 M M 0 18 330
19 98 60 79 5 0 14 0.00 0.0 0 6.4 14 340 M M 0 17 300
20 97 62 80 5 0 15 0.00 0.0 0 7.2 14 340 M M 0 18 360
21 97 60 79 4 0 14 0.00 0.0 0 7.9 15 330 M M 0 19 340
22 100 65 83 8 0 18 0.00 0.0 0 6.0 10 250 M M 0 14 250
23 101 68 85 10 0 20 0.00 0.0 0 7.5 13 320 M M 0 16 360
24 100 67 84 8 0 19 0.00 0.0 0 6.5 12 320 M M 0 15 310
25 100 69 85 9 0 20 0.00 0.0 0 7.7 14 310 M M 0 17 310
26 99 68 84 8 0 19 0.00 0.0 0 7.5 13 310 M M 0 19 310
27 106 68 87 11 0 22 0.00 0.0 0 6.0 16 250 M M 0 21 270
28 79 58 69 -7 0 4 0.00 0.0 0 7.8 12 250 M M 0 20 250
29 88 50 69 -8 0 4 0.00 0.0 0 5.8 18 340 M M 0 24 320
30 96 58 77 0 0 12 0.00 0.0 0 5.2 15 320 M M 0 19 320
================================================================================
SM 2759 1794 3 338 0.00 0.0 235.2 M 1
================================================================================
AV 92.0 59.8 7.8 FASTST M M 0 MAX(MPH)
MISC ----> # 25 330 # 32 340
================================================================================
NOTES:
# LAST OF SEVERAL OCCURRENCES
COLUMN 17 PEAK WIND IN M.P.H.
PRELIMINARY LOCAL CLIMATOLOGICAL DATA (WS FORM: F-6) , PAGE 2
STATION: MERCED CA AIRPORT
MONTH: JUNE
YEAR: 2020
LATITUDE: 37 16 N
LONGITUDE: 120 36 W
[TEMPERATURE DATA] [PRECIPITATION DATA] SYMBOLS USED IN COLUMN 16
AVERAGE MONTHLY: 75.9 TOTAL FOR MONTH: 0.00 1 = FOG OR MIST
DPTR FM NORMAL: 2.2 DPTR FM NORMAL: -0.13 2 = FOG REDUCING VISIBILITY
HIGHEST: 106 ON 27 GRTST 24HR 0.00 ON 30-30 TO 1/4 MILE OR LESS
LOWEST: 49 ON 7 3 = THUNDER
SNOW, ICE PELLETS, HAIL 4 = ICE PELLETS
TOTAL MONTH: 0.0 INCH 5 = HAIL
GRTST 24HR 0.0 6 = FREEZING RAIN OR DRIZZLE
GRTST DEPTH: 0 7 = DUSTSTORM OR SANDSTORM:
VSBY 1/2 MILE OR LESS
8 = SMOKE OR HAZE
[NO. OF DAYS WITH] [WEATHER - DAYS WITH] 9 = BLOWING SNOW
X = TORNADO
MAX 32 OR BELOW: 0 0.01 INCH OR MORE: 0
MAX 90 OR ABOVE: 17 0.10 INCH OR MORE: 0
MIN 32 OR BELOW: 0 0.50 INCH OR MORE: 0
MIN 0 OR BELOW: 0 1.00 INCH OR MORE: 0
[HDD (BASE 65) ]
TOTAL THIS MO. 3 CLEAR (SCALE 0-3) 30
DPTR FM NORMAL 0 PTCLDY (SCALE 4-7) 0
TOTAL FM JUL 1 2322 CLOUDY (SCALE 8-10) 0
DPTR FM NORMAL -456
[CDD (BASE 65) ]
TOTAL THIS MO. 338
DPTR FM NORMAL 75 [PRESSURE DATA]
TOTAL FM JAN 1 572 HIGHEST SLP 30.15 ON 9
DPTR FM NORMAL 179 LOWEST SLP 29.57 ON 4
[REMARKS]
#FINAL-06-20#