000
CXUS53 KEAX 010736
CF6MCI
PRELIMINARY LOCAL CLIMATOLOGICAL DATA (WS FORM: F-6)
STATION: KANSAS CITY INTERNATIONAL MO
MONTH: MAY
YEAR: 2022
LATITUDE: 39 19 N
LONGITUDE: 94 43 W
TEMPERATURE IN F: :PCPN: SNOW: WIND :SUNSHINE: SKY :PK WND
================================================================================
1 2 3 4 5 6A 6B 7 8 9 10 11 12 13 14 15 16 17 18
12Z AVG MX 2MIN
DY MAX MIN AVG DEP HDD CDD WTR SNW DPTH SPD SPD DIR MIN PSBL S-S WX SPD DR
================================================================================
1 71 46 59 0 6 0 0.03 0.0 0 12.1 22 280 M M 4 8 33 270
2 55 49 52 -8 13 0 0.62 0.0 0 12.8 23 320 M M 10 1 34 290
3 55 45 50 -10 15 0 T 0.0 0 10.5 18 350 M M 10 1 28 320
4 53 50 52 -8 13 0 0.30 0.0 0 10.8 26 110 M M 10 1 34 80
5 61 52 57 -4 8 0 0.31 0.0 M 8.7 21 100 M M 10 18 31 110
6 65 52 59 -2 6 0 0.01 0.0 0 5.6 15 40 M M 8 1 19 50
7 74 50 62 1 3 0 0.00 0.0 0 13.0 22 130 M M 3 31 120
8 76 60 68 6 0 3 0.03 0.0 0 17.7 31 160 M M 9 42 140
9 91 69 80 18 0 15 0.00 0.0 0 21.2 33 190 M M 3 8 43 200
10 91 77 84 22 0 19 0.00 0.0 0 14.3 25 190 M M 5 8 34 180
11 92 74 83 20 0 18 0.00 0.0 0 11.2 20 190 M M 6 8 26 200
12 93 71 82 19 0 17 0.00 0.0 0 15.6 25 180 M M 2 8 35 170
13 83 61 72 8 0 7 1.23 0.0 0 8.1 30 70 M M 7 13 38 340
14 88 65 77 13 0 12 0.00 0.0 0 3.3 18 320 M M 5 8 26 320
15 77 55 66 2 0 1 0.32 0.0 0 8.4 25 80 M M 7 13 35 80
16 80 51 66 1 0 1 0.00 0.0 0 5.7 13 230 M M 1 8 20 280
17 84 55 70 5 0 5 0.14 0.0 0 11.8 33 150 M M 8 38 40 150
18 84 63 74 9 0 9 0.03 0.0 0 6.5 33 160 M M 6 38 42 150
19 83 61 72 6 0 7 0.00 0.0 0 11.8 21 190 M M 6 8 30 200
20 77 57 67 1 0 2 0.00 0.0 0 11.0 22 190 M M 9 8 31 190
21 64 46 55 -11 10 0 0.11 0.0 0 11.0 20 340 M M 8 3 26 330
22 69 42 56 -11 9 0 0.00 0.0 0 7.3 16 50 M M 3 25 40
23 69 47 58 -9 7 0 0.00 0.0 0 10.0 18 120 M M 7 31 120
24 62 54 58 -10 7 0 1.13 0.0 0 12.8 25 70 M M 10 1 34 60
25 71 55 63 -5 2 0 1.10 0.0 0 9.0 23 190 M M 9 1 30 190
26 68 49 59 -9 6 0 0.14 0.0 0 9.4 20 330 M M 8 18 27 330
27 79 47 63 -6 2 0 0.00 0.0 0 5.3 12 340 M M 1 15 340
28 86 60 73 4 0 8 0.00 0.0 0 14.6 23 180 M M 5 34 160
29 88 70 79 10 0 14 0.00 0.0 0 20.1 33 190 M M 8 3 45 190
30 85 73 79 9 0 14 0.00 0.0 0 23.3 35 200 M M 7 8 45 200
31 77 65 71 1 0 6 2.96 0.0 0 6.2 22 300 M M 10 13 33 310
================================================================================
SM 2351 1771 107 158 8.46 0.0 349.1 M 205
================================================================================
AV 75.8 57.1 11.3 FASTST M M 7 MAX(MPH)
MISC ----> 35 200 # 45 190
================================================================================
NOTES:
# LAST OF SEVERAL OCCURRENCES
COLUMN 17 PEAK WIND IN M.P.H.
PRELIMINARY LOCAL CLIMATOLOGICAL DATA (WS FORM: F-6) , PAGE 2
STATION: KANSAS CITY INTERNATIONAL MO
MONTH: MAY
YEAR: 2022
LATITUDE: 39 19 N
LONGITUDE: 94 43 W
[TEMPERATURE DATA] [PRECIPITATION DATA] SYMBOLS USED IN COLUMN 16
AVERAGE MONTHLY: 66.5 TOTAL FOR MONTH: 8.46 1 = FOG OR MIST
DPTR FM NORMAL: 1.9 DPTR FM NORMAL: 3.14 2 = FOG REDUCING VISIBILITY
HIGHEST: 93 ON 12 GRTST 24HR 2.96 ON 31-31 TO 1/4 MILE OR LESS
LOWEST: 42 ON 22 3 = THUNDER
SNOW, ICE PELLETS, HAIL 4 = ICE PELLETS
TOTAL MONTH: 0.0 INCH 5 = HAIL
GRTST 24HR 0.0 6 = FREEZING RAIN OR DRIZZLE
GRTST DEPTH: 0 7 = DUSTSTORM OR SANDSTORM:
VSBY 1/2 MILE OR LESS
8 = SMOKE OR HAZE
[NO. OF DAYS WITH] [WEATHER - DAYS WITH] 9 = BLOWING SNOW
X = TORNADO
MAX 32 OR BELOW: 0 0.01 INCH OR MORE: 15
MAX 90 OR ABOVE: 4 0.10 INCH OR MORE: 11
MIN 32 OR BELOW: 0 0.50 INCH OR MORE: 5
MIN 0 OR BELOW: 0 1.00 INCH OR MORE: 4
[HDD (BASE 65) ]
TOTAL THIS MO. 107 CLEAR (SCALE 0-3) 5
DPTR FM NORMAL -2 PTCLDY (SCALE 4-7) 15
TOTAL FM JUL 1 4516 CLOUDY (SCALE 8-10) 11
DPTR FM NORMAL -546
[CDD (BASE 65) ]
TOTAL THIS MO. 158
DPTR FM NORMAL 60 [PRESSURE DATA]
TOTAL FM JAN 1 175 HIGHEST SLP M ON M
DPTR FM NORMAL 55 LOWEST SLP 28.80 ON 31
[REMARKS]
#FINAL-05-22#