000
CXUS53 KEAX 010736
CF6MCI
PRELIMINARY LOCAL CLIMATOLOGICAL DATA (WS FORM: F-6)
STATION: KANSAS CITY INTERNATIONAL MO
MONTH: OCTOBER
YEAR: 2023
LATITUDE: 39 19 N
LONGITUDE: 94 43 W
TEMPERATURE IN F: :PCPN: SNOW: WIND :SUNSHINE: SKY :PK WND
================================================================================
1 2 3 4 5 6A 6B 7 8 9 10 11 12 13 14 15 16 17 18
12Z AVG MX 2MIN
DY MAX MIN AVG DEP HDD CDD WTR SNW DPTH SPD SPD DIR MIN PSBL S-S WX SPD DR
================================================================================
1 91 63 77 15 0 12 0.00 0.0 0 8.3 14 170 M M 4 23 170
2 90 63 77 15 0 12 0.00 0.0 0 8.2 17 180 M M 5 18 23 180
3 86 63 75 13 0 10 T 0.0 0 14.1 26 180 M M 7 3 35 170
4 78 60 69 8 0 4 0.03 0.0 0 7.0 16 120 M M 8 13 22 320
5 81 49 65 4 0 0 0.00 0.0 0 6.9 20 330 M M 2 8 27 320
6 61 41 51 -9 14 0 0.01 0.0 0 10.6 25 340 M M 4 38 350
7 63 37 50 -10 15 0 0.00 0.0 0 6.9 14 290 M M 0 20 270
8 80 40 60 0 5 0 0.00 0.0 0 8.3 16 350 M M 2 23 320
9 68 41 55 -4 10 0 0.00 0.0 0 5.7 14 10 M M 0 8 20 360
10 73 38 56 -3 9 0 0.30 0.0 0 5.7 17 140 M M 2 138 22 140
11 82 56 69 11 0 4 T 0.0 0 14.3 24 160 M M 6 3 34 210
12 77 61 69 11 0 4 0.00 0.0 0 17.3 29 160 M M 9 38 160
13 65 51 58 0 7 0 T 0.0 0 16.0 24 280 M M 9 18 39 290
14 57 49 53 -4 12 0 0.06 0.0 0 11.5 20 290 M M 10 18 29 290
15 54 42 48 -9 17 0 0.06 0.0 0 10.5 22 360 M M 9 1 29 340
16 65 38 52 -4 13 0 0.00 0.0 0 7.3 16 320 M M 2 24 340
17 71 36 54 -2 11 0 0.00 0.0 0 8.0 17 200 M M 3 26 170
18 64 48 56 0 9 0 0.03 0.0 0 10.2 22 190 M M 6 28 200
19 72 50 61 6 4 0 0.00 0.0 0 8.3 16 260 M M 5 18 25 280
20 80 48 64 9 1 0 0.00 0.0 0 6.9 15 280 M M 0 18 18 280
21 80 49 65 11 0 0 0.00 0.0 0 8.9 18 340 M M 1 24 20
22 72 47 60 6 5 0 0.00 0.0 0 11.6 21 120 M M 3 27 120
23 86 62 74 20 0 9 0.00 0.0 0 18.2 29 180 M M 5 8 44 180
24 70 60 65 12 0 0 1.13 0.0 0 13.6 23 160 M M 8 138 32 150
25 68 63 66 13 0 1 1.10 0.0 0 8.8 18 160 M M 10 13 24 200
26 77 66 72 20 0 7 0.25 0.0 0 11.9 22 200 M M 7 13 29 170
27 67 34 51 -1 14 0 0.01 0.0 0 13.5 22 350 M M 6 1 33 350
28 39 30 35 -16 30 0 0.49 0.0 0 9.3 16 20 M M 6 13 22 40
29 37 29 33 -18 32 0 0.00 0.0 0 11.9 20 350 M M 10 25 330
30 41 25 33 -17 32 0 0.00 0.0 0 7.9 14 300 M M 0 22 320
31 41 20 31 -19 34 0 0.00 0.0 0 11.4 21 330 M M 0 31 340
================================================================================
SM 2136 1459 274 63 3.47 0.0 319.0 M 149
================================================================================
AV 68.9 47.1 10.3 FASTST M M 5 MAX(MPH)
MISC ----> # 29 160 44 180
================================================================================
NOTES:
# LAST OF SEVERAL OCCURRENCES
COLUMN 17 PEAK WIND IN M.P.H.
PRELIMINARY LOCAL CLIMATOLOGICAL DATA (WS FORM: F-6) , PAGE 2
STATION: KANSAS CITY INTERNATIONAL MO
MONTH: OCTOBER
YEAR: 2023
LATITUDE: 39 19 N
LONGITUDE: 94 43 W
[TEMPERATURE DATA] [PRECIPITATION DATA] SYMBOLS USED IN COLUMN 16
AVERAGE MONTHLY: 58.0 TOTAL FOR MONTH: 3.47 1 = FOG OR MIST
DPTR FM NORMAL: 1.6 DPTR FM NORMAL: 0.22 2 = FOG REDUCING VISIBILITY
HIGHEST: 91 ON 1 GRTST 24HR 2.10 ON 24-25 TO 1/4 MILE OR LESS
LOWEST: 20 ON 31 3 = THUNDER
SNOW, ICE PELLETS, HAIL 4 = ICE PELLETS
TOTAL MONTH: 0.0 INCH 5 = HAIL
GRTST 24HR 0.0 6 = FREEZING RAIN OR DRIZZLE
GRTST DEPTH: 0 7 = DUSTSTORM OR SANDSTORM:
VSBY 1/2 MILE OR LESS
8 = SMOKE OR HAZE
[NO. OF DAYS WITH] [WEATHER - DAYS WITH] 9 = BLOWING SNOW
X = TORNADO
MAX 32 OR BELOW: 0 0.01 INCH OR MORE: 11
MAX 90 OR ABOVE: 2 0.10 INCH OR MORE: 5
MIN 32 OR BELOW: 4 0.50 INCH OR MORE: 2
MIN 0 OR BELOW: 0 1.00 INCH OR MORE: 2
[HDD (BASE 65) ]
TOTAL THIS MO. 274 CLEAR (SCALE 0-3) 12
DPTR FM NORMAL -21 PTCLDY (SCALE 4-7) 12
TOTAL FM JUL 1 275 CLOUDY (SCALE 8-10) 7
DPTR FM NORMAL -82
[CDD (BASE 65) ]
TOTAL THIS MO. 63
DPTR FM NORMAL 34 [PRESSURE DATA]
TOTAL FM JAN 1 1509 HIGHEST SLP M ON M
DPTR FM NORMAL 149 LOWEST SLP 29.48 ON 12
[REMARKS]
#FINAL-10-23#