000
CXUS52 KFFC 011010
CF6MCN
PRELIMINARY LOCAL CLIMATOLOGICAL DATA (WS FORM: F-6)
STATION: MACON
MONTH: JULY
YEAR: 2023
LATITUDE: 32 42 N
LONGITUDE: 83 39 W
TEMPERATURE IN F: :PCPN: SNOW: WIND :SUNSHINE: SKY :PK WND
================================================================================
1 2 3 4 5 6A 6B 7 8 9 10 11 12 13 14 15 16 17 18
12Z AVG MX 2MIN
DY MAX MIN AVG DEP HDD CDD WTR SNW DPTH SPD SPD DIR MIN PSBL S-S WX SPD DR
================================================================================
1 97 72 85 3 0 20 T 0.0 M 4.0 16 190 M M 4 13 28 190
2 98 73 86 4 0 21 0.36 0.0 M 3.9 25 280 M M 1 13 36 300
3 92 73 83 1 0 18 0.02 0.0 M 3.3 13 150 M M 2 13 17 140
4 94 74 84 2 0 19 T 0.0 M 2.6 10 270 M M 1 13 14 320
5 91 73 82 0 0 17 0.34 0.0 M 3.7 20 350 M M 2 13 27 340
6 95 72 84 2 0 19 0.00 0.0 M 3.9 17 320 M M 1 13 24 330
7 93 73 83 1 0 18 T 0.0 M 5.3 20 270 M M 1 3 28 260
8 95 71 83 1 0 18 0.00 0.0 M 5.8 13 280 M M 3 12 18 280
9 92 73 83 1 0 18 0.00 0.0 M 8.3 15 320 M M 2 20 270
10 85 72 79 -3 0 14 0.05 0.0 M 4.1 18 20 M M 7 1 26 360
11 93 68 81 -1 0 16 0.00 0.0 M 1.7 14 230 M M 2 1 20 210
12 95 71 83 1 0 18 0.00 0.0 M 2.2 10 240 M M 2 12 14 230
13 94 73 84 2 0 19 0.00 0.0 M 4.2 16 240 M M 1 1 22 230
14 92 75 84 1 0 19 0.00 0.0 M 4.1 9 260 M M 5 14 240
15 96 78 87 4 0 22 0.01 0.0 M 5.9 25 250 M M 5 3 33 260
16 97 75 86 3 0 21 0.00 0.0 M 6.6 17 270 M M 1 1 22 260
17 94 71 83 0 0 18 0.00 0.0 M 4.9 14 330 M M 0 1 19 320
18 97 68 83 0 0 18 0.00 0.0 M 4.5 12 270 M M 0 18 17 310
19 97 74 86 3 0 21 0.00 0.0 M 5.8 21 330 M M 1 138 26 330
20 99 72 86 3 0 21 0.00 0.0 M 5.9 36 20 M M 1 18 43 20
21 99 72 86 3 0 21 0.01 0.0 M 6.4 18 320 M M 2 3 28 310
22 88 73 81 -2 0 16 0.04 0.0 M 6.7 17 310 M M 1 3 26 320
23 88 74 81 -2 0 16 0.00 0.0 M 5.6 13 190 M M 5 19 210
24 96 68 82 -1 0 17 0.00 0.0 M 2.3 14 30 M M 2 12 17 50
25 98 69 84 1 0 19 0.00 0.0 M 2.7 12 270 M M 2 1 16 260
26 98 68 83 0 0 18 0.04 0.0 M 2.4 18 300 M M 2 138 25 300
27 99 71 85 2 0 20 0.00 0.0 M 3.6 14 130 M M 1 20 150
28 94 72 83 0 0 18 0.00 0.0 M 3.8 16 330 M M 2 3 22 340
29 89 75 82 -1 0 17 0.42 0.0 M 2.4 9 270 M M 3 13 12 270
30 97 74 86 3 0 21 0.53 0.0 M 4.1 29 180 M M 1 138 44 160
31 97 71 84 1 0 19 0.00 0.0 M 2.7 10 300 M M 2 38 13 300
================================================================================
SM 2929 2238 0 577 1.82 0.0 133.4 M 65
================================================================================
AV 94.5 72.2 4.3 FASTST M M 2 MAX(MPH)
MISC ----> 36 20 44 160
================================================================================
NOTES:
# LAST OF SEVERAL OCCURRENCES
COLUMN 17 PEAK WIND IN M.P.H.
PRELIMINARY LOCAL CLIMATOLOGICAL DATA (WS FORM: F-6) , PAGE 2
STATION: MACON
MONTH: JULY
YEAR: 2023
LATITUDE: 32 42 N
LONGITUDE: 83 39 W
[TEMPERATURE DATA] [PRECIPITATION DATA] SYMBOLS USED IN COLUMN 16
AVERAGE MONTHLY: 83.3 TOTAL FOR MONTH: 1.82 1 = FOG OR MIST
DPTR FM NORMAL: 0.8 DPTR FM NORMAL: -2.97 2 = FOG REDUCING VISIBILITY
HIGHEST: 99 ON 27,21 GRTST 24HR 0.53 ON 30-30 TO 1/4 MILE OR LESS
LOWEST: 68 ON 26,24 3 = THUNDER
SNOW, ICE PELLETS, HAIL 4 = ICE PELLETS
TOTAL MONTH: 0.0 INCH 5 = HAIL
GRTST 24HR 0.0 6 = FREEZING RAIN OR DRIZZLE
GRTST DEPTH: M ON M 7 = DUSTSTORM OR SANDSTORM:
VSBY 1/2 MILE OR LESS
8 = SMOKE OR HAZE
[NO. OF DAYS WITH] [WEATHER - DAYS WITH] 9 = BLOWING SNOW
X = TORNADO
MAX 32 OR BELOW: 0 0.01 INCH OR MORE: 10
MAX 90 OR ABOVE: 27 0.10 INCH OR MORE: 4
MIN 32 OR BELOW: 0 0.50 INCH OR MORE: 1
MIN 0 OR BELOW: 0 1.00 INCH OR MORE: 0
[HDD (BASE 65) ]
TOTAL THIS MO. 0 CLEAR (SCALE 0-3) 25
DPTR FM NORMAL 0 PTCLDY (SCALE 4-7) 6
TOTAL FM JUL 1 0 CLOUDY (SCALE 8-10) 0
DPTR FM NORMAL 0
[CDD (BASE 65) ]
TOTAL THIS MO. 577
DPTR FM NORMAL 35 [PRESSURE DATA]
TOTAL FM JAN 1 1319 HIGHEST SLP 30.14 ON 25
DPTR FM NORMAL -23 LOWEST SLP 29.79 ON 8
[REMARKS]
#FINAL-07-23#